049
CXUS54 KOUN 011301
CLMOKC

CLIMATE REPORT
NATIONAL WEATHER SERVICE NORMAN OK
650 AM CST MON FEB 1 2016

...................................

...THE OKLAHOMA CITY CLIMATE SUMMARY FOR THE MONTH OF JANUARY 2016...

CLIMATE NORMAL PERIOD 1981 TO 2010
CLIMATE RECORD PERIOD 1890 TO 2016

WEATHER         OBSERVED          NORMAL  DEPART  LAST YEAR`S
                 VALUE   DATE(S)  VALUE   FROM    VALUE
                                          NORMAL
.............................................................
TEMPERATURE (F)
RECORD
 HIGH              83   01/31/1911
 LOW              -11   01/19/1892
HIGHEST            76                70       6       79
LOWEST             16                 8       8       11
AVG. MAXIMUM     49.9              49.7     0.2     51.4
AVG. MINIMUM     28.1              28.8    -0.7     29.5
MEAN             39.0              39.2    -0.2     40.4
DAYS MAX >= 90      0               0.0     0.0        0
DAYS MAX <= 32      2               2.7    -0.7        1
DAYS MIN <= 32     23              19.8     3.2       20
DAYS MIN <= 0       0               0.0     0.0        0

PRECIPITATION (INCHES)
RECORD
 MAXIMUM         5.64   1949
 MINIMUM         0.00   1986
TOTALS           0.11              1.39   -1.28     1.80
DAILY AVG.       0.00              0.04   -0.04     0.06
DAYS >= .01         3               5.1    -2.1        6
DAYS >= .10         0               2.6    -2.6        5
DAYS >= .50         0               0.9    -0.9        1
DAYS >= 1.00        0               0.3    -0.3        0
GREATEST
 24 HR. TOTAL    0.06   01/09 TO 01/09

SNOWFALL (INCHES)
TOTALS            0.6               2.8    -2.2
SINCE 7/1         1.2               5.3    -4.1

DEGREE_DAYS
HEATING TOTAL     798               798       0      755
 SINCE 7/1       1888              2153    -265     2059
..............................................................

WIND (MPH)
AVERAGE WIND SPEED              11.1
HIGHEST WIND SPEED/DIRECTION    33/210    DATE  01/29
HIGHEST GUST SPEED/DIRECTION    43/190    DATE  01/30


WEATHER CONDITIONS. NUMBER OF DAYS WITH
THUNDERSTORM              0     MIXED PRECIP               0
HEAVY RAIN                0     RAIN                       1
LIGHT RAIN                6     FREEZING RAIN              0
LT FREEZING RAIN          0     HAIL                       0
HEAVY SNOW                0     SNOW                       0
LIGHT SNOW                1     SLEET                      2
FOG                      11     FOG W/VIS <= 1/4 MILE      2
HAZE                      2

-  INDICATES NEGATIVE NUMBERS.
R  INDICATES RECORD WAS SET OR TIED.
MM INDICATES DATA IS MISSING.
T  INDICATES TRACE AMOUNT.
...............................................................
RECORDS/REMARKS
RECORD MAX TEMPERATURE OF 76 DEGREES TIED JANUARY 16TH.
NEW RECORD MAX TEMPERATURE OF 76 DEGREES SET ON JANUARY 30TH.
12TH DRIEST JANUARY ON RECORD.
THE TOTAL PRECIPITATION FOR 2016 IS 0.11 INCHES.

$$
