000
CXUS54 KOUN 022017 CCA
CLMOKC

CLIMATE REPORT
NATIONAL WEATHER SERVICE NORMAN OK                                   315
315 PM CDT TUE AUG 2 2016

...................................

...THE OKLAHOMA CITY CLIMATE SUMMARY FOR THE MONTH OF JULY 2016...

CLIMATE NORMAL PERIOD 1981 TO 2010
CLIMATE RECORD PERIOD 1890 TO 2016

WEATHER         OBSERVED          NORMAL  DEPART  LAST YEAR`S
                 VALUE   DATE(S)  VALUE   FROM    VALUE
                                          NORMAL
.............................................................
TEMPERATURE (F)
RECORD
 HIGH             110   07/09/2011
                        07/06/1996

 LOW               53   07/31/1971
HIGHEST           100   07/22,22,24 101      -1       98
LOWEST             67   07/29        62       5       64
AVG. MAXIMUM     94.1              93.9     0.2     91.9
AVG. MINIMUM     72.4              72.2     0.2     71.3
MEAN             83.2              83.0     0.2     81.6
DAYS MAX >= 90     27              23.4     3.6       24
DAYS MAX <= 32      0               0.0     0.0        0
DAYS MIN <= 32      0               0.0     0.0        0
DAYS MIN <= 0       0               0.0     0.0        0

PRECIPITATION (INCHES)
RECORD
 MAXIMUM        11.90   1996
 MINIMUM            T   1983
TOTALS           3.65              2.93    0.72     7.31
DAILY AVG.       0.12              0.09    0.03     0.24
DAYS >= .01         7               5.7     1.3       10
DAYS >= .10         6               4.1     1.9        7
DAYS >= .50         3               1.9     1.1        5
DAYS >= 1.00        1               1.0     0.0        3
GREATEST
 24 HR. TOTAL    1.45   07/25 TO 07/26

DEGREE_DAYS
COOLING TOTAL     573               559      14      519
 SINCE 1/1       1195              1199      -4     1123
..............................................................

WIND (MPH)
AVERAGE WIND SPEED              10.7
HIGHEST WIND SPEED/DIRECTION    40/310    DATE  07/27
HIGHEST GUST SPEED/DIRECTION    52/360    DATE  07/29


WEATHER CONDITIONS. NUMBER OF DAYS WITH
THUNDERSTORM              0     MIXED PRECIP               0
HEAVY RAIN                6     RAIN                       4
LIGHT RAIN               12     FREEZING RAIN              0
LT FREEZING RAIN          0     HAIL                       0
HEAVY SNOW                0     SNOW                       0
LIGHT SNOW                0     SLEET                      0
FOG                       9     FOG W/VIS <= 1/4 MILE      0
HAZE                      1

-  INDICATES NEGATIVE NUMBERS.
R  INDICATES RECORD WAS SET OR TIED.
MM INDICATES DATA IS MISSING.
T  INDICATES TRACE AMOUNT.

...............................................................
RECORDS/REMARKS

THE JANUARY THROUGH JULY 2016 TOTAL PRECIPITATION IS 19.36 INCHES.

$$
