984
CXAK59 PAFG 022223
CLMOME


CLIMATE REPORT
NATIONAL WEATHER SERVICE FAIRBANKS, AK
119 PM AKST THU MAR 2 2017

...................................

...THE NOME AK CLIMATE SUMMARY FOR THE MONTH OF FEBRUARY 2017...

CLIMATE NORMAL PERIOD 1981 TO 2010
CLIMATE RECORD PERIOD 1906 TO 2017

WEATHER         OBSERVED          NORMAL  DEPART  LAST YEAR`S
                 VALUE   DATE(S)  VALUE   FROM    VALUE  DATE(S)
                                          NORMAL
................................................................
TEMPERATURE (F)
RECORD
 HIGH              48   02/13/1986
 LOW              -42   02/08/1978
                        02/07/1978
                        02/28/1971
HIGHEST            33   02/25        MM      MM       37  02/26
LOWEST            -29   02/19        MM      MM      -15  02/13
                                                          02/15
AVG. MAXIMUM     10.3              15.4    -5.1     20.8
AVG. MINIMUM     -5.8              -0.5    -5.3      6.3
MEAN              2.3               7.4    -5.1     13.5
DAYS MAX >= 90      0               0.0     0.0        0
DAYS MAX <= 32     27              24.3     2.7       18
DAYS MIN <= 32     28              27.6     0.4       19
DAYS MIN <= 0      21              14.4     6.6        7

PRECIPITATION (INCHES)
RECORD
 MAXIMUM         4.44   1920
 MINIMUM            T   1979
                        1972
                        1961
TOTALS           1.03              0.93    0.10     0.50
DAILY AVG.       0.04              0.03    0.01     0.01
DAYS >= .01         5               9.5    -4.5        4
DAYS >= .10         3               3.5    -0.5        1
DAYS >= .50         1               0.1     0.9        0
DAYS >= 1.00        0               0.0     0.0        0
GREATEST
 24 HR. TOTAL    0.77   02/22 TO 02/23           02/06 TO 02/07
                                                          02/11 TO 02/11
                                                          02/11 TO 02/11

SNOWFALL (INCHES)
RECORDS
 TOTAL           58.1   1931
 24 HR TOTAL       MM
 SNOW DEPTH        67   02/28/1949
                        02/27/1949
                        02/26/1949
TOTALS           17.2              12.2     5.0      7.6
SINCE 7/1        52.2              56.7    -4.5      0.0
SNOWDEPTH AVG.     25                18       7        0
DAYS >= TRACE      12               9.8     2.2        8
DAYS >= 1.0         3               4.2    -1.2        3
GREATEST
 SNOW DEPTH        38   02/28                          0  MM
                        02/27
                        02/26
 24 HR TOTAL     10.1   MM                       02/11 TO 02/11
                                                          02/11 TO 02/11
                                                          02/11 TO 02/11

DEGREE_DAYS
HEATING TOTAL    1751              1611     140      973
 SINCE 7/1       8795              9279    -484      973
COOLING TOTAL       0                 0       0        0
 SINCE 1/1          0                 0       0        0
..................................................

WIND (MPH)
AVERAGE WIND SPEED              8.5
HIGHEST WIND SPEED/DIRECTION    43/010    DATE  02/14
HIGHEST GUST SPEED/DIRECTION    52/360    DATE  02/14

SKY COVER
AVERAGE SKY COVER           0.40


WEATHER CONDITIONS. NUMBER OF DAYS WITH
THUNDERSTORM              0     MIXED PRECIP               0
HEAVY RAIN                0     RAIN                       0
LIGHT RAIN                0     FREEZING RAIN              1
LT FREEZING RAIN          1     HAIL                       0
HEAVY SNOW                1     SNOW                       3
LIGHT SNOW               11     SLEET                      0
FOG                      13     FOG W/VIS <= 1/4 MILE      2
HAZE                      8

-  INDICATES NEGATIVE NUMBERS.
R  INDICATES RECORD WAS SET OR TIED.
MM INDICATES DATA IS MISSING.
T  INDICATES TRACE AMOUNT.

$$
