000
CXUS56 KOTX 011224
CLMOMK


CLIMATE REPORT
NATIONAL WEATHER SERVICE SPOKANE, WA
507 AM PDT MON SEP 1 2014

...................................

...THE OMAK WA AIRPORT CLIMATE SUMMARY FOR THE MONTH OF AUGUST 2014...

CLIMATE NORMAL PERIOD 1981 TO 2010
CLIMATE RECORD PERIOD 9999 TO 9999

WEATHER         OBSERVED          NORMAL  DEPART  LAST YEAR`S
                 VALUE   DATE(S)  VALUE   FROM    VALUE  DATE(S)
                                          NORMAL
................................................................
TEMPERATURE (F)
RECORD
 HIGH             106   08/01/2009
                        08/17/2008
                        08/05/1998
 LOW               34   08/30/1965
HIGHEST           101   08/05        MM      MM       98  08/09
                        08/04
LOWEST             47   08/30        MM      MM       52  08/30
                                                          08/27
                                                          08/19
AVG. MAXIMUM     89.7              87.9     1.8     87.4
AVG. MINIMUM     60.7              56.9     3.8     58.2
MEAN             75.2              72.4     2.8     72.8
DAYS MAX >= 90     17              12.9     4.1       10
DAYS MAX <= 32      0               0.0     0.0        0
DAYS MIN <= 32      0               0.0     0.0        0
DAYS MIN <= 0       0               0.0     0.0        0

PRECIPITATION (INCHES)
RECORD
 MAXIMUM         2.88   1951
 MINIMUM            T   2012
                        2011
                        1969
TOTALS           0.85              0.46    0.39     1.32
DAILY AVG.       0.03              0.01    0.02     0.04
DAYS >= .01         6                MM      MM        5
DAYS >= .10         3                MM      MM        3
DAYS >= .50         0                MM      MM        1
DAYS >= 1.00        0                MM      MM        0
GREATEST
 24 HR. TOTAL    0.34   08/14 TO 08/15               08/10

SNOWFALL (INCHES)
RECORDS
 TOTAL             MM
TOTALS             MM                MM      MM       MM
SINCE 7/1          MM                MM      MM       MM
SNOWDEPTH AVG.     MM                MM      MM       MM
DAYS >= 1.0        MM                MM      MM       MM
GREATEST
 SNOW DEPTH        MM                                 MM  MM
 24 HR TOTAL       MM                                 MM

DEGREE_DAYS
HEATING TOTAL       3                16     -13        0
 SINCE 7/1          5                31     -26        0
COOLING TOTAL     328               245      83      250
 SINCE 1/1        824               606     218      686
..................................................

WIND (MPH)
AVERAGE WIND SPEED              7.5
HIGHEST WIND SPEED/DIRECTION    33/150    DATE  08/12
HIGHEST GUST SPEED/DIRECTION    43/140    DATE  08/12

SKY COVER
POSSIBLE SUNSHINE (PERCENT)   MM
AVERAGE SKY COVER           0.20
NUMBER OF DAYS FAIR           22
NUMBER OF DAYS PC              9
NUMBER OF DAYS CLOUDY          0

AVERAGE RH (PERCENT)     44

WEATHER CONDITIONS. NUMBER OF DAYS WITH
THUNDERSTORM              0     MIXED PRECIP               0
HEAVY RAIN                2     RAIN                       2
LIGHT RAIN               10     FREEZING RAIN              0
LT FREEZING RAIN          0     HAIL                       0
HEAVY SNOW                0     SNOW                       0
LIGHT SNOW                0     SLEET                      0
FOG                       3     FOG W/VIS <= 1/4 MILE      0
HAZE                      6

-  INDICATES NEGATIVE NUMBERS.
R  INDICATES RECORD WAS SET OR TIED.
MM INDICATES DATA IS MISSING.
T  INDICATES TRACE AMOUNT.

$$
