580
CXAK59 PAFG 020115
CLMOTZ


CLIMATE REPORT
NATIONAL WEATHER SERVICE FAIRBANKS, AK
409 PM AKST THU DEC 1 2016

...................................

...THE KOTZEBUE AK CLIMATE SUMMARY FOR THE MONTH OF NOVEMBER 2016...

CLIMATE NORMAL PERIOD 1981 TO 2010
CLIMATE RECORD PERIOD 1920 TO 2016

WEATHER         OBSERVED          NORMAL  DEPART  LAST YEAR`S
                 VALUE   DATE(S)  VALUE   FROM    VALUE  DATE(S)
                                          NORMAL
................................................................
TEMPERATURE (F)
RECORD
 HIGH              40   11/05/2003
 LOW              -37   11/24/1935
HIGHEST            38   11/01        MM      MM       47  11/29
LOWEST            -17   11/30        MM      MM      -23  11/18
AVG. MAXIMUM     15.3              14.2     1.1     23.7
AVG. MINIMUM      8.2               4.0     4.2      9.9
MEAN             11.8               9.1     2.7     16.8
DAYS MAX >= 90      0               0.0     0.0        0
DAYS MAX <= 32     28              28.2    -0.2       17
DAYS MIN <= 32     30              29.8     0.2       28
DAYS MIN <= 0      10              12.6    -2.6        9

PRECIPITATION (INCHES)
RECORD
 MAXIMUM         2.22   1990
 MINIMUM            T   1939
                        1934
                        1929
TOTALS           0.10              0.77   -0.67     1.32
DAILY AVG.       0.00              0.03   -0.03     0.04
DAYS >= .01         5               9.8    -4.8       13
DAYS >= .10         0               2.7    -2.7        5
DAYS >= .50         0               0.1    -0.1        0
DAYS >= 1.00        0               0.0     0.0        0
GREATEST
 24 HR. TOTAL    0.06   11/14 TO 11/15           11/08 TO 11/08
                                                          11/08 TO 11/08
                                                          11/08 TO 11/08

SNOWFALL (INCHES)
RECORDS
 TOTAL           45.6   2003
 24 HR TOTAL       MM
 SNOW DEPTH        22   11/30/1993
                        11/29/1993
                        11/28/1993
TOTALS            2.8              10.5    -7.7      7.5
SINCE 7/1         5.6              17.4   -11.8     13.4
SNOWDEPTH AVG.      2                 6      -4        4
DAYS >= TRACE      11              10.3     0.7        7
DAYS >= 1.0         0               3.5    -3.5        3
GREATEST
 SNOW DEPTH         3   11/30                         14  11/26
                        11/29
                        11/28
 24 HR TOTAL      0.9   MM                       11/08 TO 11/08
                                                          11/08 TO 11/08
                                                          11/08 TO 11/08

DEGREE_DAYS
HEATING TOTAL    1591              1677     -86     1344
 SINCE 7/1       3613              4358    -745     3719
COOLING TOTAL       0                 0       0        0
 SINCE 1/1          5                 5       0       16
.........................................................

WIND (MPH)
AVERAGE WIND SPEED              11.0
HIGHEST WIND SPEED/DIRECTION    36/290    DATE  11/15
HIGHEST GUST SPEED/DIRECTION    49/110    DATE  11/16

SKY COVER
AVERAGE SKY COVER           0.40


WEATHER CONDITIONS. NUMBER OF DAYS WITH
THUNDERSTORM              0     MIXED PRECIP               0
HEAVY RAIN                0     RAIN                       0
LIGHT RAIN                0     FREEZING RAIN              0
LT FREEZING RAIN          1     HAIL                       0
HEAVY SNOW                0     SNOW                       1
LIGHT SNOW                9     SLEET                      0
FOG                       6     FOG W/VIS <= 1/4 MILE      0
HAZE                      7

-  INDICATES NEGATIVE NUMBERS.
R  INDICATES RECORD WAS SET OR TIED.
MM INDICATES DATA IS MISSING.
T  INDICATES TRACE AMOUNT.

$$
