000
CXUS54 KLZK 011815
CLMPBF

CLIMATE REPORT
NATIONAL WEATHER SERVICE LITTLE ROCK AR
115 PM CDT SAT AUG 1 2015

...................................

...THE PINE BLUFF CLIMATE SUMMARY FOR THE MONTH OF JULY 2015...

CLIMATE NORMAL PERIOD 1981 TO 2010
CLIMATE RECORD PERIOD 1883 TO 2015

WEATHER         OBSERVED          NORMAL  DEPART  LAST YEAR`S
                 VALUE   DATE(S)  VALUE   FROM    VALUE  DATE(S)
                                          NORMAL
................................................................
TEMPERATURE (F)
RECORD
 HIGH             110   07/24/1924
                        07/23/1924
 LOW               56   07/07/1972
                        07/15/1967
                        07/23/1946
HIGHEST           100   07/29        92       8       96  07/14
LOWEST             67   07/06        72      -5       60  07/25
                                                          07/16
                                                          07/04
AVG. MAXIMUM     93.0              92.2     0.8     85.6
AVG. MINIMUM     74.2              71.9     2.3     67.3
MEAN             83.6              82.0     1.6     76.4
DAYS MAX >= 90     28              21.6     6.4        9
DAYS MAX <= 32      0               0.0     0.0        0
DAYS MIN <= 32      0               0.0     0.0        0
DAYS MIN <= 0       0               0.0     0.0        0

PRECIPITATION (INCHES)
RECORD
 MAXIMUM        14.16   1936
 MINIMUM         0.00   1886
TOTALS           2.61              3.93   -1.32     2.03
DAILY AVG.       0.08              0.13   -0.05     0.07
DAYS >= .01         4               9.4    -5.4       10
DAYS >= .10         4                                  7
DAYS >= .50         2                                  1
DAYS >= 1.00        1               1.2    -0.2        0
GREATEST
 24 HR. TOTAL    1.80   07/03 TO 07/04
 STORM TOTAL       MM
 (MM/DD(HH))            MM

SNOWFALL (INCHES)
RECORDS
 TOTAL             MM   MM
 24 HR TOTAL       MM
 SNOW DEPTH        MM   MM
TOTALS            0.0               0.0     0.0      0.0
 LIQUID EQUIV    0.00              0.00    0.00     0.00
SINCE 7/1         0.0               0.0     0.0      0.0
 LIQUID 7/1      0.00              0.00    0.00     0.00
SNOWDEPTH AVG.      0
DAYS >= TRACE       0               0.0     0.0        0
DAYS >= 1.0         0                                  0
GREATEST
 SNOW DEPTH         0   MM
 24 HR TOTAL      0.0   07/31 TO 07/31           07/31 TO 07/31
                                                          07/31 TO 07/31
                                                          07/31 TO 07/31

DEGREE_DAYS
HEATING TOTAL       0                 0       0        1
 SINCE 7/1          0                 0       0        1
COOLING TOTAL     584               528      56      361
 SINCE 1/1       1369              1257     112     1042

FREEZE DATES
RECORD
 EARLIEST     10/10/2000
 LATEST       04/25/1910
EARLIEST                        11/12
LATEST                          03/16
..................................................

WIND (MPH)
AVERAGE WIND SPEED              6.3
HIGHEST WIND SPEED/DIRECTION    30/030    DATE  07/15
HIGHEST GUST SPEED/DIRECTION    39/040    DATE  07/15

SKY COVER
POSSIBLE SUNSHINE (PERCENT)   MM
AVERAGE SKY COVER           0.10
NUMBER OF DAYS FAIR           29
NUMBER OF DAYS PC              1
NUMBER OF DAYS CLOUDY          1

AVERAGE RH (PERCENT)     73

WEATHER CONDITIONS. NUMBER OF DAYS WITH
THUNDERSTORM              0     MIXED PRECIP               0
HEAVY RAIN                4     RAIN                       2
LIGHT RAIN                8     FREEZING RAIN              0
LT FREEZING RAIN          0     HAIL                       0
HEAVY SNOW                0     SNOW                       0
LIGHT SNOW                0     SLEET                      0
FOG                       5     FOG W/VIS <= 1/4 MILE      0
HAZE                      3

-  INDICATES NEGATIVE NUMBERS.
R  INDICATES RECORD WAS SET OR TIED.
MM INDICATES DATA IS MISSING.
T  INDICATES TRACE AMOUNT.

$$

...DATA FOR PINE BLUFF FOR JULY 2015...

.SUMMARY...

EVEN THOUGH HIGH PRESSURE KEPT DAILY TEMPERATURES ABOVE NORMAL
DURING MOST OF JULY...PINE BLUFF ONLY RECORD ONLY ONE DAY OFF TRIPLE
DIGIT TEMPERATURES WHEN A HIGH OF 100 DEGREES WAS RECORDED ON THE
29TH.

MEANWHILE...WELL BELOW NORMAL PRECIPITATION WAS NOTED...WITH THE
ONLY MEASURABLE PRECIPITATION FALLING DURING THE LAST 26 DAYS OF
MONTH OCCURRING ON THE 21ST WHEN 0.26" WAS RECORDED.

.MONTHLY TEMPERATURES...

THE AVERAGE HIGH AND THE AVERAGE MONTHLY TEMPERATURES WERE THE
WARMEST SINCE JULY 2012. THE AVERAGE MONTHLY LOW TEMPERATURE WAS THE
WARMEST SINCE JULY 2011.

.TEMPERATURE RECORDS TIED OR BROKEN DURING THE MONTH...

THE AVERAGE MONTHLY LOW TEMPERATURE FOR JULY 2015 WAS THE 9TH
WARMEST FOR ANY JULY ON RECORD.

A LOWEST MAXIMUM TEMPERATURE WAS SET ON THE 3RD WHICH HAD A HIGH OF
ONLY 80 DEGREES. THIS TIED THE RECORD SET IN 1922 AND 1940.

.DAILY RAINFALL RECORDS TIED OR BROKEN...

NONE.

$$

224
