000
CXUS51 KPHI 031236 CCA
CLMPHL

CLIMATE REPORT
NATIONAL WEATHER SERVICE MOUNT HOLLY NJ
723 AM EST TUE MAR 3 2015

...................................

...THE PHILADELPHIA CLIMATE SUMMARY FOR THE MONTH OF FEBRUARY 2015...

CLIMATE NORMAL PERIOD 1981 TO 2010
CLIMATE RECORD PERIOD 1872 TO 2015

WEATHER         OBSERVED          NORMAL  DEPART  LAST YEAR`S
                 VALUE   DATE(S)  VALUE   FROM    VALUE  DATE(S)
                                          NORMAL
................................................................
TEMPERATURE (F)
RECORD
 HIGH              79   02/25/1930
 LOW              -11   02/09/1934
HIGHEST            51                62     -11       63
LOWEST              2                11      -9       10
AVG. MAXIMUM     34.1              43.8    -9.7     39.4
AVG. MINIMUM     17.5              27.7   -10.2     24.9
MEAN             25.8              35.7    -9.9     32.1
DAYS MAX >= 90      0               0.0     0.0        0
DAYS MAX <= 32     14               3.1    10.9        8
DAYS MIN <= 32     26              20.0     6.0       26
DAYS MIN <= 0       0               0.0     0.0        0

PRECIPITATION (INCHES)
RECORD
 MAXIMUM         6.87   1896
 MINIMUM         0.55   2002
TOTALS           2.36              2.65   -0.29     5.12
DAILY AVG.       0.08              0.09   -0.01     0.18
DAYS >= .01         8               9.4    -1.4       12
DAYS >= .10         4               5.3    -1.3        9
DAYS >= .50         2               2.0     0.0        3
DAYS >= 1.00        0               0.4    -0.4        3
GREATEST
 24 HR. TOTAL    1.04   02/21 TO 02/22              1.44

SNOWFALL (INCHES)
RECORDS
 TOTAL             MM   5
 24 HR TOTAL       MM
TOTALS           10.6               8.8     1.8     22.4
SINCE 7/1        15.0              19.0    -4.0     59.5
SNOWDEPTH AVG.      1                 3      -2        3
DAYS >= 1.0         3               1.8     1.2        5
GREATEST
 SNOW DEPTH         4   02/22                         10  02/14
                        02/17
 24 HR TOTAL      4.8   MM                          10.4

DEGREE_DAYS
HEATING TOTAL    1093               819     274      912
 SINCE 7/1       3653              3482     171     3656
COOLING TOTAL       0                 0       0        0
 SINCE 1/1          0                 0       0        0
.................................................................

WIND (MPH)
AVERAGE WIND SPEED              10.6
HIGHEST WIND SPEED/DIRECTION    39/310    DATE  02/14
HIGHEST GUST SPEED/DIRECTION    54/310    DATE  02/15

SKY COVER
POSSIBLE SUNSHINE (PERCENT)   MM
AVERAGE SKY COVER           0.60
NUMBER OF DAYS FAIR            4
NUMBER OF DAYS PC             18
NUMBER OF DAYS CLOUDY          6

AVERAGE RH (PERCENT)     55

WEATHER CONDITIONS. NUMBER OF DAYS WITH
THUNDERSTORM              0     MIXED PRECIP               0
HEAVY RAIN                0     RAIN                       1
LIGHT RAIN                3     FREEZING RAIN              0
LT FREEZING RAIN          3     HEAVY SNOW                 1
SNOW                      3     LIGHT SNOW                14
SLEET                     1     FOG                        7
FOG W/VIS <= 1/4 MILE     1     HAZE                       2

-  INDICATES NEGATIVE NUMBERS.
R  INDICATES RECORD WAS SET OR TIED.
MM INDICATES DATA IS MISSING.
T  INDICATES TRACE AMOUNT.

$$
