000
CXUS53 KUNR 011601
CLMPHP


CLIMATE REPORT
NATIONAL WEATHER SERVICE RAPID CITY SD
1001 AM MDT MON JUN 1 2015

...................................

...THE PHILIP SD CLIMATE SUMMARY FOR THE MONTH OF MAY 2015...

CLIMATE NORMAL PERIOD 1981 TO 2010
CLIMATE RECORD PERIOD 9999 TO 9999

WEATHER         OBSERVED          NORMAL  DEPART  LAST YEAR`S
                 VALUE   DATE(S)  VALUE   FROM    VALUE  DATE(S)
                                          NORMAL
................................................................
TEMPERATURE (F)
HIGHEST            90   05/02                         91  05/29
LOWEST             31   05/19                         25  05/15
                        05/12
AVG. MAXIMUM     66.8              70.4    -3.6     68.8
AVG. MINIMUM     42.6              43.9    -1.3     43.6
MEAN             54.7              57.2    -2.5     56.2
DAYS MAX >= 90      1                                  1
DAYS MAX <= 32      0                                  0
DAYS MIN <= 32      2                                  6
DAYS MIN <= 0       0                                  0

PRECIPITATION (INCHES)
TOTALS           6.44              3.03    3.41     2.38
DAILY AVG.       0.21              0.10    0.11     0.08
DAYS >= .01        13                                  8
DAYS >= .10         8                                  4
DAYS >= .50         6                                  1
DAYS >= 1.00        2                                  1
GREATEST
 24 HR. TOTAL    1.80   05/06 TO 05/06              1.53

DEGREE_DAYS
HEATING TOTAL     303               267      36      305
 SINCE 7/1       6674              7134    -460     7467
COOLING TOTAL       3                24     -21       40
 SINCE 1/1          6                27     -21       40
.................................................................

WIND (MPH)
AVERAGE WIND SPEED              10.8
HIGHEST WIND SPEED/DIRECTION    38/310    DATE  05/17
HIGHEST GUST SPEED/DIRECTION    47/300    DATE  05/17

AVERAGE RH (PERCENT)     69

WEATHER CONDITIONS. NUMBER OF DAYS WITH
THUNDERSTORM              0     MIXED PRECIP               0
HEAVY RAIN                4     RAIN                       7
LIGHT RAIN               20     FREEZING RAIN              0
LT FREEZING RAIN          0     HAIL                       0
HEAVY SNOW                0     SNOW                       2
LIGHT SNOW                2     SLEET                      0
FOG                      13     FOG W/VIS <= 1/4 MILE      1
HAZE                      0

-  INDICATES NEGATIVE NUMBERS.
R  INDICATES RECORD WAS SET OR TIED.
MM INDICATES DATA IS MISSING.
T  INDICATES TRACE AMOUNT.

$$
