000
CXUS55 KPSR 061627 CCA
CLMPHX

CLIMATE REPORT
NATIONAL WEATHER SERVICE PHOENIX AZ
626 AM MST THU DEC 1 2016

...................................

...THE PHOENIX AZ CLIMATE SUMMARY FOR THE MONTH OF NOVEMBER 2016...

CLIMATE NORMAL PERIOD 1981 TO 2010
CLIMATE RECORD PERIOD 1895 TO 2016

WEATHER         OBSERVED          NORMAL  DEPART
                 VALUE   DATE(S)  VALUE   FROM
                                          NORMAL
................................................
TEMPERATURE (F)
RECORD
 HIGH              96   11/03/2009
                        11/02/1924
                        11/01/1924
 LOW               27   11/23/1931
HIGHEST            90   11/08        88       2
LOWEST             41   11/30        41       0
AVG. MAXIMUM     77.9              75.5     2.4
AVG. MINIMUM     56.5              52.7     3.8
MEAN             67.2              64.1     3.1
DAYS MAX >= 90      1               0.9     0.1
DAYS MAX <= 32      0               0.0     0.0
DAYS MIN <= 32      0               0.0     0.0
DAYS MIN <= 0       0               0.0     0.0

PRECIPITATION (INCHES)
RECORD
 MAXIMUM         3.61   1905
 MINIMUM         0.00   2014
                        2005
                        1999
TOTALS           0.68              0.65    0.03
DAYS >= .01         4               2.6     1.4
DAYS >= .10         2               1.4     0.6
DAYS >= .50         0               0.4    -0.4
DAYS >= 1.00        0               0.1    -0.1
GREATEST
 24 HR. TOTAL    0.35   11/03 TO 11/03

DEGREE_DAYS
HEATING TOTAL      58                97     -39
 SINCE 7/1         58               103     -45
COOLING TOTAL     133                70      63
 SINCE 1/1       5042              4606     436
.................................................

WIND (MPH)
AVERAGE WIND SPEED              5.9
HIGHEST GUST SPEED/DIRECTION    50/310    DATE  11/27

AVERAGE RH (PERCENT)     42

WEATHER CONDITIONS. NUMBER OF DAYS WITH
THUNDERSTORM              3     HEAVY RAIN                 1
RAIN                      2     LIGHT RAIN                 4
FOG W/VIS <= 1/4 MILE     0

-  INDICATES NEGATIVE NUMBERS.
R  INDICATES RECORD WAS SET OR TIED.
MM INDICATES DATA IS MISSING.
T  INDICATES TRACE AMOUNT.

$$
