000
CXUS53 KABR 011410
CLMPIR


CLIMATE REPORT
NATIONAL WEATHER SERVICE ABERDEEN SD
905 AM CDT SAT NOV 1 2014

...................................

...THE PIERRE SD CLIMATE SUMMARY FOR THE MONTH OF OCTOBER 2014...

CLIMATE NORMAL PERIOD 1981 TO 2010
CLIMATE RECORD PERIOD 1892 TO 2014

WEATHER         OBSERVED          NORMAL  DEPART  LAST YEAR`S
                 VALUE   DATE(S)  VALUE   FROM    VALUE  DATE(S)
                                          NORMAL
................................................................
TEMPERATURE (F)
RECORD
 HIGH              98   10/02/1997
                        10/06/1993
 LOW                4   10/31/1991
HIGHEST            86   10/15        MM      MM       75  10/07
LOWEST             14   10/31        MM      MM       25  10/24
AVG. MAXIMUM     65.7              61.0     4.7     54.7
AVG. MINIMUM     36.7              36.4     0.3     35.2
MEAN             51.2              48.7     2.5     45.0
DAYS MAX >= 90      0               0.4    -0.4        0
DAYS MAX <= 32      0               0.4    -0.4        1
DAYS MIN <= 32      8               8.9    -0.9       15
DAYS MIN <= 0       0               0.0     0.0        0

PRECIPITATION (INCHES)
RECORD
 MAXIMUM         5.69   2007
 MINIMUM            T   1964
                        1952
TOTALS           0.30              1.65   -1.35     4.76
DAYS >= .01         5               6.8    -1.8       11
DAYS >= .10         2               3.6    -1.6        7
DAYS >= .50         0               0.9    -0.9        2
DAYS >= 1.00        0               0.3    -0.3        2

SNOWFALL (INCHES)
RECORDS
 TOTAL            7.3   1970
 SNOW DEPTH         6   10/30/1943
TOTALS            0.0               1.0    -1.0      0.5
SINCE 7/1         0.0               1.0    -1.0      0.5
SNOWDEPTH AVG.      0                MM      MM        0
DAYS >= TRACE       0               0.7    -0.7        4
DAYS >= 1.0         0               0.4    -0.4        0
GREATEST
 SNOW DEPTH         0   MM                             1  10/29

DEGREE_DAYS
HEATING TOTAL     422               510     -88      613
 SINCE 7/1        577               681    -104      678
COOLING TOTAL       2                 5      -3        0
 SINCE 1/1        622               868    -246      853

FREEZE DATES
RECORD
 EARLIEST     MM
 LATEST       MM
EARLIEST                        MM
LATEST                          MM
.................................................................

WIND (MPH)
AVERAGE WIND SPEED              12.4
RESULTANT WIND SPEED/DIRECTION   3/307
HIGHEST WIND SPEED/DIRECTION    43/310    DATE  10/03
HIGHEST GUST SPEED/DIRECTION    51/310    DATE  10/03

SKY COVER
POSSIBLE SUNSHINE (PERCENT)   MM
AVERAGE SKY COVER           0.20
NUMBER OF DAYS FAIR           21
NUMBER OF DAYS PC             10
NUMBER OF DAYS CLOUDY          0

AVERAGE RH (PERCENT)     56

WEATHER CONDITIONS. NUMBER OF DAYS WITH
THUNDERSTORM              0     MIXED PRECIP               0
HEAVY RAIN                0     RAIN                       0
LIGHT RAIN               10     FREEZING RAIN              0
LT FREEZING RAIN          0     HAIL                       0
HEAVY SNOW                0     SNOW                       0
LIGHT SNOW                0     SLEET                      0
FOG                       5     FOG W/VIS <= 1/4 MILE      3
HAZE                      2

-  INDICATES NEGATIVE NUMBERS.
R  INDICATES RECORD WAS SET OR TIED.
MM INDICATES DATA IS MISSING.
T  INDICATES TRACE AMOUNT.

$$
