000
CXUS51 KPBZ 051831
CLMPIT


CLIMATE REPORT
NATIONAL WEATHER SERVICE PITTSBURGH PA
229 PM EDT WED JUL 5 2017

...................................

...THE PITTSBURGH PA CLIMATE SUMMARY FOR THE MONTH OF JUNE 2017...

CLIMATE NORMAL PERIOD 1981 TO 2010
CLIMATE RECORD PERIOD 1871 TO 2017

WEATHER         OBSERVED          NORMAL  DEPART  LAST YEAR`S
                 VALUE   DATE(S)  VALUE   FROM    VALUE  DATE(S)
                                          NORMAL
................................................................
TEMPERATURE (F)
RECORD
 HIGH              98   06/25/1988
                        06/22/1988
                        06/04/1895
 LOW               33   06/14/2013
HIGHEST            91   06/13        MM      MM       92  06/26
LOWEST             49   06/28        MM      MM       49  06/09
                        06/09
AVG. MAXIMUM     79.5              79.1     0.4     81.6
AVG. MINIMUM     59.9              58.4     1.5     61.6
MEAN             69.7              68.7     1.0     71.6
DAYS MAX >= 90      1               1.0     0.0        2
DAYS MAX <= 32      0               0.0     0.0        0
DAYS MIN <= 32      0               0.0     0.0        0
DAYS MIN <= 0       0               0.0     0.0        0

PRECIPITATION (INCHES)
RECORD
 MAXIMUM        10.29   1989
 MINIMUM         0.61   1894
TOTALS           3.78              4.30   -0.52
DAILY AVG.       0.13              0.14   -0.01     0.10
DAYS >= .01        12              12.1    -0.1       11
DAYS >= .10         7               7.9    -0.9        6
DAYS >= .50         4               2.8     1.2        3
DAYS >= 1.00        0               1.0    -1.0        1
GREATEST
 24 HR. TOTAL    0.81   06/23 TO 06/23           06/16 TO 06/16
                                                          06/30 TO 06/30
                                                          06/30 TO 06/30

SNOWFALL (INCHES)
RECORDS
 TOTAL            0.0   MM
 24 HR TOTAL       MM
TOTALS            0.0               0.0     0.0      0.0
SINCE 7/1        32.0              41.9    -9.9     29.6
SNOWDEPTH AVG.      0                MM      MM        0
DAYS >= TRACE       0
DAYS >= 1.0         0               0.0     0.0        0
GREATEST
 24 HR TOTAL      0.0   06/30 TO 06/30               0.0

DEGREE_DAYS
HEATING TOTAL      26                38     -12       14
 SINCE 7/1       4648              5710   -1062     4684
COOLING TOTAL     174               150      24      220
 SINCE 1/1        248               202      46      290
.................................................

WIND (MPH)
AVERAGE WIND SPEED              6.9
HIGHEST WIND SPEED/DIRECTION    30/290    DATE  06/29
HIGHEST GUST SPEED/DIRECTION    38/290    DATE  06/29

AVERAGE RH (PERCENT)     69

WEATHER CONDITIONS. NUMBER OF DAYS WITH
THUNDERSTORM              0     MIXED PRECIP               0
HEAVY RAIN                4     RAIN                       4
LIGHT RAIN               18     FREEZING RAIN              0
LT FREEZING RAIN          0     HAIL                       0
HEAVY SNOW                0     SNOW                       0
LIGHT SNOW                0     SLEET                      0
FOG                      14     FOG W/VIS <= 1/4 MILE      1
HAZE                      2

-  INDICATES NEGATIVE NUMBERS.
R  INDICATES RECORD WAS SET OR TIED.
MM INDICATES DATA IS MISSING.
T  INDICATES TRACE AMOUNT.

$$
