000
CXUS46 KLOX 020138
CLMPRB


CLIMATE REPORT
NATIONAL WEATHER SERVICE LOS ANGELES/OXNARD CA
537 PM PST THU JAN 1 2015

...................................

...THE PASO ROBLES AIRPORT CA CLIMATE SUMMARY FOR THE YEAR OF 2014...

CLIMATE NORMAL PERIOD 1981 TO 2010
CLIMATE RECORD PERIOD 1948 TO 2014

WEATHER         OBSERVED          NORMAL  DEPART  LAST YEAR`S
                 VALUE   DATE(S)  VALUE   FROM    VALUE
                                          NORMAL
.............................................................
TEMPERATURE (F)
HIGHEST           107   08/01        77      30
                        07/31
LOWEST             26   02/01        44     -18
                        01/13
AVG. MAXIMUM     80.3              75.7     4.6
AVG. MINIMUM     47.0              43.7     3.3
MEAN             63.6              59.7     3.9
DAYS MAX >= 90    107
DAYS MAX <= 32      0
DAYS MIN <= 32     25
DAYS MIN <= 0       0

PRECIPITATION (INCHES)
RECORD
 MAXIMUM           MM   MM
 MINIMUM           MM   MM
TOTALS          10.18             12.78   -2.60
DAILY AVG.          T
DAYS >= .01        32
DAYS >= .10        18
DAYS >= .50         8
DAYS >= 1.00        2
GREATEST
 24 HR. TOTAL    2.29   MM
 STORM TOTAL       MM
 (MM/DD(HH))

DEGREE_DAYS
HEATING TOTAL    1750              2848   -1098     2484
 SINCE 7/1        668              1124    -456     1035
COOLING TOTAL    1357               926     431     1173
 SINCE 1/1       1357               927     430     1173
..............................................................

WIND (MPH)
AVERAGE WIND SPEED              6.1
HIGHEST WIND SPEED/DIRECTION    32/150    DATE  12/11
HIGHEST GUST SPEED/DIRECTION    41/340    DATE  05/10

SKY COVER
POSSIBLE SUNSHINE (PERCENT)   MM
AVERAGE SKY COVER           0.20
NUMBER OF DAYS FAIR          294
NUMBER OF DAYS PC             53
NUMBER OF DAYS CLOUDY         18

AVERAGE RH (PERCENT)     56

WEATHER CONDITIONS. NUMBER OF DAYS WITH
THUNDERSTORM              0     MIXED PRECIP               0
HEAVY RAIN                9     RAIN                      20
LIGHT RAIN               42     FREEZING RAIN              0
LT FREEZING RAIN          0     HAIL                       0
HEAVY SNOW                0     SNOW                       0
LIGHT SNOW                0     SLEET                      0
FOG                     103     FOG W/VIS <= 1/4 MILE     37
HAZE                     39

-  INDICATES NEGATIVE NUMBERS.
R  INDICATES RECORD WAS SET OR TIED.
MM INDICATES DATA IS MISSING.
T  INDICATES TRACE AMOUNT.

$$
