000
CXUS56 KSGX 011601
CLMPSP


CLIMATE REPORT
NATIONAL WEATHER SERVICE SAN DIEGO, CA
800 AM PST WED FEB 1 2017

...................................

...THE PALM SPRINGS INTL AIRPORT CA CLIMATE SUMMARY FOR THE MONTH OF JANUARY 2017...

CLIMATE NORMAL PERIOD 1981 TO 2010
CLIMATE RECORD PERIOD 1893 TO 2017

WEATHER         OBSERVED          NORMAL  DEPART  LAST YEAR`S
                 VALUE   DATE(S)  VALUE   FROM    VALUE  DATE(S)
                                          NORMAL
................................................................
TEMPERATURE (F)
RECORD
 HIGH              95   01/18/1971
 LOW               19   01/22/1937
HIGHEST            78   01/29        70       8       76  01/29
LOWEST             37   01/25        44      -7       37  01/13
AVG. MAXIMUM     65.0              69.0    -4.0     67.6
AVG. MINIMUM     45.8              46.0    -0.2     45.6
MEAN             55.4              57.5    -2.1     56.6
DAYS MAX >= 90      0               0.1    -0.1        0
DAYS MAX <= 32      0               0.0     0.0        0
DAYS MAX >= 100     0                                  0
DAYS MAX >= 110     0                                  0
DAYS MIN <= 32      0               0.1    -0.1        0

PRECIPITATION (INCHES)
RECORD
 MAXIMUM         8.43   1943
 MINIMUM         0.00   2014
                        2000
TOTALS           3.53              1.00    2.53     2.26
DAILY AVG.       0.11              0.03    0.08     0.07
DAYS >= .01         9                MM      MM        4
DAYS >= .10         6                MM      MM        4
DAYS >= .50         2                MM      MM        2
DAYS >= 1.00        1                MM      MM        0
DAYS >= 1.50        1                                  0
DAYS >= 2.00        0                                  0
GREATEST
 24 HR. TOTAL    1.88   01/22 TO 01/23           01/06 TO 01/07
                                                          01/31 TO 01/31
                                                          01/31 TO 01/31
 STORM TOTAL       MM                                 MM
 (MM/DD(HH))            MM                    01/07(00) TO 01/07(00)
                                                 01/31(00) TO 01/31(00)1
                                                 01/31(00) TO 01/31(00)1

DEGREE_DAYS
HEATING TOTAL     290               241      49      252
 SINCE 7/1        573               627     -54      654
COOLING TOTAL       0                 8      -8        0
 SINCE 1/1          0                 0       0        0

FREEZE DATES
RECORD
 EARLIEST     10/24/1951
 LATEST       03/13/1956
EARLIEST                        12/16
LATEST                          01/29
..................................................

WIND (MPH)
AVERAGE WIND SPEED              4.4
RESULTANT WIND SPEED/DIRECTION   1/338
HIGHEST WIND SPEED/DIRECTION    31/330    DATE  01/06
HIGHEST GUST SPEED/DIRECTION    37/330    DATE  01/06

SKY COVER
POSSIBLE SUNSHINE (PERCENT)   MM
AVERAGE SKY COVER           0.20
NUMBER OF DAYS FAIR           24
NUMBER OF DAYS PC              4
NUMBER OF DAYS CLOUDY          3

AVERAGE RH (PERCENT)     60

WEATHER CONDITIONS. NUMBER OF DAYS WITH
THUNDERSTORM              0     MIXED PRECIP               0
HEAVY RAIN                2     RAIN                       6
LIGHT RAIN               10     FREEZING RAIN              0
LT FREEZING RAIN          0     HAIL                       0
HEAVY SNOW                0     SNOW                       0
LIGHT SNOW                0     SLEET                      0
FOG                       8     FOG W/VIS <= 1/4 MILE      0
HAZE                      1

-  INDICATES NEGATIVE NUMBERS.
R  INDICATES RECORD WAS SET OR TIED.
MM INDICATES DATA IS MISSING.
T  INDICATES TRACE AMOUNT.

$$
