000
CXUS51 KBOX 010857
CLMPVD


CLIMATE REPORT
NATIONAL WEATHER SERVICE TAUNTON MA
346 AM EST MON FEB 1 2016

...................................

...THE PROVIDENCE RI CLIMATE SUMMARY FOR THE MONTH OF JANUARY 2016...

CLIMATE NORMAL PERIOD 1981 TO 2010
CLIMATE RECORD PERIOD 1904 TO 2016

WEATHER         OBSERVED          NORMAL  DEPART  LAST YEAR`S
                 VALUE   DATE(S)  VALUE   FROM    VALUE
                                          NORMAL
.............................................................
TEMPERATURE (F)
RECORD
 HIGH              69   01/29/2002
                        01/14/1995
 LOW              -13   01/23/1976
HIGHEST            59   01/31
                        01/10
LOWEST              8   01/05
AVG. MAXIMUM     40.6              37.4     3.2
AVG. MINIMUM     23.7              21.0     2.7
MEAN             32.2              29.2     3.0
DAYS MAX >= 90      0               0.0     0.0
DAYS MAX <= 32      5               9.7    -4.7
DAYS MIN <= 32     27              26.8     0.2
DAYS MIN <= 0       0               0.7    -0.7

PRECIPITATION (INCHES)
RECORD
 MAXIMUM        11.66   1979
 MINIMUM         0.50   1970
TOTALS           3.03              3.86   -0.83
DAYS >= .01         6              10.9    -4.9
DAYS >= .10         5               6.5    -1.5
DAYS >= .50         2               2.8    -0.8
DAYS >= 1.00        1               1.0     0.0
GREATEST
 24 HR. TOTAL    1.41   01/10 TO 01/10

SNOWFALL (INCHES)
RECORDS
 TOTAL           37.2   1996
 SNOW DEPTH        20   01/24/2005
TOTALS            7.3               9.0    -1.7
SINCE 7/1         7.9              19.2   -11.3
SNOWDEPTH AVG.      0
DAYS >= 1.0         2               2.8    -0.8
GREATEST
 SNOW DEPTH         5   01/24
                        01/23
 24 HR TOTAL      5.3   01/23 TO 01/23

DEGREE_DAYS
HEATING TOTAL    1010              1110    -100
 SINCE 7/1       2474              3137    -663
COOLING TOTAL       0                 0       0
 SINCE 1/1          0                 0       0
..............................................................

WIND (MPH)
AVERAGE WIND SPEED              9.9
RESULTANT WIND SPEED/DIRECTION   5/303
HIGHEST WIND SPEED/DIRECTION    32/050    DATE  01/23
HIGHEST GUST SPEED/DIRECTION    47/290    DATE  01/19

SKY COVER
POSSIBLE SUNSHINE (PERCENT)   MM
AVERAGE SKY COVER           0.50
NUMBER OF DAYS FAIR            9
NUMBER OF DAYS PC             15
NUMBER OF DAYS CLOUDY          7

AVERAGE RH (PERCENT)     61

WEATHER CONDITIONS. NUMBER OF DAYS WITH
THUNDERSTORM              0     MIXED PRECIP               1
HEAVY RAIN                3     RAIN                       2
LIGHT RAIN                6     FREEZING RAIN              0
LT FREEZING RAIN          0     HAIL                       0
HEAVY SNOW                0     SNOW                       1
LIGHT SNOW                7     SLEET                      0
FOG                      10     FOG W/VIS <= 1/4 MILE      1
HAZE                      3

-  INDICATES NEGATIVE NUMBERS.
R  INDICATES RECORD WAS SET OR TIED.
MM INDICATES DATA IS MISSING.
T  INDICATES TRACE AMOUNT.

$$

SIPPRELL
