000
CXUS51 KBOX 011902
CLMPVD


CLIMATE REPORT
NATIONAL WEATHER SERVICE TAUNTON MA
240 PM EDT SAT APR 1 2017

...................................

...THE PROVIDENCE RI CLIMATE SUMMARY FOR THE MONTH OF MARCH 2017...

CLIMATE NORMAL PERIOD 1981 TO 2010
CLIMATE RECORD PERIOD 1904 TO 2017

WEATHER         OBSERVED          NORMAL  DEPART  LAST YEAR`S
                 VALUE   DATE(S)  VALUE   FROM    VALUE
                                          NORMAL
.............................................................
TEMPERATURE (F)
RECORD
 HIGH              90   3/29/1945
 LOW                1   3/19/1967
HIGHEST            59   03/01
LOWEST             11   03/12
                        03/05
AVG. MAXIMUM     43.4              47.8    -4.4
AVG. MINIMUM     26.8              30.0    -3.2
MEAN             35.1              38.9    -3.8     43.9
DAYS MAX >= 90      0               0.0     0.0
DAYS MAX <= 32      5               1.2     3.8
DAYS MIN <= 32     20              18.1     1.9
DAYS MIN <= 0       0               0.0     0.0

PRECIPITATION (INCHES)
RECORD
 MAXIMUM        16.34   2010
 MINIMUM         0.07   1915
TOTALS           3.85              5.01   -1.16
DAYS >= .01        10              11.9    -1.9
DAYS >= .10         7               7.7    -0.7
DAYS >= .50         2               3.0    -1.0        2
DAYS >= 1.00        1               1.3    -0.3
GREATEST
 24 HR. TOTAL    1.60   03/14 TO 03/14

SNOWFALL (INCHES)
RECORDS
 TOTAL           31.6   1956
 SNOW DEPTH        20   03/06/2015
TOTALS            7.7               5.5     2.2
SINCE 7/1        45.9              33.2    12.7
SNOWDEPTH AVG.      0
DAYS >= 1.0         2               1.6     0.4
GREATEST
 SNOW DEPTH         1   03/16
                        03/15
                        03/10
 24 HR TOTAL      4.4   03/10 TO 03/10

DEGREE_DAYS
HEATING TOTAL     920               809     111
 SINCE 7/1       4478              4871    -393
COOLING TOTAL       0                 0       0
 SINCE 1/1          0                 0       0
..............................................................

WIND (MPH)
AVERAGE WIND SPEED              11.6
RESULTANT WIND SPEED/DIRECTION   7/307
HIGHEST WIND SPEED/DIRECTION    36/050    DATE  03/14
HIGHEST GUST SPEED/DIRECTION    51/050    DATE  03/14

SKY COVER
POSSIBLE SUNSHINE (PERCENT)   MM
AVERAGE SKY COVER           0.50
NUMBER OF DAYS FAIR           13
NUMBER OF DAYS PC              9
NUMBER OF DAYS CLOUDY          9

AVERAGE RH (PERCENT)     53

WEATHER CONDITIONS. NUMBER OF DAYS WITH
THUNDERSTORM              0     MIXED PRECIP               0
HEAVY RAIN                2     RAIN                       6
LIGHT RAIN               11     FREEZING RAIN              0
LT FREEZING RAIN          0     HAIL                       0
HEAVY SNOW                1     SNOW                       2
LIGHT SNOW                7     SLEET                      3
FOG                      10     FOG W/VIS <= 1/4 MILE      2
HAZE                      3

-  INDICATES NEGATIVE NUMBERS.
R  INDICATES RECORD WAS SET OR TIED.
MM INDICATES DATA IS MISSING.
T  INDICATES TRACE AMOUNT.

$$
