000
CXUS56 KPDT 011423 RRA
CLMRDM

CLIMATE REPORT
NATIONAL WEATHER SERVICE PENDLETON OREGON
721 AM PDT FRI JUL 01 2016

....................................

...THE REDMOND OR CLIMATE SUMMARY FOR THE MONTH OF JUNE 2016...

CLIMATE NORMAL PERIOD 1981 TO 2010
CLIMATE RECORD PERIOD 1949 TO 2016

WEATHER         OBSERVED          NORMAL  DEPART  LAST YEAR`S
                 VALUE   DATE(S)  VALUE   FROM    VALUE  DATE(S)
                                          NORMAL

................................................................

TEMPERATURE (F)
RECORD
 HIGH             101   6/26/2015
 LOW               24   6/15/2016
HIGHEST            98   6/ 5       90         8           101   6/26
LOWEST             24   6/15       26        -2            33   6/13
AVG. MAXIMUM     79.5            76.1       3.4          85.0
AVG. MINUMUM     42.6            40.9       1.7          46.6
MEAN             61.0            58.5       2.5          65.8
DAYS MAX >= 90      8               3         5             9
DAYS MAX <= 32      0               1        -1             0
DAYS MIN <= 32      3               4        -1             0
DAYS MIN <= 0       0               1        -1             0


PRECIPITATION (INCHES)
RECORD
 MAXIMUM          3.87   1969
 MINIMUM             T   1973
TOTALS            0.65            0.64      0.01          0.11
DAILY AVG.        0.02            0.02      0.00          0.00
DAYS >=  0.01        6               5         1             1
DAYS >=  0.10        3               2         1             1
DAYS >=  0.50        0               0         0             0
DAYS >=  1.00        0               0         0             0
GREATEST
 24 HR. TOTAL     0.29   6/18



SNOWFALL (INCHES)
RECORD
 MAXIMUM           2.0   1966
 MINIMUM           0.0   2015
TOTALS             0.0             0.0       0.0           0.0
SINCE 7/1          8.2            16.7      -8.5           5.3
DAYS >=  TRACE                       0         0
DAYS >=  1.0         0               0         0             0
GREATEST
 24 HR. TOTAL      0.0   6/30


DEGREE DAYS
HEATING TOTAL      177             217       -40            77
 SINCE 7/1        5931            6745      -814          5782
COOLING TOTAL       64              22        42           107
 SINCE 1/1          67              22        45           116

.............................................................

WIND (MPH)
AVERAGE WIND SPEED                     7.2
RESULTANT WIND SPEED/DIRECTION         4/269
HIGHEST WIND SPEED/DIRECTION          29/280      DATE          06/13
HIGHEST GUST SPEED/DIRECTION          36/300      DATE          06/08


WEATHER CONDITIONS. NUMBER OF DAYS WITH
THUNDERSTORM               1    MIXED PRECIP                           0
HEAVY RAIN                 1    RAIN                                   2
LIGHT RAIN                 7    FREEZING RAIN                          0
LT FREEZING RAIN           0    HAIL                                   0
HEAVY SNOW                 0    SNOW                                   0
LIGHT SNOW                 0    SLEET                                  0
FOG                        1    FOG W/VIS <=1/4 MILE                   0
HAZE                       7

-  INDICATES NEGATIVE NUMBERS.
R  INDICATES RECORD WAS SET OR TIED.
MM INDICATES DATA IS MISSING.
T  INDICATES TRACE AMOUNT.

$$
