000
CXUS56 KPDT 011516
CLMRDM

CLIMATE REPORT
NATIONAL WEATHER SERVICE PENDLETON OREGON
810 AM PDT THU JUN 01 2017

....................................

...THE REDMOND OR CLIMATE SUMMARY FOR THE MONTH OF MAY 2017...

CLIMATE NORMAL PERIOD 1981 TO 2010
CLIMATE RECORD PERIOD 1949 TO 2017

WEATHER         OBSERVED          NORMAL  DEPART  LAST YEAR`S
                 VALUE   DATE(S)  VALUE   FROM    VALUE  DATE(S)
                                          NORMAL

................................................................

TEMPERATURE (F)
RECORD
 HIGH              99   5/30/1986
 LOW               12   5/ 2/1964
HIGHEST            91   5/29       82         9            83   5/31
LOWEST             22   5/ 7       21         1            30   5/22
AVG. MAXIMUM     72.0            67.5       4.5          70.0
AVG. MINUMUM     35.3            35.4      -0.1          39.3
MEAN             53.6            51.5       2.1          54.6
DAYS MAX >= 90      2               1         1             0
DAYS MAX <= 32      0               2        -2             0
DAYS MIN <= 32     13              12         1             5
DAYS MIN <= 0       0               2        -2             5


PRECIPITATION (INCHES)
RECORD
 MAXIMUM          4.62   1998
 MINIMUM          0.02   2001
TOTALS            0.17            1.02     -0.85          1.98
DAILY AVG.        0.01            0.03     -0.02          0.06
DAYS >=  0.01        7               7         0             7
DAYS >=  0.10        0               3        -3             4
DAYS >=  0.50        0               1        -1             2
DAYS >=  1.00        0               0         0             0
GREATEST
 24 HR. TOTAL     0.06   5/ 5



SNOWFALL (INCHES)
RECORD
 MAXIMUM           0.5   1986
 MINIMUM           0.0   2015
TOTALS             0.0             0.0       0.0           0.0
SINCE 7/1         48.0            16.6      31.4           8.2
DAYS >=  TRACE                       0         0
DAYS >=  1.0         0               0         0             0
GREATEST
 24 HR. TOTAL      0.0   5/31


DEGREE DAYS
HEATING TOTAL      353             427       -74           314
 SINCE 7/1        6550            6500        50          5754
COOLING TOTAL       10               0        10             3
 SINCE 1/1          10               0        10             3

.............................................................

WIND (MPH)
AVERAGE WIND SPEED                     7.1
RESULTANT WIND SPEED/DIRECTION         4/242
HIGHEST WIND SPEED/DIRECTION          38/310      DATE          05/16
HIGHEST GUST SPEED/DIRECTION          49/270      DATE          05/16


WEATHER CONDITIONS. NUMBER OF DAYS WITH
THUNDERSTORM               2    MIXED PRECIP                       0
HEAVY RAIN                 0    RAIN                               0
LIGHT RAIN                10    FREEZING RAIN                      0
LT FREEZING RAIN           0    HAIL                               0
HEAVY SNOW                 0    SNOW                               0
LIGHT SNOW                 0    SLEET                              0
FOG                        0    FOG W/VIS <=1/4 MILE               0
HAZE                       1

-  INDICATES NEGATIVE NUMBERS.
R  INDICATES RECORD WAS SET OR TIED.
MM INDICATES DATA IS MISSING.
T  INDICATES TRACE AMOUNT.

$$
