000
CXUS53 KGRB 010655
CLMRHI


CLIMATE REPORT
NATIONAL WEATHER SERVICE GREEN BAY
154 AM CDT WED JUL 1 2015

...................................

...THE RHINELANDER WI CLIMATE SUMMARY FOR THE MONTH OF JUNE 2015...

CLIMATE NORMAL PERIOD 1981 TO 2010
CLIMATE RECORD PERIOD 1908 TO 2015

WEATHER         OBSERVED          NORMAL  DEPART  LAST YEAR`S
                 VALUE   DATE(S)  VALUE   FROM    VALUE  DATE(S)
                                          NORMAL
................................................................
TEMPERATURE (F)
RECORD
 HIGH             104   06/29/1931
 LOW               28   06/05/2001
HIGHEST            81   06/24        87      -6       85  06/17
LOWEST             35   06/06        35       0       37  06/14
                        06/02
AVG. MAXIMUM     72.7              74.3    -1.6     74.4
AVG. MINIMUM     48.2              50.3    -2.1     53.0
MEAN             60.4              62.3    -1.9     63.7
DAYS MAX >= 90      0               0.5    -0.5        0
DAYS MAX <= 32      0               0.0     0.0        0
DAYS MIN <= 32      0               0.5    -0.5        0
DAYS MIN <= 0       0               0.0     0.0        0

PRECIPITATION (INCHES)
RECORD
 MAXIMUM        11.72   1946
 MINIMUM         0.47   2006
TOTALS           3.56              3.89   -0.33     6.73
DAILY AVG.       0.12              0.13   -0.01     0.22
DAYS >= .01        15                MM      MM       16
DAYS >= .10         9                MM      MM       10
DAYS >= .50         3                MM      MM        5
DAYS >= 1.00        0                MM      MM        2
GREATEST
 STORM TOTAL       MM
 (MM/DD(HH))            MM

SNOWFALL (INCHES)
RECORDS
 TOTAL              T   1945
TOTALS            0.0                MM      MM      0.0
SINCE 7/1        89.3                MM      MM    110.3
DAYS >= TRACE       0                MM      MM        0
DAYS >= 1.0         0                MM      MM        0
GREATEST
 SNOW DEPTH         0   MM                             0  MM
 24 HR TOTAL      0.0   06/30 TO 06/30

DEGREE_DAYS
HEATING TOTAL     132               134      -2       93
 SINCE 7/1       9605              9020     585    10431
COOLING TOTAL       3                53     -50       62
 SINCE 1/1          8                65     -57       69
.................................................................

WIND (MPH)
AVERAGE WIND SPEED              5.3
HIGHEST WIND SPEED/DIRECTION    28/270    DATE  06/22
HIGHEST GUST SPEED/DIRECTION    40/140    DATE  06/22

SKY COVER
POSSIBLE SUNSHINE (PERCENT)   MM
AVERAGE SKY COVER           0.40
NUMBER OF DAYS FAIR           14
NUMBER OF DAYS PC             15
NUMBER OF DAYS CLOUDY          1

AVERAGE RH (PERCENT)     72

WEATHER CONDITIONS. NUMBER OF DAYS WITH
THUNDERSTORM              6     MIXED PRECIP               0
HEAVY RAIN                6     RAIN                       5
LIGHT RAIN               16     FREEZING RAIN              0
LT FREEZING RAIN          0     HAIL                       0
HEAVY SNOW                0     SNOW                       0
LIGHT SNOW                0     SLEET                      0
FOG                      21     FOG W/VIS <= 1/4 MILE      9
HAZE                      1

-  INDICATES NEGATIVE NUMBERS.
R  INDICATES RECORD WAS SET OR TIED.
MM INDICATES DATA IS MISSING.
T  INDICATES TRACE AMOUNT.

$$
