000
CXUS55 KGJT 011201
CLMRIL


CLIMATE REPORT
NATIONAL WEATHER SERVICE GRAND JUNCTION CO
452 AM MST SUN FEB 1 2015

...................................

...THE RIFLE CO CLIMATE SUMMARY FOR THE MONTH OF JANUARY 2015...

CLIMATE NORMAL PERIOD 1981 TO 2010
CLIMATE RECORD PERIOD 9999 TO 9999

WEATHER         OBSERVED          NORMAL  DEPART  LAST YEAR`S
                 VALUE   DATE(S)  VALUE   FROM    VALUE  DATE(S)
                                          NORMAL
................................................................
TEMPERATURE (F)
HIGHEST            55   01/26        MM      MM       43  01/01
LOWEST             -2   01/01        MM      MM       -5  01/06
AVG. MAXIMUM     41.2              35.8     5.4     34.5
AVG. MINIMUM     19.2              12.2     7.0     10.1
MEAN             30.2              24.0     6.2     22.3
DAYS MAX >= 90      0               0.0     0.0        0
DAYS MAX <= 32      4               8.4    -4.4        9
DAYS MIN <= 32     30              30.8    -0.8       31
DAYS MIN <= 0       2               3.3    -1.3        1

PRECIPITATION (INCHES)
TOTALS           0.47              0.81   -0.34     0.99
DAILY AVG.       0.02              0.03   -0.01     0.03
DAYS >= .01         5                MM      MM        7
DAYS >= .10         3                MM      MM        1
DAYS >= .50         0                MM      MM        1
DAYS >= 1.00        0                MM      MM        0
GREATEST
 24 HR. TOTAL    0.26   01/30 TO 01/31              0.73

SNOWFALL (INCHES)
TOTALS             MM                MM      MM       MM
SINCE 7/1          MM                MM      MM       MM
SNOWDEPTH AVG.     MM                MM      MM       MM
DAYS >= 1.0        MM                MM      MM       MM
GREATEST
 SNOW DEPTH        MM                                 MM  MM
 24 HR TOTAL       MM                                 MM

DEGREE_DAYS
HEATING TOTAL    1072              1271    -199     1317
 SINCE 7/1       3585              4035    -450     4291
COOLING TOTAL       0                 0       0        0
 SINCE 1/1          0                 0       0        0
.................................................................

WIND (MPH)
AVERAGE WIND SPEED              2.3
HIGHEST WIND SPEED/DIRECTION    21/310    DATE  01/21
HIGHEST GUST SPEED/DIRECTION    26/270    DATE  01/27

SKY COVER
POSSIBLE SUNSHINE (PERCENT)   MM
AVERAGE SKY COVER           0.30
NUMBER OF DAYS FAIR           19
NUMBER OF DAYS PC              6
NUMBER OF DAYS CLOUDY          6

AVERAGE RH (PERCENT)     67

WEATHER CONDITIONS. NUMBER OF DAYS WITH
THUNDERSTORM              0     MIXED PRECIP               0
HEAVY RAIN                0     RAIN                       0
LIGHT RAIN                5     FREEZING RAIN              0
LT FREEZING RAIN          0     HAIL                       0
HEAVY SNOW                0     SNOW                       1
LIGHT SNOW                6     SLEET                      0
FOG                       8     FOG W/VIS <= 1/4 MILE      2
HAZE                      0

-  INDICATES NEGATIVE NUMBERS.
R  INDICATES RECORD WAS SET OR TIED.
MM INDICATES DATA IS MISSING.
T  INDICATES TRACE AMOUNT.

$$
