655
CXUS55 KREV 010904
CLMRNO

CLIMATE REPORT
NATIONAL WEATHER SERVICE RENO NV
150 AM PDT THU SEP 1 2016

...................................

...THE RENO TAHOE AIRPORT NV CLIMATE SUMMARY FOR THE MONTH OF AUGUST
2016...

THE AVERAGE TEMPERATURE FOR AUGUST 2016 AT THE RENO TAHOE
INTERNATIONAL AIRPORT WAS 75.8 DEGREES WHICH IS 2.6 DEGREES ABOVE
NORMAL. THE HIGHEST TEMPERATURE FOR AUGUST WAS 99 DEGREES WHICH
OCCURRED ON THE 13TH. THE LOWEST TEMPERATURE FOR THE MONTH WAS 50
DEGREES WHICH WAS RECORDED ON THE 6TH.

FOR AUGUST 2016 0.04 INCHES OF PRECIPITATION WAS RECORDED AT THE
RENO TAHOE INTERNATIONAL AIRPORT. THIS IS 0.19 INCHES BELOW NORMAL.

THE AVERAGE WIND SPEED FOR THE MONTH WAS 6.2 MPH. THE PEAK WIND GUST
FOR THE MONTH WAS 43 MPH FROM THE NORTH-NORTHEAST WHICH OCCURRED ON
THE 18TH.

CLIMATE NORMAL PERIOD 1981 TO 2010
CLIMATE RECORD PERIOD 1888 TO 2016

WEATHER         OBSERVED          NORMAL  DEPART
                 VALUE   DATE(S)  VALUE   FROM
                                          NORMAL
................................................
TEMPERATURE (F)
RECORD
 HIGH             105   08/06/1983
                        08/11/1940
 LOW               24   08/29/1962
HIGHEST            99   08/13       105      -6
LOWEST             50   08/06        24      26
AVG. MAXIMUM     93.3              90.6     2.7
AVG. MINIMUM     58.3              55.8     2.5
MEAN             75.8              73.2     2.6
DAYS MAX >= 90     25              18.0     7.0
DAYS MAX <= 32      0               0.0     0.0
DAYS MIN <= 32      0               0.0     0.0
DAYS MIN <= 0       0               0.0     0.0

PRECIPITATION (INCHES)
RECORD
 MAXIMUM         1.65   1965
 MINIMUM         0.00   1994
TOTALS           0.04              0.23   -0.19
DAILY AVG.       0.00              0.01   -0.01
DAYS >= .01         1               1.8    -0.8
DAYS >= .10         0               0.7    -0.7
DAYS >= .50         0               0.1    -0.1
DAYS >= 1.00        0               0.0     0.0
GREATEST
 24 HR. TOTAL    0.04   08/21 TO 08/21
                        08/20 TO 08/21
                        08/21 TO 08/21
 STORM TOTAL       MM
 (MM/DD(HH))            MM

SNOWFALL (INCHES)
RECORDS
 TOTAL              T   2013
 24 HR TOTAL       MM
TOTALS            0.0               0.0     0.0
 LIQUID EQUIV    0.00              0.00    0.00
SINCE 7/1         0.0               0.0     0.0
 LIQUID 7/1      0.00
DAYS >= TRACE       0               0.0     0.0
DAYS >= 1.0         0               0.0     0.0
GREATEST
 SNOW DEPTH         0   MM
 24 HR TOTAL      0.0   08/31 TO 08/31
 STORM TOTAL       MM
 (MM/DD(HH))            MM

DEGREE_DAYS
HEATING TOTAL       0                 5      -5
 SINCE 7/1          0                10     -10
COOLING TOTAL     342               259      83
 SINCE 1/1        993               746     247

FREEZE DATES
RECORD
 EARLIEST     08/23/1973
 LATEST       06/27/1974
EARLIEST                        10/03
LATEST                          05/21
.................................................

WIND (MPH)
AVERAGE WIND SPEED              6.2
HIGHEST WIND SPEED/DIRECTION    36/360    DATE  08/18
HIGHEST GUST SPEED/DIRECTION    43/020    DATE  08/18

AVERAGE RH (PERCENT)     26

WEATHER CONDITIONS. NUMBER OF DAYS WITH
THUNDERSTORM              0     MIXED PRECIP               0
HEAVY RAIN                0     RAIN                       0
LIGHT RAIN                2     FREEZING RAIN              0
LT FREEZING RAIN          0     HAIL                       0
HEAVY SNOW                0     SNOW                       0
LIGHT SNOW                0     SLEET                      0
FOG                       0     FOG W/VIS <= 1/4 MILE      0
HAZE                      1

-  INDICATES NEGATIVE NUMBERS.
R  INDICATES RECORD WAS SET OR TIED.
MM INDICATES DATA IS MISSING.
T  INDICATES TRACE AMOUNT.

$$
