000
CXUS55 KREV 010918
CLMRNO

CLIMATE REPORT
NATIONAL WEATHER SERVICE RENO NV
212 AM PDT WED NOV 1 2017

...................................

...THE RENO-TAHOE INTL AIRPORT NV CLIMATE SUMMARY FOR THE MONTH OF
OCTOBER 2017...

THE AVERAGE TEMPERATURE FOR OCTOBER 2017 AT THE RENO-TAHOE
INTERNATIONAL AIRPORT WAS 53.8 DEGREES WHICH IS 0.2 DEGREES BELOW
NORMAL. THE HIGHEST TEMPERATURE FOR OCTOBER WAS 84 DEGREES WHICH
OCCURRED ON THE 7TH. THE LOWEST TEMPERATURE FOR THE MONTH WAS 30
DEGREES WHICH WAS RECORDED ON THE 15TH.

FOR OCTOBER 2017 0.28 INCHES OF PRECIPITATION WERE RECORDED AT THE
RENO-TAHOE INTERNATIONAL AIRPORT. THIS IS 0.23 INCHES BELOW NORMAL.

THE AVERAGE WIND SPEED FOR THE MONTH WAS 4.1 MPH. THE PEAK WIND GUST
FOR THE MONTH WAS 52 MPH FROM THE SOUTHWEST WHICH OCCURRED ON THE
20TH.

CLIMATE NORMAL PERIOD 1981 TO 2010
CLIMATE RECORD PERIOD 1888 TO 2017

WEATHER         OBSERVED          NORMAL  DEPART
                 VALUE   DATE(S)  VALUE   FROM
                                          NORMAL
................................................
TEMPERATURE (F)
RECORD
 HIGH              93   10/01/2010
 LOW                8   10/29/1971
HIGHEST            84   10/07        93      -9
LOWEST             30   10/15         8      22
AVG. MAXIMUM     70.3              69.2     1.1
AVG. MINIMUM     37.4              38.8    -1.4
MEAN             53.8              54.0    -0.2
DAYS MAX >= 90      0               0.1    -0.1
DAYS MAX <= 32      0               0.0     0.0
DAYS MIN <= 32      5               5.0     0.0
DAYS MIN <= 0       0               0.0     0.0

PRECIPITATION (INCHES)
RECORD
 MAXIMUM         2.65   2010
 MINIMUM         0.00   1995
TOTALS           0.28              0.51   -0.23
DAILY AVG.       0.01              0.02   -0.01
DAYS >= .01         1               3.3    -2.3
DAYS >= .10         1               1.3    -0.3
DAYS >= .50         0               0.2    -0.2
DAYS >= 1.00        0               0.1    -0.1
GREATEST
 24 HR. TOTAL    0.28   10/20 TO 10/20
 STORM TOTAL       MM
 (MM/DD(HH))            MM

SNOWFALL (INCHES)
RECORDS
 TOTAL            6.8   5
                        0
 24 HR TOTAL       MM
TOTALS            0.0               0.3    -0.3
 LIQUID EQUIV    0.00              0.00    0.00
SINCE 7/1           T               0.4    -0.4
 LIQUID 7/1        MM
DAYS >= TRACE       0               0.3    -0.3
DAYS >= 1.0         0               0.2    -0.2
GREATEST
 SNOW DEPTH         0   MM
 24 HR TOTAL      0.0   10/31 TO 10/31
 STORM TOTAL       MM
 (MM/DD(HH))            MM

DEGREE_DAYS
HEATING TOTAL     339               346      -7
 SINCE 7/1        457               436      21
COOLING TOTAL       0                 5      -5
 SINCE 1/1       1401               839     562

FREEZE DATES
RECORD
 EARLIEST     08/23/1973
 LATEST       06/27/1974
EARLIEST      10/12             10/03
LATEST                          05/21
.................................................

WIND (MPH)
AVERAGE WIND SPEED              4.1
HIGHEST WIND SPEED/DIRECTION    41/220    DATE  10/20
HIGHEST GUST SPEED/DIRECTION    52/220    DATE  10/20

AVERAGE RH (PERCENT)     42

WEATHER CONDITIONS. NUMBER OF DAYS WITH
THUNDERSTORM              0     MIXED PRECIP               0
HEAVY RAIN                1     RAIN                       1
LIGHT RAIN                1     FREEZING RAIN              0
LT FREEZING RAIN          0     HAIL                       0
HEAVY SNOW                0     SNOW                       0
LIGHT SNOW                0     SLEET                      0
FOG                       1     FOG W/VIS <= 1/4 MILE      0
HAZE                      1

-  INDICATES NEGATIVE NUMBERS.
R  INDICATES RECORD WAS SET OR TIED.
MM INDICATES DATA IS MISSING.
T  INDICATES TRACE AMOUNT.

$$
