290
CXUS55 KABQ 042059 RRA
CLMROW

ABQCLMROW 000
TTAA00 KABQ 042056


CLIMATE REPORT
NATIONAL WEATHER SERVICE ALBUQUERQUE NM
153 PM MST THU FEB 4 2016

...................................

...THE ROSWELL NM CLIMATE SUMMARY FOR THE MONTH OF JANUARY 2016...

CLIMATE NORMAL PERIOD 1981 TO 2010
CLIMATE RECORD PERIOD 1893 TO 2016

WEATHER         OBSERVED          NORMAL  DEPART  LAST YEAR`S
                 VALUE   DATE(S)  VALUE   FROM    VALUE  DATE(S)
                                          NORMAL
................................................................
TEMPERATURE (F)
RECORD
 HIGH              82   01/26/1975
                        01/17/1974
 LOW              -19   01/11/1962
HIGHEST            81   01/29        MM      MM       77  01/19
LOWEST             11   01/03        MM      MM        6  01/23
AVG. MAXIMUM     53.6              55.1    -1.5     50.1
AVG. MINIMUM     25.0              26.1    -1.1     25.1
MEAN             39.3              40.6    -1.3     37.6
DAYS MAX >= 90      0               0.0     0.0        0
DAYS MAX <= 32      1               1.1    -0.1        2
DAYS MIN <= 32     28              25.2     2.8       26
DAYS MIN <= 0       0               0.0     0.0        0

PRECIPITATION (INCHES)
RECORD
 MAXIMUM           MM   MM
 MINIMUM           MM   MM
TOTALS           0.16              0.38   -0.22     0.98
DAILY AVG.       0.01              0.01    0.00     0.03
DAYS >= .01         5               3.4     1.6        8
DAYS >= .10         0               1.2    -1.2        4
DAYS >= .50         0               0.1    -0.1        0
DAYS >= 1.00        0               0.0     0.0        0
GREATEST
 24 HR. TOTAL    0.08   01/05 TO 01/05              0.52

SNOWFALL (INCHES)
RECORDS
 TOTAL             MM   MM
TOTALS            1.0               3.2    -2.2      8.6
SINCE 7/1        17.8               8.3     9.5     11.9
SNOWDEPTH AVG.      2                MM      MM        1
DAYS >= 1.0         1               1.0     0.0        2
GREATEST
 SNOW DEPTH         7   01/02                          6  01/23
                        01/01
 24 HR TOTAL      1.0   01/05 TO 01/05               6.0

DEGREE_DAYS
HEATING TOTAL     790               756      34      842
 SINCE 7/1       2082              2166     -84     2185
COOLING TOTAL       0                 0       0        0
 SINCE 1/1          0                 0       0        0
.................................................................

WIND (MPH)
AVERAGE WIND SPEED              6.3
HIGHEST WIND SPEED/DIRECTION    37/250    DATE  01/24
HIGHEST GUST SPEED/DIRECTION    46/260    DATE  01/24

SKY COVER
AVERAGE SKY COVER           0.20

AVERAGE RH (PERCENT)     61

WEATHER CONDITIONS. NUMBER OF DAYS WITH
THUNDERSTORM              0     MIXED PRECIP               0
HEAVY RAIN                0     RAIN                       0
LIGHT RAIN                4     FREEZING RAIN              0
LT FREEZING RAIN          1     HAIL                       0
HEAVY SNOW                0     SNOW                       0
LIGHT SNOW                3     SLEET                      0
FOG                      11     FOG W/VIS <= 1/4 MILE      8
HAZE                      9

-  INDICATES NEGATIVE NUMBERS.
R  INDICATES RECORD WAS SET OR TIED.
MM INDICATES DATA IS MISSING.
T  INDICATES TRACE AMOUNT.

$$
