000
CXUS55 KBYZ 010914
CLMSHR


CLIMATE REPORT
NATIONAL WEATHER SERVICE BILLINGS MT
312 AM MDT SAT JUL 1 2017

...................................

...THE SHERIDAN WY CLIMATE SUMMARY FOR THE MONTH OF JUNE 2017...

CLIMATE NORMAL PERIOD 1981 TO 2010
CLIMATE RECORD PERIOD 1907 TO 2017

WEATHER         OBSERVED          NORMAL  DEPART
                 VALUE   DATE(S)  VALUE   FROM
                                          NORMAL
................................................
TEMPERATURE (F)
HIGHEST            94   06/08
LOWEST             39   06/23
AVG. MAXIMUM     78.9              76.7     2.2
AVG. MINIMUM     47.7              46.4     1.3
MEAN             63.3              61.6     1.7
DAYS MAX >= 90      3
DAYS MAX <= 32      0
DAYS MIN <= 32      0
DAYS MIN <= 0       0

PRECIPITATION (INCHES)
TOTALS           1.11              2.12   -1.01
DAYS >= .01        11
DAYS >= .10         2
DAYS >= .50         0
DAYS >= 1.00        0
GREATEST
 24 HR. TOTAL    0.45   06/12 TO 06/12

DEGREE_DAYS
HEATING TOTAL      78               149     -71
 SINCE 7/1       7301              7643    -342
COOLING TOTAL      34                46     -12
 SINCE 1/1         34                50     -16
.................................................

WIND (MPH)
AVERAGE WIND SPEED              7.0
HIGHEST WIND SPEED/DIRECTION    40/290    DATE  06/20
HIGHEST GUST SPEED/DIRECTION    58/140    DATE  06/12

AVERAGE RH (PERCENT)     58

WEATHER CONDITIONS. NUMBER OF DAYS WITH
THUNDERSTORM              9     MIXED PRECIP               0
HEAVY RAIN                2     RAIN                       3
LIGHT RAIN               11     FREEZING RAIN              0
LT FREEZING RAIN          0     HAIL                       0
HEAVY SNOW                0     SNOW                       0
LIGHT SNOW                0     SLEET                      0
FOG                       4     FOG W/VIS <= 1/4 MILE      0
HAZE                      0

-  INDICATES NEGATIVE NUMBERS.
R  INDICATES RECORD WAS SET OR TIED.
MM INDICATES DATA IS MISSING.
T  INDICATES TRACE AMOUNT.

&&

...JUNE 2017 MONTH IN REVIEW FOR SHERIDAN...

BELOW IS A SUMMARY OF THE TEMPERATURE AND PRECIPITATION
STATISTICS FOR SHERIDAN FOR JUNE 2017. ALL TEMPERATURES ARE IN
DEGREES FAHRENHEIT AND ALL PRECIPITATION AMOUNTS ARE IN INCHES. NORMALS
ARE 30 YEAR AVERAGES CALCULATED FROM 1981 TO 2010. MONTHLY RANKINGS
FOR PRECIPITATION...SNOWFALL...AND TEMPERATURES USE A PERIOD
OF RECORD THAT STARTED IN MAY 1934 AT OR NEAR THE SHERIDAN AIRPORT.

NUMBERS DENOTED WITH AN * IS MISSING DATA IN THE CALCULATION.

...SHERIDAN MONTHLY PRECIPITATION...

 MONTH   2017 VALUES  NORMALS    DEPARTURE  RANKING

JUNE         1.11     2.12       -1.01      TIED FOR THE 21ST DRIEST OUT OF 111 YEARS
                                            (RECORD DRIEST WAS 0.07 IN 1933)
                                            (DRIEST SINCE 0.39 IN 2016)

...SHERIDAN JUNE 2017 BROKEN OR TIED DAILY PRECIPITATION RECORDS...

NONE

...SHERIDAN AVERAGE TEMPERATURES...

 MONTH   2017 VALUES  NORMALS   DEPARTURE  RANKING

JUNE         63.3      61.6      +1.7      36TH WARMEST OUT OF 111 YEARS
                                           (RECORD WARMEST WAS 74.2 IN 1988)
                                           (WARMEST SINCE 68.3 IN 2016)

...SHERIDAN AVERAGE HIGH TEMPERATURES...

 MONTH   2017 VALUES  NORMALS   DEPARTURE  RANKING

JUNE         78.9      76.7      +2.2      29TH WARMEST OUT OF 111 YEARS
                                           (RECORD WARMEST WAS 91.2 IN 1988)
                                           (WARMEST SINCE 87.0 IN 2016)

...SHERIDAN JUNE 2017 BROKEN OR TIED WARMEST DAILY HIGH TEMPERATURE RECORDS...

NONE

...SHERIDAN JUNE 2017 BROKEN OR TIED COLDEST DAILY HIGH TEMPERATURE RECORDS...

NONE

...SHERIDAN AVERAGE LOW TEMPERATURES...

 MONTH   2017 VALUES  NORMALS   DEPARTURE  RANKING

JUNE         47.7      46.4      +1.3      48TH WARMEST OUT OF 111 YEARS
                                           (RECORD WARMEST WAS 57.1 IN 1988)
                                           (WARMEST SINCE 49.6 IN 2016)

...SHERIDAN JUNE 2017 BROKEN OR TIED WARMEST DAILY LOW TEMPERATURE RECORDS...

NONE

...SHERIDAN JUNE 2017 BROKEN OR TIED COLDEST DAILY LOW TEMPERATURE RECORDS...

NONE

$$
