000
CXUS45 KSLC 072135 CCA
CLMSLC

SLCCLMSLC 000
TTAA00 KSLC 072048

CLIMATE REPORT
NATIONAL WEATHER SERVICE SALT LAKE CITY UT
148 PM MST SUN FEB 7 2016

...................................

...THE SALT LAKE CITY UT CLIMATE SUMMARY FOR THE MONTH OF JANUARY 2016...

CLIMATE NORMAL PERIOD 1981 TO 2010
CLIMATE RECORD PERIOD 1874 TO 2016

WEATHER         OBSERVED          NORMAL  DEPART  LAST YEAR`S
                 VALUE   DATE(S)  VALUE   FROM    VALUE  DATE(S)
                                          NORMAL
................................................................
TEMPERATURE (F)
RECORD
 HIGH              63   01/31/2003
 LOW              -22   01/25/1949
HIGHEST            48   01/30                         58  01/27
                        01/29
LOWEST             -1   01/01                          5  01/01
AVG. MAXIMUM     36.8              37.4    -0.6     42.0
AVG. MINIMUM     23.9              21.6     2.3     26.5
MEAN             30.4              29.5     0.9     34.3
DAYS MAX >= 90      0               0.0     0.0        0
DAYS MAX <= 32      7               8.6    -1.6        3
DAYS MIN <= 32     30              27.4     2.6       26
DAYS MIN <= 0       1               0.4     0.6        0

PRECIPITATION (INCHES)
TOTALS           1.94              1.25    0.69     0.86
DAYS >= .01        14              10.1     3.9        5
DAYS >= .10         6               3.9     2.1        1
DAYS >= .50         1               0.4     0.6        1
DAYS >= 1.00        0               0.0     0.0        0

SNOWFALL (INCHES)
TOTALS           10.5              12.5    -2.0      0.3
SINCE 7/1        27.8              34.7              6.8

DEGREE_DAYS
HEATING TOTAL    1065              1100     -35      944
 SINCE 7/1       3042              3394    -352     2764
COOLING TOTAL       0                 0       0        0
 SINCE 1/1          0                 0       0        0
.................................................................

WIND (MPH)
AVERAGE WIND SPEED              5.4
HIGHEST WIND SPEED/DIRECTION    29/290    DATE  01/20
HIGHEST GUST SPEED/DIRECTION    36/290    DATE  01/20


WEATHER CONDITIONS. NUMBER OF DAYS WITH
THUNDERSTORM              0     RAIN                       3
HAIL                      0     SNOW                       7
FOG                      26     FOG W/VIS <= 1/4 MILE      2
HAZE                     15

-  INDICATES NEGATIVE NUMBERS.
R  INDICATES RECORD WAS SET OR TIED.
MM INDICATES DATA IS MISSING.
T  INDICATES TRACE AMOUNT.

$$
