000
CXUS51 KBTV 011457
CLMSLK


CLIMATE REPORT
NATIONAL WEATHER SERVICE BURLINGTON VT
957 AM EST MON FEB 1 2016

...................................

...THE SARANAC LAKE NY CLIMATE SUMMARY FOR THE MONTH OF JANUARY 2016...

CLIMATE NORMAL PERIOD 1981 TO 2010
CLIMATE RECORD PERIOD 9999 TO 9999

WEATHER         OBSERVED          NORMAL  DEPART  LAST YEAR`S
                 VALUE   DATE(S)  VALUE   FROM    VALUE  DATE(S)
                                          NORMAL
................................................................
TEMPERATURE (F)
RECORD
 HIGH              60   MM
 LOW              -32   01/24/2013
HIGHEST            50   01/10        MM      MM       48  01/04
LOWEST            -15   01/24        MM      MM      -25  01/26
                        01/23
AVG. MAXIMUM     28.0              25.0     3.0     21.5
AVG. MINIMUM      5.3               1.6     3.7     -5.8
MEAN             16.6              13.3     3.3      7.9
DAYS MAX >= 90      0               0.0     0.0        0
DAYS MAX <= 32     21              21.9    -0.9       24
DAYS MIN <= 32     29              30.5    -1.5       28
DAYS MIN <= 0      11              14.4    -3.4       18

PRECIPITATION (INCHES)
RECORD
 MAXIMUM           MM   MM
 MINIMUM           MM   MM
TOTALS           0.69              2.13   -1.44     0.61
DAILY AVG.       0.02              0.07   -0.05     0.02
DAYS >= .01        14                MM      MM        9
DAYS >= .10         2                MM      MM        2
DAYS >= .50         0                MM      MM        0
DAYS >= 1.00        0                MM      MM        0
GREATEST
 24 HR. TOTAL    0.28   01/10 TO 01/10           01/03 TO 01/04
                        01/09 TO 01/10                    01/28 TO 01/28
                        01/10 TO 01/10                    01/28 TO 01/28
 STORM TOTAL       MM                                 MM
 (MM/DD(HH))            MM                    01/04(00) TO 01/04(00)
                                                 01/28(00) TO 01/28(00)8
                                                 01/28(00) TO 01/28(00)8

DEGREE_DAYS
HEATING TOTAL    1397              1603    -206     1593
 SINCE 7/1       4298              5302   -1004     5006
.........................................................

WIND (MPH)
AVERAGE WIND SPEED              6.2
HIGHEST WIND SPEED/DIRECTION    32/230    DATE  01/11
HIGHEST GUST SPEED/DIRECTION    49/240    DATE  01/11

SKY COVER
POSSIBLE SUNSHINE (PERCENT)   MM
AVERAGE SKY COVER           0.60
NUMBER OF DAYS FAIR            5
NUMBER OF DAYS PC              8
NUMBER OF DAYS CLOUDY         18

AVERAGE RH (PERCENT)     78

WEATHER CONDITIONS. NUMBER OF DAYS WITH
THUNDERSTORM              0     MIXED PRECIP               0
HEAVY RAIN                0     RAIN                       1
LIGHT RAIN                2     FREEZING RAIN              0
LT FREEZING RAIN          1     HAIL                       0
HEAVY SNOW                2     SNOW                       5
LIGHT SNOW               24     SLEET                      0
FOG                      26     FOG W/VIS <= 1/4 MILE      1
HAZE                     12

-  INDICATES NEGATIVE NUMBERS.
R  INDICATES RECORD WAS SET OR TIED.
MM INDICATES DATA IS MISSING.
T  INDICATES TRACE AMOUNT.

$$
