000
CXUS56 KSGX 011744
CLMSNA


CLIMATE REPORT
NATIONAL WEATHER SERVICE SAN DIEGO, CA
1044 AM PDT SUN MAY 1 2016

...................................

...THE JOHN WAYNE AIRPORT CA CLIMATE SUMMARY FOR THE MONTH OF APRIL 2016...

CLIMATE NORMAL PERIOD 1981 TO 2010
CLIMATE RECORD PERIOD 1999 TO 2016

WEATHER         OBSERVED          NORMAL  DEPART  LAST YEAR`S
                 VALUE   DATE(S)  VALUE   FROM    VALUE  DATE(S)
                                          NORMAL
................................................................
TEMPERATURE (F)
RECORD
 HIGH              99   04/27/2008
 LOW               41   04/10/1999
HIGHEST            90   04/17        69      21       90  04/29
LOWEST             52   04/26        52       0       51  04/08
                        04/01
AVG. MAXIMUM     72.8              69.0     3.8     73.5
AVG. MINIMUM     56.1              53.9     2.2     55.8
MEAN             64.4              61.4     3.0     64.6
DAYS MAX >= 90      1               0.3     0.7        1
DAYS MAX <= 32      0               0.0     0.0        0
DAYS MAX >= 100     0                                  0
DAYS MIN <= 32      0               0.0     0.0        0

PRECIPITATION (INCHES)
RECORD
 MAXIMUM         1.69   2006
 MINIMUM         0.01   2013
                        2009
TOTALS           0.19              0.89   -0.70     0.04
DAILY AVG.       0.01              0.03   -0.02     0.00
DAYS >= .01         5                MM      MM        3
DAYS >= .10         0                MM      MM        0
DAYS >= .50         0                MM      MM        0
DAYS >= 1.00        0                MM      MM        0
DAYS >= 1.50        0                                  0
DAYS >= 2.00        0                                  0
GREATEST
 24 HR. TOTAL    0.10   04/07 TO 04/08           04/24 TO 04/24
                                                          04/23 TO 04/24
                                                          04/24 TO 04/24
 STORM TOTAL       MM                                 MM
 (MM/DD(HH))            MM                    04/24(00) TO 04/24(00)
                                                 04/24(00) TO 04/24(00)4
                                                 04/24(00) TO 04/24(00)4

DEGREE_DAYS
HEATING TOTAL      50               120     -70       50
 SINCE 7/1        942              1207    -265      300
COOLING TOTAL      44                14      30       47
 SINCE 1/1         85                29      56      224

FREEZE DATES
RECORD
 EARLIEST     MM
 LATEST       MM
EARLIEST                        MM
LATEST                          MM
.....................................................

WIND (MPH)
AVERAGE WIND SPEED              5.1
RESULTANT WIND SPEED/DIRECTION   3/205
HIGHEST WIND SPEED/DIRECTION    25/060    DATE  04/17
HIGHEST GUST SPEED/DIRECTION    36/070    DATE  04/17

SKY COVER
POSSIBLE SUNSHINE (PERCENT)   MM
AVERAGE SKY COVER           0.40
NUMBER OF DAYS FAIR           13
NUMBER OF DAYS PC             15
NUMBER OF DAYS CLOUDY          2

AVERAGE RH (PERCENT)     63

WEATHER CONDITIONS. NUMBER OF DAYS WITH
THUNDERSTORM              0     MIXED PRECIP               0
HEAVY RAIN                0     RAIN                       0
LIGHT RAIN                5     FREEZING RAIN              0
LT FREEZING RAIN          0     HAIL                       0
HEAVY SNOW                0     SNOW                       0
LIGHT SNOW                0     SLEET                      0
FOG                      11     FOG W/VIS <= 1/4 MILE      1
HAZE                      3

-  INDICATES NEGATIVE NUMBERS.
R  INDICATES RECORD WAS SET OR TIED.
MM INDICATES DATA IS MISSING.
T  INDICATES TRACE AMOUNT.

$$
