000
CXUS56 KMTR 040213
CLMSNS


CLIMATE REPORT
NATIONAL WEATHER SERVICE SAN FRANCISCO BAY AREA
709 PM PDT THU AUG 3 2017

...................................

...THE SALINAS AIRPORT CLIMATE SUMMARY FOR THE MONTH OF JULY 2017...

CLIMATE NORMAL PERIOD 1981 TO 2010
CLIMATE RECORD PERIOD 1930 TO 2017

WEATHER         OBSERVED          NORMAL  DEPART  LAST YEAR`S
                 VALUE   DATE(S)  VALUE   FROM    VALUE  DATE(S)
                                          NORMAL
................................................................
TEMPERATURE (F)
RECORD
 HIGH              99   07/01/1985
                        07/11/1983
 LOW               42   07/25/1936
                        07/18/1936
HIGHEST            82   07/16                         76  07/23
                                                          07/09
LOWEST             51   07/12                         51  07/22
AVG. MAXIMUM     71.0              71.0     0.0     69.7
AVG. MINIMUM     54.4              55.1    -0.7     54.1
MEAN             62.7              63.0    -0.3     61.9
DAYS MAX >= 90      0                                  0
DAYS MAX <= 32      0                                  0
DAYS MIN <= 32      0                                  0
DAYS MIN <= 0       0                                  0

PRECIPITATION (INCHES)
RECORD
 MAXIMUM           MM   MM
 MINIMUM           MM   MM
TOTALS           0.00                 T    0.00        T
DAILY AVG.       0.00                                  T
DAYS >= .01         0                                  0
DAYS >= .10         0                                  0
DAYS >= .50         0                                  0
DAYS >= 1.00        0                                  0
GREATEST
 24 HR. TOTAL    0.00   07/31 TO 07/31           07/05 TO 07/05
                        07/30 TO 07/30                    07/31 TO 07/31
                        07/29 TO 07/29                    07/31 TO 07/31

DEGREE_DAYS
HEATING TOTAL      72                78      -6       92
 SINCE 7/1         72                78      -6       92
COOLING TOTAL      10                18      -8        0
 SINCE 1/1         37                46      -9       31
..................................................

WIND (MPH)
AVERAGE WIND SPEED              8.7
RESULTANT WIND SPEED/DIRECTION   8/287
HIGHEST WIND SPEED/DIRECTION    21/310    DATE  07/25
HIGHEST GUST SPEED/DIRECTION    26/280    DATE  07/21

SKY COVER
POSSIBLE SUNSHINE (PERCENT)   MM
AVERAGE SKY COVER           0.40
NUMBER OF DAYS FAIR           14
NUMBER OF DAYS PC             14
NUMBER OF DAYS CLOUDY          3

AVERAGE RH (PERCENT)     77

WEATHER CONDITIONS. NUMBER OF DAYS WITH
THUNDERSTORM              0     MIXED PRECIP               0
HEAVY RAIN                0     RAIN                       0
LIGHT RAIN                0     FREEZING RAIN              0
LT FREEZING RAIN          0     HAIL                       0
HEAVY SNOW                0     SNOW                       0
LIGHT SNOW                0     SLEET                      0
FOG                      23     FOG W/VIS <= 1/4 MILE      1
HAZE                      8

-  INDICATES NEGATIVE NUMBERS.
R  INDICATES RECORD WAS SET OR TIED.
MM INDICATES DATA IS MISSING.
T  INDICATES TRACE AMOUNT.

$$
