000
CXUS52 KTBW 021350
CLMSRQ


CLIMATE REPORT
NATIONAL WEATHER SERVICE TAMPA BAY FL
950 AM EDT SAT JUL 2 2016

...................................

...THE SARASOTA BRADENTON CLIMATE SUMMARY FOR THE MONTH OF JUNE 2016...

           ...3RD WARMEST JUNE SINCE RECORDS BEGAN IN 1911...

CLIMATE NORMAL PERIOD 1981 TO 2010
CLIMATE RECORD PERIOD 1911 TO 2016

WEATHER         OBSERVED          NORMAL  DEPART  LAST YEAR`S
                 VALUE   DATE(S)  VALUE   FROM    VALUE  DATE(S)
                                          NORMAL
................................................................
TEMPERATURE (F)
ALL-TIME JUNE RECORD
 HIGH             100   06/30/1998
                        06/18/1998
 LOW               52   06/01/1984

JUNE 2016
HIGHEST            95   06/26        MM      MM       93  06/22
                                                          06/15
                                                          06/14
LOWEST             70   06/21        MM      MM       69  06/04
                                                          06/03
                                                          06/02
AVG. MAXIMUM     90.7              88.6     2.1     89.5
AVG. MINIMUM     76.2              72.9     3.3     73.4
MEAN             83.4              80.8     2.6     81.4
DAYS MAX >= 90     25               8.8    16.2       21
DAYS MAX <= 32      0               0.0     0.0        0
DAYS MIN <= 32      0               0.0     0.0        0
DAYS MIN <= 0       0               0.0     0.0        0

PRECIPITATION (INCHES)
ALL-TIME JUNE RECORD
 MAXIMUM        25.62   1912
 MINIMUM         0.64   1998

JUNE 2016
TOTALS           6.73              7.51   -0.78     3.73
DAILY AVG.       0.22              0.25   -0.03     0.12
DAYS >= .01        12                MM      MM       11
DAYS >= .10         9                MM      MM        8
DAYS >= .50         6                MM      MM        2
DAYS >= 1.00        2                MM      MM        1
GREATEST
 24 HR. TOTAL    2.04   06/05 TO 06/06

DEGREE_DAYS
HEATING TOTAL       0                 0       0        0
 SINCE 7/1        320               477    -157      470
COOLING TOTAL     557               472      85      501
 SINCE 1/1       1521              1223     298     1541
.................................................................

WIND (MPH)
AVERAGE WIND SPEED              7.8
HIGHEST WIND SPEED/DIRECTION    41/180    DATE  06/06
HIGHEST GUST SPEED/DIRECTION    52/210    DATE  06/06

SKY COVER (DOES NOT INCLUDE ANY CLOUDS ABOVE 12000 FEET)
POSSIBLE SUNSHINE (PERCENT)   MM
AVERAGE SKY COVER           0.30
NUMBER OF DAYS FAIR           24
NUMBER OF DAYS PC              5
NUMBER OF DAYS CLOUDY          1

AVERAGE RH (PERCENT)     72

WEATHER CONDITIONS. NUMBER OF DAYS WITH
THUNDERSTORM             21     MIXED PRECIP               0
HEAVY RAIN                8     RAIN                       8
LIGHT RAIN               21     FREEZING RAIN              0
LT FREEZING RAIN          0     HAIL                       0
HEAVY SNOW                0     SNOW                       0
LIGHT SNOW                0     SLEET                      0
FOG                       7     FOG W/VIS <= 1/4 MILE      1
HAZE                      4
.................................................................

REMARKS
THE JUNE 2016 MONTHLY AVERAGE TEMPERATURE OF 83.4 DEGREES RANKS
AS THE 3RD WARMEST JUNE SINCE RECORDS BEGAN IN 1911. THE WARMEST
JUNE HAD AN AVERAGE TEMPERATURE OF 83.9 DEGREES WHICH OCCURRED
IN 1998.

THE JUNE 2016 MONTHLY RAINFALL TOTAL OF 6.73 INCHES RANKS AS
THE 54TH WETTEST/53RD DRIEST JUNE SINCE RECORDS BEGAN IN 1911.


-  INDICATES NEGATIVE NUMBERS.
R  INDICATES RECORD WAS SET OR TIED.
MM INDICATES DATA IS MISSING.
T  INDICATES TRACE AMOUNT.

$$
