000
CXUS53 KEAX 010726
CLMSTJ

STLCLMWK1 000
TTAA00 KEAX 010723


CLIMATE REPORT
NATIONAL WEATHER SERVICE KANSAS CITY/PLEASANT HILL MO
223 AM CDT SAT OCT 1 2016

...................................

...THE ST. JOSEPH MO CLIMATE SUMMARY FOR THE MONTH OF SEPTEMBER 2016...

CLIMATE NORMAL PERIOD 1981 TO 2010
CLIMATE RECORD PERIOD 1892 TO 2016

WEATHER         OBSERVED          NORMAL  DEPART  LAST YEAR`S
                 VALUE   DATE(S)  VALUE   FROM    VALUE  DATE(S)
                                          NORMAL
................................................................
TEMPERATURE (F)
RECORD
 HIGH             107   09/03/1947
 LOW               29   09/30/1984
HIGHEST            93   09/21        92       1       94  09/06
                        09/20
LOWEST             44   09/30        36       8       45  09/12
AVG. MAXIMUM     81.8              79.1     2.7     82.2
AVG. MINIMUM     60.7              54.0     6.7     60.8
MEAN             71.3              66.6     4.7     71.5
DAYS MAX >= 90      7               3.4     3.6        5
DAYS MAX <= 32      0               0.0     0.0        0
DAYS MIN <= 32      0               0.3    -0.3        0
DAYS MIN <= 0       0               0.0     0.0        0

PRECIPITATION (INCHES)
RECORD
 MAXIMUM        12.24   1986
 MINIMUM         0.00   2011
TOTALS           8.66              3.42    5.24     2.04
DAILY AVG.       0.29              0.11    0.18     0.07
DAYS >= .01         8               7.3     0.7        6
DAYS >= .10         8               4.7     3.3        4
DAYS >= .50         4               2.4     1.6        1
DAYS >= 1.00        3               1.0     2.0        0
GREATEST
 24 HR. TOTAL    5.99   09/13 TO 09/14

DEGREE_DAYS
HEATING TOTAL      25                75     -50       34
 SINCE 7/1         27                80     -53       38
COOLING TOTAL     222               122     100      238
 SINCE 1/1       1494              1199     295     1265
.................................................................

WIND (MPH)
AVERAGE WIND SPEED              7.5
HIGHEST WIND SPEED/DIRECTION    24/180    DATE  09/06
HIGHEST GUST SPEED/DIRECTION    32/180    DATE  09/05

SKY COVER
POSSIBLE SUNSHINE (PERCENT)   MM
AVERAGE SKY COVER           0.20
NUMBER OF DAYS FAIR           23
NUMBER OF DAYS PC              6
NUMBER OF DAYS CLOUDY          1

AVERAGE RH (PERCENT)     72

WEATHER CONDITIONS. NUMBER OF DAYS WITH
THUNDERSTORM              0     MIXED PRECIP               0
HEAVY RAIN                6     RAIN                       6
LIGHT RAIN                9     FREEZING RAIN              0
LT FREEZING RAIN          0     HAIL                       0
HEAVY SNOW                0     SNOW                       0
LIGHT SNOW                0     SLEET                      0
FOG                      16     FOG W/VIS <= 1/4 MILE      0
HAZE                      6

-  INDICATES NEGATIVE NUMBERS.
R  INDICATES RECORD WAS SET OR TIED.
MM INDICATES DATA IS MISSING.
T  INDICATES TRACE AMOUNT.

$$
