341
CXUS53 KLSX 020108 CCB
CLMSTL

CLIMATE REPORT
NATIONAL WEATHER SERVICE ST LOUIS MO
1148 AM CDT SAT JUL 1 2017

...................................

...THE ST. LOUIS MO CLIMATE SUMMARY FOR THE MONTH OF JUNE 2017...

CLIMATE NORMAL PERIOD 1981 TO 2010
CLIMATE RECORD PERIOD 1874 TO 2017

WEATHER         OBSERVED          NORMAL  DEPART  LAST YEAR`S
                 VALUE   DATE(S)  VALUE   FROM    VALUE
                                          NORMAL
.............................................................
TEMPERATURE (F)
RECORD
 HIGH             108   06/28/2012
 LOW               43   06/03/1969
HIGHEST            97   06/21                         99
LOWEST             57   06/08                         59
AVG. MAXIMUM     88.6              85.1     3.5     91.0
AVG. MINIMUM     68.2              66.8     1.4     71.6
MEAN             78.4              75.9     2.5     81.3
DAYS MAX >= 90     14               8.4     5.6       18
DAYS MAX <= 32      0               0.0     0.0        0
DAYS MIN <= 32      0               0.0     0.0        0
DAYS MIN <= 0       0               0.0     0.0        0

PRECIPITATION (INCHES)
RECORD
 MAXIMUM        13.14   2015
 MINIMUM         0.10   1914
TOTALS           2.72              4.28   -1.56     1.29
DAILY AVG.       0.09              0.14   -0.05     0.04
DAYS >= .01         7              10.0    -3.0        7
DAYS >= .10         6               6.6    -0.6        4
DAYS >= .50         2               3.0    -1.0        0
DAYS >= 1.00        1               1.3    -0.3        0
GREATEST
 24 HR. TOTAL    1.06   06/18

DEGREE_DAYS
HEATING TOTAL       0                 5      -5        0
 SINCE 7/1       3397              4535   -1138     3484
COOLING TOTAL     409               334      75      495
 SINCE 1/1        661               508     153      689
..............................................................

WIND (MPH)
HIGHEST WIND SPEED/DIRECTION    60/260    DATE  06/14
HIGHEST GUST SPEED/DIRECTION    71/250    DATE  06/14

SKY COVER
NUMBER OF DAYS FAIR           14
NUMBER OF DAYS PC             11
NUMBER OF DAYS CLOUDY          5


WEATHER CONDITIONS. NUMBER OF DAYS WITH
THUNDERSTORM              7     MIXED PRECIP               0
HEAVY RAIN                5     RAIN                       4
LIGHT RAIN                9     FREEZING RAIN              0
LT FREEZING RAIN          0     HAIL                       0
HEAVY SNOW                0     SNOW                       0
LIGHT SNOW                0     SLEET                      0
FOG                       5     FOG W/VIS <= 1/4 MILE      0
HAZE                      3

-  INDICATES NEGATIVE NUMBERS.
R  INDICATES RECORD WAS SET OR TIED.
MM INDICATES DATA IS MISSING.
T  INDICATES TRACE AMOUNT.


...MONTHLY...
TIED 20TH WARMEST JUNE ON RECORD (78.4 DEGREES).


...DAILY...

DAILY HIGH MINIMUM TEMPERATURE SET(80 DEGREES ON 6/13...PREVIOUS
RECORD WAS 78 SET IN 1984).


$$
