000
CXUS56 KMTR 011617
CLMSTS


CLIMATE REPORT
NATIONAL WEATHER SERVICE SAN FRANCISCO BAY AREA
917 AM PDT MON AUG 1 2016

...................................

...THE SANTA ROSA AIRPORT CLIMATE SUMMARY FOR THE MONTH OF JULY 2016...

CLIMATE NORMAL PERIOD 1981 TO 2010
CLIMATE RECORD PERIOD 1998 TO 2016

WEATHER         OBSERVED          NORMAL  DEPART  LAST YEAR`S
                 VALUE   DATE(S)  VALUE   FROM    VALUE  DATE(S)
                                          NORMAL
................................................................
TEMPERATURE (F)
RECORD
 HIGH             108   07/22/2006
 LOW               38   07/07/2012
HIGHEST            97   07/26                        100  07/28
                        07/23
LOWEST             47   07/22                         48  07/24
AVG. MAXIMUM     84.5              83.1     1.4     82.9
AVG. MINIMUM     50.8              51.9    -1.1     55.4
MEAN             67.7              67.5     0.2     69.1
DAYS MAX >= 90      7               5.7     1.3        5
DAYS MAX <= 32      0               0.0     0.0        0
DAYS MIN <= 32      0               0.0     0.0        0
DAYS MIN <= 0       0               0.0     0.0        0

PRECIPITATION (INCHES)
RECORD
 MAXIMUM         0.10   2007
 MINIMUM         0.00   2012
                        2011
                        2010
TOTALS              T                               0.05
DAILY AVG.          T                               0.00
DAYS >= .01         0                                  1
DAYS >= .10         0                                  0
DAYS >= .50         0                                  0
DAYS >= 1.00        0                                  0
GREATEST
 24 HR. TOTAL       T   07/25 TO 07/25           07/09 TO 07/09
                                                          07/31 TO 07/31
                                                          07/31 TO 07/31

DEGREE_DAYS
HEATING TOTAL       7                                  4
 SINCE 7/1          7                                  4
COOLING TOTAL      97                                138
 SINCE 1/1        212                                236
..................................................

WIND (MPH)
AVERAGE WIND SPEED              5.9
RESULTANT WIND SPEED/DIRECTION   5/171
HIGHEST WIND SPEED/DIRECTION    21/240    DATE  07/09
HIGHEST GUST SPEED/DIRECTION    26/250    DATE  07/09

SKY COVER
POSSIBLE SUNSHINE (PERCENT)   MM
AVERAGE SKY COVER           0.20
NUMBER OF DAYS FAIR           19
NUMBER OF DAYS PC             12
NUMBER OF DAYS CLOUDY          0

AVERAGE RH (PERCENT)     65

WEATHER CONDITIONS. NUMBER OF DAYS WITH
THUNDERSTORM              0     MIXED PRECIP               0
HEAVY RAIN                0     RAIN                       0
LIGHT RAIN                1     FREEZING RAIN              0
LT FREEZING RAIN          0     HAIL                       0
HEAVY SNOW                0     SNOW                       0
LIGHT SNOW                0     SLEET                      0
FOG                      19     FOG W/VIS <= 1/4 MILE      4
HAZE                      6

-  INDICATES NEGATIVE NUMBERS.
R  INDICATES RECORD WAS SET OR TIED.
MM INDICATES DATA IS MISSING.
T  INDICATES TRACE AMOUNT.

$$
