000
CXUS54 KBMX 011517
CLMTCL


CLIMATE REPORT
NATIONAL WEATHER SERVICE BIRMINGHAM, AL
917 AM CST THU FEB 1 2018

...................................

...THE TUSCALOOSA CLIMATE SUMMARY FOR THE MONTH OF JANUARY 2018...

CLIMATE NORMAL PERIOD 1981 TO 2010
CLIMATE RECORD PERIOD 1948 TO 2018

WEATHER         OBSERVED          NORMAL  DEPART  LAST YEAR`S
                 VALUE   DATE(S)  VALUE   FROM    VALUE  DATE(S)
                                          NORMAL
................................................................
TEMPERATURE (F)
RECORD
 HIGH              82   01/10/1949
 LOW                    01/21/1985
                        01/19/1977
HIGHEST            73   01/21        MM      MM       80  01/17
                        01/11
LOWEST             10   01/17        MM      MM       15  01/08
AVG. MAXIMUM     53.1              55.6    -2.5     63.3
AVG. MINIMUM     30.1              33.8    -3.7     42.3
MEAN             41.6                               52.8
DAYS MAX >= 90      0               0.0     0.0        0
DAYS MAX <= 32      2               0.4     1.6        0
DAYS MIN <= 32     20              14.8     5.2       10
DAYS MIN <= 0       0               0.0     0.0        0

PRECIPITATION (INCHES)
RECORD
 MAXIMUM        10.18   1979
 MINIMUM         1.22   1986
                        1961
TOTALS           1.72              5.35   -3.63     7.20
DAILY AVG.       0.06              0.17   -0.11
DAYS >= .01         7               9.8    -2.8
DAYS >= .10         5               7.1    -2.1
DAYS >= .50         1               3.3    -2.3
DAYS >= 1.00        0               1.5    -1.5

DEGREE_DAYS
HEATING TOTAL     720               631      89      385
 SINCE 7/1       1679              1632      47     1034
.................................................................

WIND (MPH)
AVERAGE WIND SPEED              6.2
HIGHEST WIND SPEED/DIRECTION    26/220    DATE  01/12
HIGHEST GUST SPEED/DIRECTION    31/230    DATE  01/12

AVERAGE RH (PERCENT)     64

WEATHER CONDITIONS. NUMBER OF DAYS WITH
THUNDERSTORM              0     MIXED PRECIP               0
HEAVY RAIN                1     RAIN                       2
LIGHT RAIN                9     FREEZING RAIN              0
LT FREEZING RAIN          0     HAIL                       0
HEAVY SNOW                0     SNOW                       0
LIGHT SNOW                1     SLEET                      0
FOG                      10     FOG W/VIS <= 1/4 MILE      1
HAZE                      1

-  INDICATES NEGATIVE NUMBERS.
R  INDICATES RECORD WAS SET OR TIED.
MM INDICATES DATA IS MISSING.
T  INDICATES TRACE AMOUNT.

$$
