000
CXUS52 KTAE 011253
CLMTLH

CLIMATE REPORT
NATIONAL WEATHER SERVICE TALLAHASSEE FL
853 AM EDT FRI JUL 1 2016

...................................

...THE TALLAHASSEE CLIMATE SUMMARY FOR THE MONTH OF JUNE 2016...

CLIMATE NORMAL PERIOD 1981 TO 2010
CLIMATE RECORD PERIOD 1896 TO 2016

WEATHER         OBSERVED          NORMAL  DEPART  LAST YEAR`S
                 VALUE   DATE(S)  VALUE   FROM    VALUE  DATE(S)
                                          NORMAL
................................................................
TEMPERATURE (F)
RECORD
 HIGH             105   06/15/2011
 LOW               49   06/02/1972
HIGHEST           100   06/13                         99  06/16
LOWEST             67   06/22                         68  06/03
AVG. MAXIMUM     93.8              91.0     2.8     92.1
AVG. MINIMUM     72.2              69.5     2.7     72.2
MEAN             83.0              80.2     2.8     82.2
DAYS MAX >= 90     27              18.0     9.0       19
DAYS MAX <= 32      0               0.0     0.0        0
DAYS MIN <= 32      0               0.0     0.0        0
DAYS MIN <= 0       0               0.0     0.0        0

PRECIPITATION (INCHES)
RECORD
 MAXIMUM        17.41   1989
 MINIMUM         1.16   1944
TOTALS           8.38              7.73    0.65     6.54
DAILY AVG.       0.28              0.26    0.02     0.23
DAYS >= .01        10              13.6    -3.6       20
DAYS >= .10         8               9.5    -1.5       11
DAYS >= .50         3               4.6    -1.6        7
DAYS >= 1.00        2               2.4    -0.4        0
GREATEST
 24 HR. TOTAL    4.19   06/05 TO 06/06

SNOWFALL (INCHES)
RECORDS
 TOTAL            0.0
TOTALS            0.0
SINCE 7/1         0.0               0.1    -0.1      0.0
SNOWDEPTH AVG.      0
DAYS >= 1.0         0               0.0     0.0        0
GREATEST
 SNOW DEPTH         0
 24 HR TOTAL      0.0

DEGREE_DAYS
HEATING TOTAL       0                 0       0        0
 SINCE 7/1        943              1595    -652     1441
COOLING TOTAL     548               457      91      504
 SINCE 1/1       1158               903     255     1325
.................................................................

WIND (MPH)
AVERAGE WIND SPEED              5.0
HIGHEST WIND SPEED/DIRECTION    30/270    DATE  06/17
HIGHEST GUST SPEED/DIRECTION    42/160    DATE  06/26

SKY COVER
AVERAGE SKY COVER           0.40

AVERAGE RH (PERCENT)     68

WEATHER CONDITIONS. NUMBER OF DAYS WITH
THUNDERSTORM              0     MIXED PRECIP               0
HEAVY RAIN                5     RAIN                       6
LIGHT RAIN               12     FREEZING RAIN              0
LT FREEZING RAIN          0     HAIL                       0
HEAVY SNOW                0     SNOW                       0
LIGHT SNOW                0     SLEET                      0
FOG                      22     FOG W/VIS <= 1/4 MILE      1
HAZE                      6

-  INDICATES NEGATIVE NUMBERS.
R  INDICATES RECORD WAS SET OR TIED.
MM INDICATES DATA IS MISSING.
T  INDICATES TRACE AMOUNT.

$$
