048
CXUS52 KTAE 031929
CLMTLH

CLIMATE REPORT
NATIONAL WEATHER SERVICE TALLAHASSEE FL
328 PM EDT TUE MAY 3 2016

...................................

...THE TALLAHASSEE CLIMATE SUMMARY FOR THE MONTH OF APRIL 2016...

CLIMATE NORMAL PERIOD 1981 TO 2010
CLIMATE RECORD PERIOD 1896 TO 2016

WEATHER         OBSERVED          NORMAL  DEPART  LAST YEAR`S
                 VALUE   DATE(S)  VALUE   FROM    VALUE  DATE(S)
                                          NORMAL
................................................................
TEMPERATURE (F)
RECORD
 HIGH              95   04/30/2012
                        04/24/1999
                        04/22/1968
 LOW               29   04/01/1987
                        04/08/1971
HIGHEST            91   04/30                         91  04/08
                        04/29
LOWEST             43   04/09                         55  04/30
AVG. MAXIMUM     81.8              79.9     1.9     83.3
AVG. MINIMUM     56.6              52.3     4.3     64.6
MEAN             69.2              66.1     3.1     73.9
DAYS MAX >= 90      2               0.9     1.1        3
DAYS MAX <= 32      0               0.0     0.0        0
DAYS MIN <= 32      0               0.2    -0.2        0
DAYS MIN <= 0       0               0.0     0.0        0

PRECIPITATION (INCHES)
RECORD
 MAXIMUM        13.13   1973
 MINIMUM         0.11   1903
TOTALS           6.49              3.06    3.43     4.27
DAILY AVG.       0.22              0.10    0.12     0.14
DAYS >= .01         8               6.1     1.9       12
DAYS >= .10         5               3.9     1.1        6
DAYS >= .50         4               1.8     2.2        3
DAYS >= 1.00        3               1.0     2.0        2
GREATEST
 24 HR. TOTAL    3.85   04/01 TO 04/02

SNOWFALL (INCHES)
RECORDS
 TOTAL             MM   MM
TOTALS            0.0
SINCE 7/1         0.0               0.1    -0.1      0.0
SNOWDEPTH AVG.      0
DAYS >= 1.0         0               0.0     0.0        0
GREATEST
 SNOW DEPTH         0
 24 HR TOTAL      0.0

DEGREE_DAYS
HEATING TOTAL      12                66     -54        0
 SINCE 7/1        943              1590    -647     1441
COOLING TOTAL     147                99      48      275
 SINCE 1/1        258               153     105      402
.................................................................

WIND (MPH)
AVERAGE WIND SPEED              6.3
HIGHEST WIND SPEED/DIRECTION    26/220    DATE  04/28
HIGHEST GUST SPEED/DIRECTION    34/200    DATE  04/28

SKY COVER
AVERAGE SKY COVER           0.50

AVERAGE RH (PERCENT)     64

WEATHER CONDITIONS. NUMBER OF DAYS WITH
THUNDERSTORM              0     MIXED PRECIP               0
HEAVY RAIN                4     RAIN                       4
LIGHT RAIN                8     FREEZING RAIN              0
LT FREEZING RAIN          0     HAIL                       0
HEAVY SNOW                0     SNOW                       0
LIGHT SNOW                0     SLEET                      0
FOG                      12     FOG W/VIS <= 1/4 MILE      5
HAZE                      4

-  INDICATES NEGATIVE NUMBERS.
R  INDICATES RECORD WAS SET OR TIED.
MM INDICATES DATA IS MISSING.
T  INDICATES TRACE AMOUNT.

$$
