000
CXUS55 KLKN 020248
CLMTPH


CLIMATE REPORT
NATIONAL WEATHER SERVICE ELKO NV
626 PM PST SUN MAR 1 2015

...................................

...THE TONOPAH AIRPORT NV CLIMATE SUMMARY FOR THE MONTH OF FEBRUARY 2015...

CLIMATE NORMAL PERIOD 1981 TO 2010
CLIMATE RECORD PERIOD 1954 TO 2015

WEATHER         OBSERVED          NORMAL  DEPART  LAST YEAR`S
                 VALUE   DATE(S)  VALUE   FROM    VALUE  DATE(S)
                                          NORMAL
................................................................
TEMPERATURE (F)
RECORD
 HIGH              75   02/25/1986
 LOW               -9   02/07/1989
HIGHEST            71   02/13        63       8       68  02/14
LOWEST             25   02/24        11      14       13  02/02
                        02/18                             02/01
                        02/10
AVG. MAXIMUM     59.9              49.2    10.7     53.7
AVG. MINIMUM     30.0              24.3     5.7     25.9
MEAN             45.0              36.8     8.2     39.8
DAYS MAX >= 90      0               0.0     0.0        0
DAYS MAX <= 32      0               0.7    -0.7        0
DAYS MIN <= 32     21              25.0    -4.0       23
DAYS MIN <= 0       0               0.1    -0.1        0

PRECIPITATION (INCHES)
RECORD
 MAXIMUM         2.68   1968
 MINIMUM         0.00   2003
                        1995
                        1977
TOTALS           0.01              0.52   -0.51     0.55
DAILY AVG.       0.00              0.02   -0.02     0.02
DAYS >= .01         1               4.4    -3.4        2
DAYS >= .10         0               1.9    -1.9        2
DAYS >= .50         0               0.0     0.0        0
DAYS >= 1.00        0               0.0     0.0        0
GREATEST
 24 HR. TOTAL    0.01   02/22 TO 02/22              0.34
                        02/21 TO 02/22
                        02/22 TO 02/22

DEGREE_DAYS
HEATING TOTAL     553               791    -238      700
 SINCE 7/1       3122              4042    -920     3773
COOLING TOTAL       0                 0       0        0
 SINCE 1/1          0                 0       0        0
.................................................................

WIND (MPH)
AVERAGE WIND SPEED              9.5
HIGHEST WIND SPEED/DIRECTION    30/320    DATE  02/26
HIGHEST GUST SPEED/DIRECTION    47/350    DATE  02/26

AVERAGE RH (PERCENT)     37

WEATHER CONDITIONS. NUMBER OF DAYS WITH
THUNDERSTORM              0     MIXED PRECIP               0
HEAVY RAIN                0     RAIN                       0
LIGHT RAIN                1     FREEZING RAIN              0
LT FREEZING RAIN          0     HAIL                       0
HEAVY SNOW                0     SNOW                       0
LIGHT SNOW                1     SLEET                      0
FOG                       2     FOG W/VIS <= 1/4 MILE      1
HAZE                      2

-  INDICATES NEGATIVE NUMBERS.
R  INDICATES RECORD WAS SET OR TIED.
MM INDICATES DATA IS MISSING.
T  INDICATES TRACE AMOUNT.

&&

=================================================================

...WARMEST FEBRUARY ON RECORD AT TONOPAH AIRPORT...
...7TH DRIEST FEBRUARY ON RECORD AT TONOPAH AIRPORT...

THE AVERAGE TEMPERATURE AT TONOPAH AIRPORT DURING FEBRUARY 2015
WAS 45.0 DEGREES...WHICH IS 8.2 DEGREES ABOVE THE 1981-2010
CLIMATOLOGICAL NORMAL OF 36.8 DEGREES. THIS MAKES FEBRUARY 2015
THE WARMEST ON RECORD...BREAKING THE OLD RECORD OF 43.9 DEGREES
FROM 1995. THE TOTAL PRECIPITATION WAS 0.01 INCHES...WHICH IS
0.51 INCHES OR 98 PERCENT BELOW THE 1981-2010 CLIMATOLOGICAL
NORMAL OF 0.52 INCHES. THIS MAKES FEBRUARY 2015 THE 7TH DRIEST ON
RECORD.

A RECORD HIGH OF 63 DEGREES WAS SET ON FEBRUARY 3RD.
A RECORD HIGH OF 71 DEGREES WAS SET ON FEBRUARY 13TH.
A RECORD HIGH OF 70 DEGREES WAS SET ON FEBRUARY 14TH.
A RECORD HIGH OF 68 DEGREES WAS SET ON FEBRUARY 18TH.


$$

RCM
