000
CXUS54 KMRX 011543
CLMTRI


CLIMATE REPORT
NATIONAL WEATHER SERVICE MORRISTOWN TN
1143 AM EDT TUE SEP 1 2015

...................................

...THE TRI-CITIES      ASOS CLIMATE SUMMARY FOR THE MONTH OF AUGUST 2015...

CLIMATE NORMAL PERIOD 1981 TO 2010
CLIMATE RECORD PERIOD 1934 TO 2015

WEATHER         OBSERVED          NORMAL  DEPART
                 VALUE   DATE(S)  VALUE   FROM
                                          NORMAL
................................................
TEMPERATURE (F)
HIGHEST            93   08/04
LOWEST             55   08/26
AVG. MAXIMUM     85.7              85.1     0.6
AVG. MINIMUM     62.7              62.5     0.2
MEAN             74.2              73.8     0.4
DAYS MAX >= 90      3
DAYS MAX <= 32      0
DAYS MIN <= 32      0
DAYS MIN <= 0       0

PRECIPITATION (INCHES)
RECORD
 MAXIMUM        11.34   2003
 MINIMUM         0.37   2007
TOTALS           6.01              3.47    2.54
DAYS >= .01        13
DAYS >= .10         8
DAYS >= .50         6
DAYS >= 1.00        1
GREATEST
 24 HR. TOTAL    2.42   08/18 TO 08/19

SNOWFALL (INCHES)
TOTALS            0.0               0.0     0.0
SINCE 7/1         0.0
SNOWDEPTH AVG.      0
DAYS >= TRACE       0
GREATEST
 SNOW DEPTH         0   MM

DEGREE_DAYS
HEATING TOTAL       0                 1      -1
 SINCE 7/1          0                 1      -1
COOLING TOTAL     291               274      17
 SINCE 1/1       1134               852     282
.................................................



-  INDICATES NEGATIVE NUMBERS.
R  INDICATES RECORD WAS SET OR TIED.
MM INDICATES DATA IS MISSING.
T  INDICATES TRACE AMOUNT.

$$
