000
CXUS56 KPQR 011507
CLMTTD


CLIMATE REPORT
NATIONAL WEATHER SERVICE PORTLAND OREGON
807 AM PDT SAT AUG 1 2015

...................................

...THE TROUTDALE OR CLIMATE SUMMARY FOR THE MONTH OF JULY 2015...

CLIMATE NORMAL PERIOD 1981 TO 2010
CLIMATE RECORD PERIOD 1948 TO 2015

WEATHER         OBSERVED          NORMAL  DEPART  LAST YEAR`S
                 VALUE   DATE(S)  VALUE   FROM    VALUE  DATE(S)
                                          NORMAL
................................................................
TEMPERATURE (F)
HIGHEST           104                                 95  07/01
LOWEST             54                                 53  07/26
                                                          07/25
AVG. MAXIMUM     87.6              81.4     6.2     84.1
AVG. MINIMUM     59.8              54.0     5.8     59.1
MEAN             73.7              67.7     6.0     71.6
DAYS MAX >= 90     12               5.6     6.4        7
DAYS MAX <= 32      0               0.0     0.0        0
DAYS MIN <= 32      0               0.0     0.0        0
DAYS MIN <= 0       0               0.0     0.0        0

PRECIPITATION (INCHES)
RECORD
 MAXIMUM           MM   MM
 MINIMUM           MM   MM
TOTALS           0.56              0.74   -0.18     1.07
DAYS >= .01         3               3.9    -0.9        3
DAYS >= .10         2               2.3    -0.3        2
DAYS >= .50         0               0.5    -0.5        1
DAYS >= 1.00        0               0.0     0.0        0
GREATEST
 24 HR. TOTAL    0.24   07/24 TO 07/25
                        07/25 TO 07/25
                        07/25 TO 07/26

DEGREE_DAYS
HEATING TOTAL       1                33     -32        4
 SINCE 7/1          1                33     -32        4
COOLING TOTAL     281               116     165      217
 SINCE 1/1        464               175              270
.................................................................

WIND (MPH)
AVERAGE WIND SPEED              3.9
RESULTANT WIND SPEED/DIRECTION   0/185
HIGHEST WIND SPEED/DIRECTION    16/240    DATE  07/19
HIGHEST GUST SPEED/DIRECTION    25/160    DATE  07/15

SKY COVER
POSSIBLE SUNSHINE (PERCENT)   MM
AVERAGE SKY COVER           0.30
NUMBER OF DAYS FAIR           21
NUMBER OF DAYS PC              6
NUMBER OF DAYS CLOUDY          4

AVERAGE RH (PERCENT)     54

WEATHER CONDITIONS. NUMBER OF DAYS WITH
THUNDERSTORM              0     MIXED PRECIP               0
HEAVY RAIN                1     RAIN                       2
LIGHT RAIN                4     FREEZING RAIN              0
LT FREEZING RAIN          0     HAIL                       0
HEAVY SNOW                0     SNOW                       0
LIGHT SNOW                0     SLEET                      0
FOG                       3     FOG W/VIS <= 1/4 MILE      0
HAZE                      2

-  INDICATES NEGATIVE NUMBERS.
R  INDICATES RECORD WAS SET OR TIED.
MM INDICATES DATA IS MISSING.
T  INDICATES TRACE AMOUNT.

$$
