000
CXUS56 KPQR 011529
CLMTTD


CLIMATE REPORT
NATIONAL WEATHER SERVICE PORTLAND OREGON
729 AM PST FRI DEC 1 2017

...................................

...THE TROUTDALE OR CLIMATE SUMMARY FOR THE MONTH OF NOVEMBER 2017...

CLIMATE NORMAL PERIOD 1981 TO 2010
CLIMATE RECORD PERIOD 1948 TO 2017

WEATHER         OBSERVED          NORMAL  DEPART  LAST YEAR`S
                 VALUE   DATE(S)  VALUE   FROM    VALUE  DATE(S)
                                          NORMAL
................................................................
TEMPERATURE (F)
HIGHEST            65                                 67  11/10
                                                          11/08
                                                          11/04
LOWEST             32                                 40  11/22
AVG. MAXIMUM     52.9              52.5     0.4     57.4
AVG. MINIMUM     42.9              38.7     4.2     47.7
MEAN             47.9              45.6     2.3     52.6
DAYS MAX >= 90      0               0.0     0.0        0
DAYS MAX <= 32      0               0.1    -0.1        0
DAYS MIN <= 32      1               4.2    -3.2        0
DAYS MIN <= 0       0               0.0     0.0        0

PRECIPITATION (INCHES)
RECORD
 MAXIMUM           MM   MM
 MINIMUM           MM   MM
TOTALS           6.12              7.28   -1.16     6.66
DAYS >= .01        22              19.1     2.9       21
DAYS >= .10        19              15.0     4.0       14
DAYS >= .50         3               4.4    -1.4        4
DAYS >= 1.00        0               1.2    -1.2        3
GREATEST
 24 HR. TOTAL    0.95   11/15 TO 11/15

DEGREE_DAYS
HEATING TOTAL     504               582     -78      367
 SINCE 7/1        901              1102    -201      725
COOLING TOTAL       0                 0       0        0
 SINCE 1/1        673               340              505
.................................................................

WIND (MPH)
AVERAGE WIND SPEED              9.8
RESULTANT WIND SPEED/DIRECTION   6/104
HIGHEST WIND SPEED/DIRECTION    35/090    DATE  11/26
HIGHEST GUST SPEED/DIRECTION    44/090    DATE  11/21

SKY COVER
POSSIBLE SUNSHINE (PERCENT)   MM
AVERAGE SKY COVER           0.80
NUMBER OF DAYS FAIR            2
NUMBER OF DAYS PC              8
NUMBER OF DAYS CLOUDY         20

AVERAGE RH (PERCENT)     77

WEATHER CONDITIONS. NUMBER OF DAYS WITH
THUNDERSTORM              0     MIXED PRECIP               0
HEAVY RAIN                4     RAIN                       8
LIGHT RAIN               24     FREEZING RAIN              0
LT FREEZING RAIN          0     HAIL                       0
HEAVY SNOW                0     SNOW                       0
LIGHT SNOW                0     SLEET                      0
FOG                      22     FOG W/VIS <= 1/4 MILE      3
HAZE                      0

-  INDICATES NEGATIVE NUMBERS.
R  INDICATES RECORD WAS SET OR TIED.
MM INDICATES DATA IS MISSING.
T  INDICATES TRACE AMOUNT.

$$
