000
CXUS55 KREV 011345
CLMTVL


CLIMATE REPORT
NATIONAL WEATHER SERVICE RENO NV
628 AM PDT TUE AUG 1 2017

...................................

...THE SOUTH LAKE TAHOE CA CLIMATE SUMMARY FOR THE MONTH OF JULY 2017...

THE AVERAGE TEMPERATURE FOR JULY 2017 AT SOUTH LAKE TAHOE WAS 64.2
DEGREES WHICH IS 3.1 DEGREES ABOVE NORMAL. THE HIGHEST TEMPERATURE
FOR JULY WAS 89 DEGREES WHICH OCCURRED ON THE 8TH AND 31ST. THE LOWEST
TEMPERATURE FOR THE MONTH WAS 34 DEGREES WHICH WAS RECORDED ON THE
20TH.

FOR JULY 2017 0.11 INCHES OF PRECIPITATION WAS RECORDED AT SOUTH
LAKE TAHOE. THIS IS 0.32 INCHES BELOW NORMAL.

THE AVERAGE WIND SPEED FOR THE MONTH WAS 4.5 MPH. THE PEAK WIND GUST
FOR THE MONTH WAS 36 MPH FROM THE SOUTH WHICH OCCURRED ON THE 18TH.

CLIMATE NORMAL PERIOD 1981 TO 2010
CLIMATE RECORD PERIOD 1968 TO 2017

WEATHER         OBSERVED          NORMAL  DEPART
                 VALUE   DATE(S)  VALUE   FROM
                                          NORMAL
................................................
TEMPERATURE (F)
RECORD
 HIGH              99   07/22/1988
 LOW               25   07/01/1976
HIGHEST            89   07/31        99     -10
                        07/08
LOWEST             34   07/20        25       9
AVG. MAXIMUM     83.1              80.8     2.3
AVG. MINIMUM     45.3              41.4     3.9
MEAN             64.2              61.1     3.1
DAYS MAX >= 90      0               1.0    -1.0
DAYS MAX <= 32      0               0.0     0.0
DAYS MIN <= 32      0               1.3    -1.3
DAYS MIN <= 0       0               0.0     0.0

PRECIPITATION (INCHES)
RECORD
 MAXIMUM           MM   MM
 MINIMUM           MM   MM
TOTALS           0.11              0.43   -0.32
DAILY AVG.       0.00              0.01   -0.01
DAYS >= .01         1                MM      MM
DAYS >= .10         1                MM      MM
DAYS >= .50         0                MM      MM
DAYS >= 1.00        0                MM      MM
GREATEST
 24 HR. TOTAL    0.11   07/06 TO 07/06
 STORM TOTAL       MM
 (MM/DD(HH))            MM

SNOWFALL (INCHES)
 LIQUID EQUIV    0.00                MM      MM
 LIQUID 7/1      0.00
GREATEST
 SNOW DEPTH         0   MM

DEGREE_DAYS
HEATING TOTAL      47               138     -91
 SINCE 7/1         47               138     -91
COOLING TOTAL      29                18      11
 SINCE 1/1         48                19      29

FREEZE DATES
RECORD
 EARLIEST     MM
 LATEST       MM
EARLIEST                        09/16
LATEST                          05/18
.................................................

WIND (MPH)
AVERAGE WIND SPEED              4.5
HIGHEST WIND SPEED/DIRECTION    25/190    DATE  07/18
HIGHEST GUST SPEED/DIRECTION    36/180    DATE  07/18

AVERAGE RH (PERCENT)     51

WEATHER CONDITIONS. NUMBER OF DAYS WITH
THUNDERSTORM              0     MIXED PRECIP               0
HEAVY RAIN                1     RAIN                       0
LIGHT RAIN                1     FREEZING RAIN              0
LT FREEZING RAIN          0     HAIL                       0
HEAVY SNOW                0     SNOW                       0
LIGHT SNOW                0     SLEET                      0
FOG                       2     FOG W/VIS <= 1/4 MILE      0
HAZE                      3

-  INDICATES NEGATIVE NUMBERS.
R  INDICATES RECORD WAS SET OR TIED.
MM INDICATES DATA IS MISSING.
T  INDICATES TRACE AMOUNT.

$$
