000
CXUS54 KMRX 012041
CLMTYS

CLIMATE REPORT
NATIONAL WEATHER SERVICE MORRISTOWN TN
437 PM EDT SAT AUG 1 2015

...................................

...THE KNOXVILLE CLIMATE SUMMARY FOR THE MONTH OF JULY 2015...

CLIMATE NORMAL PERIOD 1981 TO 2010
CLIMATE RECORD PERIOD 1871 TO 2015

WEATHER         OBSERVED          NORMAL  DEPART
                 VALUE   DATE(S)  VALUE   FROM
                                          NORMAL
................................................
TEMPERATURE (F)
HIGHEST            92   07/29
                        07/28
                        07/27
LOWEST             66   07/16
AVG. MAXIMUM     86.8              88.2    -1.4
AVG. MINIMUM     70.1              68.7     1.4
MEAN             78.5              78.4     0.1
DAYS MAX >= 90     11
DAYS MAX <= 32      0
DAYS MIN <= 32      0
DAYS MIN <= 0       0

PRECIPITATION (INCHES)
RECORD
 MAXIMUM        13.16   1917
 MINIMUM         0.33   1995
TOTALS           6.49              5.08    1.41
DAYS >= .01        15
DAYS >= .10        13
DAYS >= .50         6
DAYS >= 1.00        2
GREATEST
 24 HR. TOTAL    1.66   07/14 TO 07/15

SNOWFALL (INCHES)
TOTALS            0.0               0.0     0.0
SINCE 7/1         0.0
SNOWDEPTH AVG.      0
DAYS >= TRACE       0
GREATEST
 SNOW DEPTH         0   MM

DEGREE_DAYS
HEATING TOTAL       0                 0       0
 SINCE 7/1          0                 0       0
COOLING TOTAL     424               417       7
 SINCE 1/1       1057               884     173
.................................................



-  INDICATES NEGATIVE NUMBERS.
R  INDICATES RECORD WAS SET OR TIED.
MM INDICATES DATA IS MISSING.
T  INDICATES TRACE AMOUNT.

$$
