000
CXUS53 KLOT 011341
CLMUGN


CLIMATE REPORT
NATIONAL WEATHER SERVICE CHICAGO IL
828 AM CDT MON JUN 1 2015

...................................

...THE WAUKEGAN   CLIMATE SUMMARY FOR THE MONTH OF MAY 2015...

CLIMATE NORMAL PERIOD 1981 TO 2010
CLIMATE RECORD PERIOD 2000 TO 2015

WEATHER         OBSERVED          NORMAL  DEPART  LAST YEAR`S
                 VALUE   DATE(S)  VALUE   FROM    VALUE
                                          NORMAL
.............................................................
TEMPERATURE (F)
RECORD
 HIGH              92   05/28/2012
 LOW                    05/28/2008
                        05/04/2008
HIGHEST            83   05/07        MM      MM       87
LOWEST             33   05/19        MM      MM       33
                        05/13
AVG. MAXIMUM     66.8              65.9     0.9     66.3
AVG. MINIMUM     46.5              45.5     1.0     45.4
MEAN             56.7              55.7     1.0     55.9

PRECIPITATION (INCHES)
RECORD
 MAXIMUM         8.69   2004
 MINIMUM         1.16   2007
TOTALS           3.98              4.01   -0.03     5.04

DEGREE_DAYS
HEATING TOTAL     275               309     -34      302
 SINCE 7/1       7384              6751     633     7943
COOLING TOTAL      25                21       4       23
 SINCE 1/1         25                25       0       23
..............................................................

WIND (MPH)
AVERAGE WIND SPEED              8.0
HIGHEST WIND SPEED/DIRECTION    31/200    DATE  05/25
HIGHEST GUST SPEED/DIRECTION    43/200    DATE  05/25

AVERAGE RH (PERCENT)     74


-  INDICATES NEGATIVE NUMBERS.
R  INDICATES RECORD WAS SET OR TIED.
MM INDICATES DATA IS MISSING.
T  INDICATES TRACE AMOUNT.

$$
