616
CXUS56 KSEW 011817 CCA
CLMUIL

CLIMATE REPORT...CORRECTED
NATIONAL WEATHER SERVICE SEATTLE WA
1016 AM PST MON FEB 1 2016

...................................

...THE QUILLAYUTE WA AIRPORT CLIMATE SUMMARY FOR THE MONTH OF JANUARY 2016...

CLIMATE NORMAL PERIOD 1981 TO 2010
CLIMATE RECORD PERIOD 1966 TO 2016

WEATHER         OBSERVED          NORMAL  DEPART  LAST YEAR`S
                 VALUE   DATE(S)  VALUE   FROM    VALUE  DATE(S)
                                          NORMAL
................................................................
TEMPERATURE (F)
RECORD
 HIGH              69   01/21/2005
 LOW                7   01/23/1969
HIGHEST            56   01/27        MM      MM       60  01/29
                                                          01/08
LOWEST             20   01/04        MM      MM       22  01/01
AVG. MAXIMUM     50.4              47.1     3.3     53.4
AVG. MINIMUM     37.6              36.0     1.6     37.8
MEAN             44.0              41.6     2.4     45.6
DAYS MAX >= 90      0               0.0     0.0        0
DAYS MAX <= 32      0               0.2    -0.2        0
DAYS MIN <= 32      8               9.3    -1.3        8
DAYS MIN <= 0       0               0.0     0.0        0

PRECIPITATION (INCHES)
RECORD
 MAXIMUM        24.02   2006
 MINIMUM         1.22   1985
TOTALS          15.72             14.61    1.11    11.53
DAILY AVG.       0.51              0.47    0.04     0.37
DAYS >= .01        21              22.8    -1.8       18
DAYS >= .10        18              18.8    -0.8        8
DAYS >= .50        10               9.8     0.2        3
DAYS >= 1.00        5               4.9     0.1        3
GREATEST
 24 HR. TOTAL    3.31   01/21 TO 01/22

DEGREE_DAYS
HEATING TOTAL     641               727     -86      595
 SINCE 7/1       2620              3205    -585     2454
COOLING TOTAL       0                 0       0        0
 SINCE 1/1          0                 0       0        0
.................................................................

WIND (MPH)
AVERAGE WIND SPEED              6.1
HIGHEST WIND SPEED/DIRECTION    25/240    DATE  01/29
HIGHEST GUST SPEED/DIRECTION    47/160    DATE  01/27

SKY COVER
POSSIBLE SUNSHINE (PERCENT)   MM
AVERAGE SKY COVER           0.70
NUMBER OF DAYS FAIR            6
NUMBER OF DAYS PC              7
NUMBER OF DAYS CLOUDY         18

AVERAGE RH (PERCENT)     85

WEATHER CONDITIONS. NUMBER OF DAYS WITH
THUNDERSTORM              0     MIXED PRECIP               0
HEAVY RAIN                9     RAIN                      17
LIGHT RAIN               23     FREEZING RAIN              0
LT FREEZING RAIN          0     HAIL                       0
HEAVY SNOW                0     SNOW                       0
LIGHT SNOW                0     SLEET                      0
FOG                      25     FOG W/VIS <= 1/4 MILE      2
HAZE                      0

-  INDICATES NEGATIVE NUMBERS.
R  INDICATES RECORD WAS SET OR TIED.
MM INDICATES DATA IS MISSING.
T  INDICATES TRACE AMOUNT.

$$
