000
CXUS54 KCRP 011840
CLMVCT

CLIMATE REPORT
NATIONAL WEATHER SERVICE CORPUS CHRISTI TX
123 PM CDT MON AUG 1 2016

...................................

...THE VICTORIA CLIMATE SUMMARY FOR THE MONTH OF JULY 2016...

CLIMATE NORMAL PERIOD 1981 TO 2010
CLIMATE RECORD PERIOD 1893 TO 2016

WEATHER         OBSERVED          NORMAL  DEPART  LAST YEAR`S
                 VALUE   DATE(S)  VALUE   FROM    VALUE  DATE(S)
                                          NORMAL
................................................................
TEMPERATURE (F)
RECORD
 HIGH             110   07/09/1939
                        07/08/1939
 LOW               61   07/11/1905
HIGHEST           100   07/23        94       6      102  07/31
                        07/22
LOWEST             72   07/22        75      -3       71  07/30
                        07/21                             07/25
                                                          07/14
AVG. MAXIMUM     96.0              93.8     2.2     95.1
AVG. MINIMUM     75.7              74.0     1.7     74.1
MEAN             85.9              83.9     2.0     84.6
DAYS MAX >= 90     30              27.3     2.7       31
DAYS MAX <= 32      0               0.0     0.0        0
DAYS MIN <= 32      0               0.0     0.0        0
DAYS MIN <= 0       0               0.0     0.0        0

PRECIPITATION (INCHES)
RECORD
 MAXIMUM        20.34   2007
 MINIMUM         0.00   1912
TOTALS           0.66              4.18   -3.52     0.70
DAILY AVG.       0.02              0.13   -0.11     0.02
DAYS >= .01         6               7.9    -1.9        4
DAYS >= .10         1               5.0    -4.0        3
DAYS >= .50         1               2.7    -1.7        0
DAYS >= 1.00        0               1.4    -1.4        0
GREATEST
 24 HR. TOTAL    0.50   07/28 TO 07/28           07/30 TO 07/31


SNOWFALL (INCHES)
RECORDS
 TOTAL            0.0   MM
 24 HR TOTAL      0.0   MM
TOTALS            0.0               0.0     0.0      0.0
SINCE 7/1         0.0               0.0     0.0      0.0
SNOWDEPTH AVG.      0                MM      MM        0
DAYS >= 1.0         0               0.0     0.0        0
GREATEST
 SNOW DEPTH         0   MM                             0
 24 HR TOTAL      0.0   MM                           0.0

DEGREE_DAYS
HEATING TOTAL       0                 0       0        0
 SINCE 7/1          0                 0       0        0
COOLING TOTAL     654               586      68      614
 SINCE 1/1       1897              1753     144     1811
..................................................

WIND (MPH)
AVERAGE WIND SPEED              10.2
HIGHEST WIND SPEED/DIRECTION    29/160    DATE  07/11
HIGHEST GUST SPEED/DIRECTION    35/160    DATE  07/11

SKY COVER
AVERAGE SKY COVER           0.30

AVERAGE RH (PERCENT)     71

WEATHER CONDITIONS. NUMBER OF DAYS WITH
THUNDERSTORM              5     MIXED PRECIP               0
HEAVY RAIN                1     RAIN                       2
LIGHT RAIN                8     FREEZING RAIN              0
LT FREEZING RAIN          0     HAIL                       0
HEAVY SNOW                0     SNOW                       0
LIGHT SNOW                0     SLEET                      0
FOG                      22     FOG W/VIS <= 1/4 MILE      0
HAZE                     14

-  INDICATES NEGATIVE NUMBERS.
R  INDICATES RECORD WAS SET OR TIED.
MM INDICATES DATA IS MISSING.
T  INDICATES TRACE AMOUNT.

$$

KW
