000
CXUS54 KCRP 012210 CCA
CLMVCT

CLIMATE REPORT...CORRECTION
NATIONAL WEATHER SERVICE CORPUS CHRISTI TX
510 PM CDT WED NOV 1 2017

...................................

...THE VICTORIA CLIMATE SUMMARY FOR THE MONTH OF OCTOBER 2017...

CLIMATE NORMAL PERIOD 1981 TO 2010
CLIMATE RECORD PERIOD 1893 TO 2017

WEATHER         OBSERVED          NORMAL  DEPART  LAST YEAR`S
                 VALUE   DATE(S)  VALUE   FROM    VALUE  DATE(S)
                                          NORMAL
................................................................
TEMPERATURE (F)
RECORD
 HIGH             109   10/11/1926
 LOW               31   10/31/1993
HIGHEST            92   10/21        83       9       93  10/19
                        10/13                             10/18
                        10/12                             10/17
LOWEST             32   10/29        62     -30       42  10/22
AVG. MAXIMUM     84.3              83.5     0.8     88.3
AVG. MINIMUM     58.7              60.9    -2.2     60.9
MEAN             71.5              72.2    -0.7     74.6
DAYS MAX >= 90     12               4.3     7.7       10
DAYS MAX <= 32      0               0.0     0.0        0
DAYS MIN <= 32      1               0.0     1.0        0
DAYS MIN <= 0       0               0.0     0.0        0

PRECIPITATION (INCHES)
RECORD
 MAXIMUM        17.25   1960
 MINIMUM         0.00   1921
                        1917
                        1893
TOTALS           0.58              4.64   -4.06     0.06
DAILY AVG.       0.02              0.15   -0.13     0.00
DAYS >= .01         6               7.6    -1.6        3
DAYS >= .10         1               5.0    -4.0        0
DAYS >= .50         0               2.9    -2.9        0
DAYS >= 1.00        0               1.5    -1.5        0
GREATEST
 24 HR. TOTAL    0.48   10/31 TO 10/31           10/20 TO 10/20


SNOWFALL (INCHES)
RECORDS
 TOTAL            0.0   MM
 24 HR TOTAL      0.0   MM
TOTALS            0.0               0.0     0.0      0.0
SINCE 7/1         0.0               0.0     0.0      0.0
SNOWDEPTH AVG.      0                MM      MM        0
DAYS >= 1.0         0               0.0     0.0        0
GREATEST
 SNOW DEPTH         0   MM                             0
 24 HR TOTAL      0.0   MM                           0.0

DEGREE_DAYS
HEATING TOTAL      44                22      22        6
 SINCE 7/1         44                23      21        6
COOLING TOTAL     255               245      10      308
 SINCE 1/1       3540              3043     497     3296
.................................................

WIND (MPH)
AVERAGE WIND SPEED              7.2
HIGHEST WIND SPEED/DIRECTION    29/140    DATE  10/03
HIGHEST GUST SPEED/DIRECTION    37/130    DATE  10/03

SKY COVER
AVERAGE SKY COVER           0.30

AVERAGE RH (PERCENT)     69

WEATHER CONDITIONS. NUMBER OF DAYS WITH
THUNDERSTORM              2     MIXED PRECIP               0
HEAVY RAIN                1     RAIN                       2
LIGHT RAIN                7     FREEZING RAIN              0
LT FREEZING RAIN          0     HAIL                       0
HEAVY SNOW                0     SNOW                       0
LIGHT SNOW                0     SLEET                      0
FOG                      20     FOG W/VIS <= 1/4 MILE      8
HAZE                      5

-  INDICATES NEGATIVE NUMBERS.
R  INDICATES RECORD WAS SET OR TIED.
MM INDICATES DATA IS MISSING.
T  INDICATES TRACE AMOUNT.

$$

ANM...CORRECTED FOR RECORD MIN RAINFALL.
