000
CXUS53 KLOT 011548
CLMVPZ


CLIMATE REPORT
NATIONAL WEATHER SERVICE CHICAGO IL
828 AM CST SUN MAR 1 2015

...................................

...THE VALPARAISO CLIMATE SUMMARY FOR THE MONTH OF FEBRUARY 2015...

CLIMATE NORMAL PERIOD 1981 TO 2010
CLIMATE RECORD PERIOD 1998 TO 2015

WEATHER         OBSERVED          NORMAL  DEPART  LAST YEAR`S
                 VALUE   DATE(S)  VALUE   FROM    VALUE
                                          NORMAL
.............................................................
TEMPERATURE (F)
RECORD
 HIGH              71   02/25/2000
 LOW              -14   02/20/2015
HIGHEST            42   02/07        36       6       48
LOWEST            -14R  02/20        20     -34      -11
AVG. MAXIMUM     23.6              35.3   -11.7     24.1
AVG. MINIMUM      5.8              19.9   -14.1      7.0
MEAN             14.7              27.6   -12.9     15.6

PRECIPITATION (INCHES)
RECORD
 MAXIMUM         3.59   2009
 MINIMUM         0.31   2003
TOTALS           0.71              1.42   -0.71     1.68

DEGREE_DAYS
HEATING TOTAL    1401              1047     354     1377
 SINCE 7/1       5258              4732     526     5449
COOLING TOTAL       0                 0       0        0
 SINCE 1/1          0                 0       0        0
..............................................................

WIND (MPH)
AVERAGE WIND SPEED              9.1
HIGHEST WIND SPEED/DIRECTION    30/240    DATE  02/24
HIGHEST GUST SPEED/DIRECTION    43/340    DATE  02/14

AVERAGE RH (PERCENT)     72


-  INDICATES NEGATIVE NUMBERS.
R  INDICATES RECORD WAS SET OR TIED.
MM INDICATES DATA IS MISSING.
T  INDICATES TRACE AMOUNT.

$$
