000
CXUS52 KMLB 011342
CLMVRB


CLIMATE REPORT
NATIONAL WEATHER SERVICE MELBOURNE FL
909 AM EDT SAT JUL 1 2017

...................................

...THE VERO BEACH CLIMATE SUMMARY FOR THE MONTH OF JUNE 2017...

CLIMATE NORMAL PERIOD 1981 TO 2010
CLIMATE RECORD PERIOD 1942 TO 2017

WEATHER         OBSERVED          NORMAL  DEPART  LAST YEAR`S
                 VALUE   DATE(S)  VALUE   FROM    VALUE  DATE(S)
                                          NORMAL
................................................................
TEMPERATURE (F)
MONTHLY RECORD
 HOTTEST         83.4   1998
 COLDEST         77.5   1966
DAILY RECORD
 HIGH             102   06/22/2009
 LOW               57   06/01/1984
JUNE 2017
HIGHEST            93   06/27                         94
                        06/26
LOWEST             69   06/16                         70
AVG. MAXIMUM     88.2              88.3    -0.1     89.7
AVG. MINIMUM     73.9              72.1     1.8     74.3
MEAN             81.0              80.2     0.8     82.0
DAYS MAX >= 90      9               8.3     0.7       14
DAYS MAX <= 32      0               0.0     0.0        0
DAYS MIN <= 32      0               0.0     0.0        0
DAYS MIN <= 0       0               0.0     0.0        0

PRECIPITATION (INCHES)
MONTHLY RECORD
 MAXIMUM        20.73   1992
 MINIMUM         0.30   1998
DAILY RECORD
 MAXIMUM         4.60   06/08/1973
JUNE 2017
TOTALS           6.38              6.67   -0.29     4.85
DAYS >= .01        15              13.9     1.1       12
DAYS >= .10        10               9.3     0.7        8
DAYS >= .50         5               4.2     0.8        2
DAYS >= 1.00        3               2.4     0.6        2
GREATEST
 24 HR. TOTAL    1.31   06/16 TO 06/16

SNOWFALL (INCHES)
TOTALS            0.0               0.0     0.0      0.0
SINCE 7/1         0.0               0.0     0.0      0.0
DAYS >= TRACE       0                                  0

DEGREE_DAYS
HEATING TOTAL       0                 0       0        0
 SINCE 7/1        185               456    -271      284
COOLING TOTAL     489               456      33      517
 SINCE 1/1       1554              1262     292     1446
.................................................................

WIND (MPH)
AVERAGE WIND SPEED              7.6
HIGHEST WIND SPEED/DIRECTION    30/250    DATE  06/16
HIGHEST GUST SPEED/DIRECTION    38/270    DATE  06/08

SKY COVER
POSSIBLE SUNSHINE (PERCENT)   MM
AVERAGE SKY COVER           0.30
NUMBER OF DAYS FAIR           24
NUMBER OF DAYS PC              5
NUMBER OF DAYS CLOUDY          1

AVERAGE RH (PERCENT)     81

WEATHER CONDITIONS. NUMBER OF DAYS WITH
THUNDERSTORM             18     MIXED PRECIP               0
HEAVY RAIN                8     RAIN                       9
LIGHT RAIN               17     LT FREEZING RAIN           0
HAIL                      0     LIGHT SNOW                 0
SLEET                     0     FOG                       19
FOG W/VIS <= 1/4 MILE     2     HAZE                       3

-  INDICATES NEGATIVE NUMBERS.
R  INDICATES RECORD WAS SET OR TIED.
MM INDICATES DATA IS MISSING.
T  INDICATES TRACE AMOUNT.

$$

RODRIGUEZ
