000
CXUS52 KMLB 011532 AAA
CLMVRB

CLIMATE REPORT...AMENDED TO INCLUDE SEASONAL CLIMATE
NATIONAL WEATHER SERVICE MELBOURNE FL
1133 AM EDT THU SEP 1 2016

...................................

...THE VERO BEACH CLIMATE SUMMARY FOR THE MONTH OF AUGUST 2016...

CLIMATE NORMAL PERIOD 1981 TO 2010
CLIMATE RECORD PERIOD 1942 TO 2016

WEATHER         OBSERVED          NORMAL  DEPART  LAST YEAR`S
                 VALUE   DATE(S)  VALUE   FROM    VALUE  DATE(S)
                                          NORMAL
................................................................
TEMPERATURE (F)
MONTHLY RECORD
 HOTTEST         83.7   2011
 COLDEST         79.8   1967
DAILY RECORD
 HIGH              98   08/02/1999
                        08/07/1989
 LOW               63   08/03/1972
AUGUST 2016
HIGHEST            96   08/07                         97
LOWEST             71   08/09                         70
                        08/01
AVG. MAXIMUM     90.6              89.8     0.8     91.5
AVG. MINIMUM     75.4              73.6     1.8     74.5
MEAN             83.0              81.7     1.3     83.0
DAYS MAX >= 90     21              14.0     7.0       27
DAYS MAX <= 32      0               0.0     0.0        0
DAYS MIN <= 32      0               0.0     0.0        0
DAYS MIN <= 0       0               0.0     0.0        0

PRECIPITATION (INCHES)
MONTHLY RECORD
 MAXIMUM        18.91   2008
 MINIMUM         1.22   1980
DAILY RECORD
 MAXIMUM         6.48   08/27/2012
AUGUST 2016
TOTALS          12.18              7.03    5.15     9.07
DAYS >= .01        17              14.2     2.8       14
DAYS >= .10        10               9.1     0.9       12
DAYS >= .50         7               4.2     2.8        6
DAYS >= 1.00        5               2.0     3.0        3
GREATEST
 24 HR. TOTAL    6.10   08/07 TO 08/08

SNOWFALL (INCHES)
TOTALS            0.0               0.0     0.0      0.0
SINCE 7/1         0.0               0.0     0.0      0.0
DAYS >= TRACE       0                                  0

DEGREE_DAYS
HEATING TOTAL       0                 0       0        0
 SINCE 7/1          0                 0       0        0
COOLING TOTAL     568               518      50      565
 SINCE 1/1       2590              2298     292     2797
.................................................................

WIND (MPH)
AVERAGE WIND SPEED              7.1
HIGHEST WIND SPEED/DIRECTION    29/200    DATE  08/31
HIGHEST GUST SPEED/DIRECTION    50/210    DATE  08/31

SKY COVER
POSSIBLE SUNSHINE (PERCENT)   MM
AVERAGE SKY COVER           0.20
NUMBER OF DAYS FAIR           25
NUMBER OF DAYS PC              6
NUMBER OF DAYS CLOUDY          0

AVERAGE RH (PERCENT)     77

WEATHER CONDITIONS. NUMBER OF DAYS WITH
THUNDERSTORM             18     MIXED PRECIP               0
HEAVY RAIN               10     RAIN                      10
LIGHT RAIN               18     LT FREEZING RAIN           0
HAIL                      0     LIGHT SNOW                 0
SLEET                     0     FOG                       16
FOG W/VIS <= 1/4 MILE     3     HAZE                      10

-  INDICATES NEGATIVE NUMBERS.
R  INDICATES RECORD WAS SET OR TIED.
MM INDICATES DATA IS MISSING.
T  INDICATES TRACE AMOUNT.

...................................

...THE VERO BEACH CLIMATE SUMMARY FOR THE SUMMER SEASON, FROM
6/1/2016 TO 8/31/2016...

CLIMATE NORMAL PERIOD 1981 TO 2010
CLIMATE RECORD PERIOD 1942 TO 2016

WEATHER         OBSERVED          NORMAL  DEPART  LAST YEAR`S
                 VALUE   DATE(S)  VALUE   FROM    VALUE  DATE(S)
                                          NORMAL
................................................................
TEMPERATURE (F)
SUMMER RECORDS
 HOTTEST         83.1   2010
 COOLEST         79.2   1974
DAILY RECORD
 HIGH             102   06/22/2009
 LOW               57   06/01/1984
SUMMER 2016
HIGHEST            96   08/07                         97
                        07/29
LOWEST             70   06/01                         68
AVG. MAXIMUM     90.7              89.4     1.3     91.7
AVG. MINIMUM     74.9              73.0     1.9     73.5
MEAN             82.8              81.2     1.6     82.7
DAYS MAX >= 90     66              36.8    29.2       76
DAYS MAX <= 32      0               0.0     0.0        0
DAYS MIN <= 32      0               0.0     0.0        0
DAYS MIN <= 0       0               0.0     0.0        0

PRECIPITATION (INCHES)
SUMMER RECORDS
 MAXIMUM        35.32   1968
 MINIMUM         8.24   1950

SUMMER 2016
TOTALS          17.64             19.33   -1.69    19.88
DAYS >= .01        33              41.5    -8.5       37
DAYS >= .10        20              27.4    -7.4       26
DAYS >= .50         9              12.5    -3.5       11
DAYS >= 1.00        7               6.3     0.7        7
GREATEST
 24 HR. TOTAL    6.10   MM                          3.30

SNOWFALL (INCHES)
TOTALS            0.0               0.0     0.0      0.0
SINCE 7/1         0.0                                0.0
DAYS >= TRACE       0                                  0

DEGREE_DAYS
HEATING TOTAL       0                 0       0        0
COOLING TOTAL    1661              1491     170     1645
.................................................................

WIND (MPH)
AVERAGE WIND SPEED              7.2
HIGHEST WIND SPEED/DIRECTION    44/280    DATE  06/17
HIGHEST GUST SPEED/DIRECTION    52/280    DATE  06/17

SKY COVER
POSSIBLE SUNSHINE (PERCENT)   MM
AVERAGE SKY COVER           0.20
NUMBER OF DAYS FAIR           78
NUMBER OF DAYS PC             14
NUMBER OF DAYS CLOUDY          0

AVERAGE RH (PERCENT)     75

WEATHER CONDITIONS. NUMBER OF DAYS WITH
THUNDERSTORM             49     MIXED PRECIP               0
HEAVY RAIN               17     RAIN                      19
LIGHT RAIN               38     HAIL                       0
SLEET                     0     FOG                       35
FOG W/VIS <= 1/4 MILE     3     HAZE                      22

-  INDICATES NEGATIVE NUMBERS.
R  INDICATES RECORD WAS SET OR TIED.
MM INDICATES DATA IS MISSING.
T  INDICATES TRACE AMOUNT.

$$
