000
CXUS55 KLKN 032001
CLMWMC


CLIMATE REPORT
NATIONAL WEATHER SERVICE ELKO NV
1246 PM PDT MON JUL 3 2017

...................................

...THE WINNEMUCCA AIRPORT NV CLIMATE SUMMARY FOR THE MONTH OF JUNE 2017...

CLIMATE NORMAL PERIOD 1981 TO 2010
CLIMATE RECORD PERIOD 1877 TO 2017

WEATHER         OBSERVED          NORMAL  DEPART  LAST YEAR`S
                 VALUE   DATE(S)  VALUE   FROM    VALUE  DATE(S)
                                          NORMAL
................................................................
TEMPERATURE (F)
RECORD
 HIGH             106   06/30/2013
                        06/24/1988
                        07/18/1998
 LOW               23   06/04/2001
                        06/06/1954
HIGHEST           103   06/20        98       5      100  06/29
                                                          06/28
                                                          06/27
LOWEST             37   06/11        32       5       25  06/16
AVG. MAXIMUM     86.0              82.9     3.1     88.7
AVG. MINIMUM     48.1              45.4     2.7     46.3
MEAN             67.0              64.2     2.8     67.5
DAYS MAX >= 90     13               8.6     4.4       16
DAYS MAX <= 32      0               0.0     0.0        0
DAYS MIN <= 32      0               0.9    -0.9        2
DAYS MIN <= 0       0               0.0     0.0        0

PRECIPITATION (INCHES)
RECORD
 MAXIMUM         2.86   1958
 MINIMUM         0.00   1994
                        1974
TOTALS           1.22              0.56    0.66     0.01
DAILY AVG.       0.04              0.02    0.02     0.00
DAYS >= .01         2               4.1    -2.1        1
DAYS >= .10         2               1.8     0.2        0
DAYS >= .50         1               0.1     0.9        0
DAYS >= 1.00        0               0.0     0.0        0
GREATEST
 24 HR. TOTAL    0.78   06/12 TO 06/12              0.01

SNOWFALL (INCHES)
RECORDS
 TOTAL            3.1   1908
TOTALS            0.0                 T     0.0      0.0
SINCE 7/1        18.5              20.9    -2.4     21.1
SNOWDEPTH AVG.      0                                  0
DAYS >= TRACE       0               0.0     0.0        0
DAYS >= 1.0         0               0.0     0.0        0
DAYS >= 5.0         0                                  0
GREATEST
 SNOW DEPTH         0   MM                             0
 24 HR TOTAL      0.0   06/30 TO 06/30               0.0

DEGREE_DAYS
HEATING TOTAL      73               105     -32       54
 SINCE 7/1       6004              6305    -301     5686
COOLING TOTAL     140                79      61      133
 SINCE 1/1        147                90      57      133
.................................................................

WIND (MPH)
AVERAGE WIND SPEED              8.6
HIGHEST WIND SPEED/DIRECTION    35/240    DATE  06/19
HIGHEST GUST SPEED/DIRECTION    45/240    DATE  06/19

AVERAGE RH (PERCENT)     43

WEATHER CONDITIONS. NUMBER OF DAYS WITH
THUNDERSTORM              0     MIXED PRECIP               0
HEAVY RAIN                0     RAIN                       2
LIGHT RAIN                7     FREEZING RAIN              0
LT FREEZING RAIN          0     HAIL                       0
HEAVY SNOW                0     SNOW                       0
LIGHT SNOW                0     SLEET                      0
FOG                       2     FOG W/VIS <= 1/4 MILE      0
HAZE                      1

-  INDICATES NEGATIVE NUMBERS.
R  INDICATES RECORD WAS SET OR TIED.
MM INDICATES DATA IS MISSING.
T  INDICATES TRACE AMOUNT.

&&

====================================================================

RECORD DAILY PRECIP 0.78 INCHES SET ON JUNE 12TH.
RECORD DAILY HIGH TEMP TIED ON JUNE 20TH.

$$

DS
