000
CXUS55 KLKN 050245
CLMWMC


CLIMATE REPORT
NATIONAL WEATHER SERVICE ELKO NV
703 PM PDT SUN SEP 4 2016

...................................

...THE WINNEMUCCA AIRPORT NV CLIMATE SUMMARY FOR THE MONTH OF AUGUST 2016...

CLIMATE NORMAL PERIOD 1981 TO 2010
CLIMATE RECORD PERIOD 1877 TO 2016

WEATHER         OBSERVED          NORMAL  DEPART  LAST YEAR`S
                 VALUE   DATE(S)  VALUE   FROM    VALUE  DATE(S)
                                          NORMAL
................................................................
TEMPERATURE (F)
RECORD
 HIGH             108   08/06/1983
 LOW               26   08/31/1887
HIGHEST           100   08/16       101      -1      101  08/01
                        08/14
LOWEST             38   08/24        36       2       37  08/31
AVG. MAXIMUM     93.0              91.3     1.7     91.5
AVG. MINIMUM     49.0              48.8     0.2     49.2
MEAN             71.0              70.0     1.0     70.3
DAYS MAX >= 90     24              19.8     4.2       26
DAYS MAX <= 32      0               0.0     0.0        0
DAYS MIN <= 32      0               0.1    -0.1        0
DAYS MIN <= 0       0               0.0     0.0        0

PRECIPITATION (INCHES)
RECORD
 MAXIMUM         1.74   1979
 MINIMUM         0.00   1995
                        1969
                        1937
TOTALS              T              0.18   -0.18     0.23
DAILY AVG.          T              0.01   -0.01     0.01
DAYS >= .01         0               2.0    -2.0        1
DAYS >= .10         0               0.4    -0.4        1
DAYS >= .50         0               0.0     0.0        0
DAYS >= 1.00        0               0.0     0.0        0
GREATEST
 24 HR. TOTAL       T   08/22 TO 08/22              0.23
                        08/15 TO 08/16
                        08/16 TO 08/16

SNOWFALL (INCHES)
RECORDS
 TOTAL              T   1990
TOTALS            0.0               0.0     0.0      0.0
SINCE 7/1         0.0               0.0     0.0      0.0
SNOWDEPTH AVG.      0                                  0
DAYS >= TRACE       0               0.0     0.0        0
DAYS >= 1.0         0               0.0     0.0        0
DAYS >= 5.0         0                                  0
GREATEST
 SNOW DEPTH         0   MM                             0
 24 HR TOTAL      0.0   08/31 TO 08/31               0.0

DEGREE_DAYS
HEATING TOTAL       3                20     -17        5
 SINCE 7/1         20                30     -10       10
COOLING TOTAL     201               177      24      178
 SINCE 1/1        565               510      55      587
.................................................................

WIND (MPH)
AVERAGE WIND SPEED              7.1
HIGHEST WIND SPEED/DIRECTION    32/360    DATE  08/16
HIGHEST GUST SPEED/DIRECTION    43/010    DATE  08/16

AVERAGE RH (PERCENT)     23

WEATHER CONDITIONS. NUMBER OF DAYS WITH
THUNDERSTORM              0     MIXED PRECIP               0
HEAVY RAIN                0     RAIN                       0
LIGHT RAIN                0     FREEZING RAIN              0
LT FREEZING RAIN          0     HAIL                       0
HEAVY SNOW                0     SNOW                       0
LIGHT SNOW                0     SLEET                      0
FOG                       0     FOG W/VIS <= 1/4 MILE      0
HAZE                      3

-  INDICATES NEGATIVE NUMBERS.
R  INDICATES RECORD WAS SET OR TIED.
MM INDICATES DATA IS MISSING.
T  INDICATES TRACE AMOUNT.


THE AVERAGE TEMPERATURE IN WINNEMUCCA DURING AUGUST 2016
WAS 71.0 DEGREES...WHICH IS 1.0 DEGREES ABOVE THE 1981-2010
CLIMATOLOGICAL NORMAL OF 70.0 DEGREES. THIS MAKES AUGUST THE
35TH WARMEST ON RECORD. THE TOTAL PRECIPITATION WAS A TRACE
WHICH IS 0.18 INCHES BELOW NORMAL...WHICH TIES FOR THE 7TH
DRIEST AUGUST ON RECORD.

$$
