332
CXUS51 KCLE 060358
CLMYNG


CLIMATE REPORT
NATIONAL WEATHER SERVICE CLEVELAND OH
1155 PM EDT THU MAY 5 2016

...................................

...THE YOUNGSTOWN OH CLIMATE SUMMARY FOR THE MONTH OF APRIL 2016...

CLIMATE NORMAL PERIOD 1981 TO 2010
CLIMATE RECORD PERIOD 1897 TO 2016

WEATHER         OBSERVED          NORMAL  DEPART  LAST YEAR`S
                 VALUE   DATE(S)  VALUE   FROM    VALUE
                                          NORMAL
.............................................................
TEMPERATURE (F)
RECORD
 HIGH              88   04/27/1990
                        04/10/1945
 LOW               11   04/14/1950
HIGHEST            80   04/18
                        04/17
LOWEST             15   04/10
AVG. MAXIMUM     58.9              59.0    -0.1     60.4
AVG. MINIMUM     34.2              38.0    -3.8     39.5
MEAN             46.6              48.5    -1.9     50.0
DAYS MAX >= 90      0               0.0     0.0        0
DAYS MAX <= 32      0               0.3    -0.3        0
DAYS MIN <= 32     13               8.6     4.4        6
DAYS MIN <= 0       0               0.0     0.0        0

PRECIPITATION (INCHES)
RECORD
 MAXIMUM         7.29   1998
 MINIMUM         1.01
TOTALS           3.81              3.36    0.45     2.88
DAYS >= .01        16              14.5     1.5       17
DAYS >= .10        11               7.8     3.2       10
DAYS >= .50         1               2.0    -1.0        0
DAYS >= 1.00        0               0.6    -0.6        0
GREATEST
 24 HR. TOTAL    0.91   04/10 TO 04/11              0.65

SNOWFALL (INCHES)
RECORDS
 TOTAL           14.8   5
                        0
TOTALS            8.8               3.0     5.8      0.9
SINCE 7/1        44.7              62.7   -18.0     79.0
DAYS >= 1.0         3               0.6     2.4        0
GREATEST
 24 HR TOTAL      3.8   MM

DEGREE_DAYS
HEATING TOTAL     545               503      42      443
 SINCE 7/1       5007              6027   -1020     6549
COOLING TOTAL       0                 8      -8        0
 SINCE 1/1          0                 9      -9        0
..............................................................

WIND (MPH)
AVERAGE WIND SPEED              9.1
HIGHEST WIND SPEED/DIRECTION    35/240    DATE  04/02
HIGHEST GUST SPEED/DIRECTION    44/230    DATE  04/02

SKY COVER
AVERAGE SKY COVER           0.70

AVERAGE RH (PERCENT)     61

WEATHER CONDITIONS. NUMBER OF DAYS WITH
THUNDERSTORM              0     MIXED PRECIP               0
HEAVY RAIN                2     RAIN                       6
LIGHT RAIN               15     FREEZING RAIN              0
LT FREEZING RAIN          0     HAIL                       0
HEAVY SNOW                0     SNOW                       3
LIGHT SNOW                8     SLEET                      0
FOG                      14     FOG W/VIS <= 1/4 MILE      0
HAZE                      1

-  INDICATES NEGATIVE NUMBERS.
R  INDICATES RECORD WAS SET OR TIED.
MM INDICATES DATA IS MISSING.
T  INDICATES TRACE AMOUNT.

$$
