000
CXUS55 KPUB 011856 RRA
CLSALS

CLIMATE REPORT
NATIONAL WEATHER SERVICE PUEBLO
1256 PM MDT TUE SEP 1 2015

...................................

...THE ALAMOSA CO CLIMATE SUMMARY FOR THE SEASON, FROM
6/1/2015 TO 8/31/2015...

CLIMATE NORMAL PERIOD 1981 TO 2010
CLIMATE RECORD PERIOD 1932 TO 2015

WEATHER         OBSERVED          NORMAL  DEPART  LAST YEAR`S
                 VALUE   DATE(S)  VALUE   FROM    VALUE  DATE(S)
                                          NORMAL
................................................................
TEMPERATURE (F)
RECORD
 HIGH              96   07/05/1989
 LOW               23   06/03/1936
HIGHEST            92   06/22                         90  07/22
                        06/21                             06/29
LOWEST             34   06/03                         29  06/15
                                                          06/10
AVG. MAXIMUM     81.4              80.1     1.3     81.1
AVG. MINIMUM     46.0              44.5     1.5     44.3
MEAN             63.7              62.3     1.4     62.7
DAYS MAX >= 90      2               1.6     0.4
DAYS MAX <= 32      0               0.0     0.0
DAYS MIN <= 32      0               1.8    -1.8
DAYS MIN <= 0       0               0.0     0.0

PRECIPITATION (INCHES)
RECORD
 MAXIMUM         6.04   2001
 MINIMUM         0.75   1980
TOTALS           3.03              2.70    0.33     2.07
DAILY AVG.       0.03              0.03    0.00
DAYS >= .01        30              23.2     6.8
DAYS >= .10         9               8.1     0.9
DAYS >= .50         1               0.9     0.1
DAYS >= 1.00        0               0.1    -0.1
GREATEST
 24 HR. TOTAL    0.62   06/13 TO 06/14

SNOWFALL (INCHES)
RECORDS
 TOTAL            1.2   1950
TOTALS            0.0               0.0     0.0      0.0
SINCE 7/1         0.0               0.0     0.0      0.0
SNOWDEPTH AVG.      0
DAYS >= 1.0         0               0.0     0.0
GREATEST
 SNOW DEPTH         0   MM                             0
 24 HR TOTAL      0.0   MM                           0.0

DEGREE_DAYS
HEATING TOTAL     168               297    -129      247
 SINCE 7/1         92               129     -37      121
COOLING TOTAL      74                51      23       60
 SINCE 1/1         74                51      23       60
.................................................................

WIND (MPH)
AVERAGE WIND SPEED              6.6
HIGHEST WIND SPEED/DIRECTION    47/250    DATE  06/06
HIGHEST GUST SPEED/DIRECTION    62/240    DATE  06/06

SKY COVER
POSSIBLE SUNSHINE (PERCENT)   MM
AVERAGE SKY COVER           0.20
NUMBER OF DAYS FAIR           72
NUMBER OF DAYS PC             19
NUMBER OF DAYS CLOUDY          1

AVERAGE RH (PERCENT)     55

WEATHER CONDITIONS. NUMBER OF DAYS WITH
THUNDERSTORM             28     MIXED PRECIP               0
HEAVY RAIN                7     RAIN                      11
LIGHT RAIN               48     FREEZING RAIN              0
LT FREEZING RAIN          0     HAIL                       0
HEAVY SNOW                0     SNOW                       0
LIGHT SNOW                0     SLEET                      0
FOG                      18     FOG W/VIS <= 1/4 MILE      6
HAZE                      4

-  INDICATES NEGATIVE NUMBERS.
R  INDICATES RECORD WAS SET OR TIED.
MM INDICATES DATA IS MISSING.
T  INDICATES TRACE AMOUNT.

$$
