306
CXUS55 KPUB 011948 RRA
CLSALS

CLIMATE REPORT
NATIONAL WEATHER SERVICE PUEBLO
148 PM MDT THU JUN 1 2017

...................................

...THE ALAMOSA CO CLIMATE SUMMARY FOR THE SEASON, FROM
3/1/2017 TO 5/31/2017...

CLIMATE NORMAL PERIOD 1981 TO 2010
CLIMATE RECORD PERIOD 1932 TO 2017

WEATHER         OBSERVED          NORMAL  DEPART  LAST YEAR`S
                 VALUE   DATE(S)  VALUE   FROM    VALUE  DATE(S)
                                          NORMAL
................................................................
TEMPERATURE (F)
RECORD
 HIGH              90   05/31/2002
 LOW              -20   03/04/1964

HIGHEST            76   05/24                         77  05/14
                        05/05                             05/06
LOWEST              8   03/07                         -3  03/27

AVG. MAXIMUM     62.8              59.5     3.3     60.0
AVG. MINIMUM     27.0              24.9     2.1     25.0

MEAN             44.9              42.2     2.7     42.5

DAYS MAX >= 90      0               0.0     0.0
DAYS MAX <= 32      0               0.7    -0.7
DAYS MIN <= 32     69              68.5     0.5
DAYS MIN <= 0       0               0.9    -0.9

PRECIPITATION (INCHES)
RECORD
 MAXIMUM         3.74   1942
 MINIMUM         0.19   1972

TOTALS           2.60              1.70    0.90     3.39

DAILY AVG.       0.03              0.02    0.01

DAYS >= .01        20              16.2     3.8
DAYS >= .10         7               5.4     1.6
DAYS >= .50         1               0.6     0.4
DAYS >= 1.00        0               0.0     0.0

GREATEST
 24 HR. TOTAL    0.70   05/10 TO 05/10

SNOWFALL (INCHES)
RECORDS
 MAXIMUM         48.3   1973
 MINIMUM           T    1934

TOTALS            6.7               9.5    -2.8     24.2

SINCE 7/1        42.2              27.6    14.6     43.0

SNOWDEPTH AVG.      0
DAYS >= 1.0         2               3.2    -1.2

GREATEST
 SNOW DEPTH         3   04/04                          7
 24 HR TOTAL      2.9   04/03 TO 04/04               7.0

DEGREE_DAYS
HEATING TOTAL    1820              2097    -277     2046
 SINCE 7/1       7609              8426    -817     7812

COOLING TOTAL       0                 0       0        0
 SINCE 1/1          0                 0       0        0
.................................................................

WIND (MPH)
AVERAGE WIND SPEED              9.2
HIGHEST WIND SPEED/DIRECTION    41/230    DATE  03/06
HIGHEST GUST SPEED/DIRECTION    53/240    DATE  04/20

SKY COVER
POSSIBLE SUNSHINE (PERCENT)   MM
AVERAGE SKY COVER           0.20
NUMBER OF DAYS FAIR           69
NUMBER OF DAYS PC             21
NUMBER OF DAYS CLOUDY          2

AVERAGE RH (PERCENT)     51

WEATHER CONDITIONS. NUMBER OF DAYS WITH
THUNDERSTORM              0     MIXED PRECIP               0
HEAVY RAIN                0     RAIN                       5
LIGHT RAIN               23     FREEZING RAIN              0
LT FREEZING RAIN          0     HAIL                       0
HEAVY SNOW                1     SNOW                       3
LIGHT SNOW               15     SLEET                      0
FOG                      15     FOG W/VIS <= 1/4 MILE      4
HAZE                      7

-  INDICATES NEGATIVE NUMBERS.
R  INDICATES RECORD WAS SET OR TIED.
MM INDICATES DATA IS MISSING.
T  INDICATES TRACE AMOUNT.

$$
