000
CXUS51 KCTP 011003
CLSAOO

CLIMATE REPORT
NATIONAL WEATHER SERVICE STATE COLLEGE PA
502 AM EST THU DEC 1 2016

...................................

...THE ALTOONA CLIMATE SUMMARY FOR THE AUTUMN SEASON
FROM 9/1/2016 TO 11/30/2016...

CLIMATE NORMAL PERIOD 1981 TO 2010
CLIMATE RECORD PERIOD 1948 TO 2016

WEATHER         OBSERVED          NORMAL  DEPART  LAST YEAR`S
                 VALUE   DATE(S)  VALUE   FROM    VALUE  DATE(S)
                                          NORMAL
................................................................
TEMPERATURE (F)
RECORD
 HIGH              97   09/03/1953
 LOW                7   11/26/1950
                        11/25/1950
HIGHEST            91   09/10        MM      MM       93  09/08
LOWEST             23   11/23        MM      MM       23  11/23
AVG. MAXIMUM     66.0              61.0     5.0     65.7
AVG. MINIMUM     44.7              41.8     2.9     44.9
MEAN             55.3              51.5     3.8     55.3
DAYS MAX >= 90      1                MM      MM        4
DAYS MAX <= 32      1                MM      MM        0
DAYS MIN <= 32     13                MM      MM       12
DAYS MIN <= 0       0                MM      MM        0

PRECIPITATION (INCHES)
RECORD
 MAXIMUM        19.14   2004
 MINIMUM         4.10   1961
TOTALS           6.48              9.29   -2.81     6.92
DAILY AVG.       0.07              0.10   -0.03     0.08
DAYS >= .01        25                MM      MM       34
DAYS >= .10        13                MM      MM       15
DAYS >= .50         4                MM      MM        5
DAYS >= 1.00        1                MM      MM        1
GREATEST
 24 HR. TOTAL    1.58   MM

 STORM TOTAL       MM
 (MM/DD(HH))            MM

DEGREE_DAYS
HEATING TOTAL     987              1287    -300      979
 SINCE 7/1        991              1310    -319      993
COOLING TOTAL     129                52      77      111
 SINCE 1/1        873               522     351      696

FREEZE DATES
RECORD
 EARLIEST     09/21/1956
 LATEST       06/01/1966
EARLIEST                        MM
LATEST                          MM
.................................................

WIND (MPH)
AVERAGE WIND SPEED              6.6
RESULTANT WIND SPEED/DIRECTION   2/283
HIGHEST WIND SPEED/DIRECTION    38/290    DATE  11/21
HIGHEST GUST SPEED/DIRECTION    57/300    DATE  11/20

SKY COVER
POSSIBLE SUNSHINE (PERCENT)   MM
AVERAGE SKY COVER           0.40
NUMBER OF DAYS FAIR           41
NUMBER OF DAYS PC             28
NUMBER OF DAYS CLOUDY         22

AVERAGE RH (PERCENT)     71

WEATHER CONDITIONS. NUMBER OF DAYS WITH
THUNDERSTORM              3     MIXED PRECIP               0
HEAVY RAIN               10     RAIN                      14
LIGHT RAIN               36     FREEZING RAIN              0
LT FREEZING RAIN          0     HAIL                       0
HEAVY SNOW                0     SNOW                       0
LIGHT SNOW                3     SLEET                      0
FOG                      47     FOG W/VIS <= 1/4 MILE      8
HAZE                     14

-  INDICATES NEGATIVE NUMBERS.
R  INDICATES RECORD WAS SET OR TIED.
MM INDICATES DATA IS MISSING.
T  INDICATES TRACE AMOUNT.

$$

LA CORTE
