000
CXUS51 KBGM 020124 CCA
CLSAVP

CLIMATE REPORT...CORRECTED
NATIONAL WEATHER SERVICE BINGHAMTON NY
821 PM EST FRI DEC 1 2017

...................................

...THE AVOCA PA CLIMATE SUMMARY FOR THE SEASON, FROM
9/1/2017 TO 11/30/2017...

CLIMATE NORMAL PERIOD 1981 TO 2010
CLIMATE RECORD PERIOD 1901 TO 2017

WEATHER         OBSERVED          NORMAL  DEPART  LAST YEAR`S
                 VALUE   DATE(S)  VALUE   FROM    VALUE  DATE(S)
                                          NORMAL
................................................................
TEMPERATURE (F)
RECORD
 HIGH              95   09/08/2015
                        09/11/2013
                        09/10/1983
 LOW                9   11/24/2000
                        11/30/1995
                        11/30/1976
HIGHEST            92   09/25        61      31       92  09/08
LOWEST             16   11/11        43     -27       28  11/28
                                                          11/07
AVG. MAXIMUM     65.6              60.8     4.8     65.1
AVG. MINIMUM     45.1              42.2     2.9     45.1
MEAN             55.3              51.5     3.8     55.1
DAYS MAX >= 90      4               0.5     3.5        2
DAYS MAX <= 32      0               1.0    -1.0        0
DAYS MIN <= 32     21              18.4     2.6       16
DAYS MIN <= 0       0               0.0     0.0        0

PRECIPITATION (INCHES)
RECORD
 MAXIMUM        18.19   2011
 MINIMUM         3.81   1964
TOTALS           5.71             10.55   -4.84     7.68
DAILY AVG.       0.06              0.12   -0.06     0.08
DAYS >= .01        27              32.1    -5.1       33
DAYS >= .10        16              17.5    -1.5       22
DAYS >= .50         3               6.3    -3.3        6
DAYS >= 1.00        1               2.9    -1.9        0
GREATEST
 24 HR. TOTAL    1.33   10/29 TO 10/30

SNOWFALL (INCHES)
RECORDS
 TOTAL           22.5   1971
 24 HR TOTAL     18.5   11/25/1971 TO 11/25/1971
TOTALS            0.1               3.0    -2.9      5.7
SINCE 7/1         0.1               3.0    -2.9      5.7
DAYS >= TRACE       4               2.2     1.8        4
DAYS >= 1.0         0               0.9    -0.9        2
GREATEST
 24 HR TOTAL      0.1   11/20 TO 11/20

DEGREE_DAYS
HEATING TOTAL    1023              1287    -264     1017
 SINCE 7/1       1040              1313    -273     1018
COOLING TOTAL     165                56     109      132
 SINCE 1/1        804               580     224      999

FREEZE DATES
RECORD
 EARLIEST     09/21/1956
 LATEST       05/25/1956
EARLIEST                        10/15
LATEST                          04/26
.................................................

WIND (MPH)
AVERAGE WIND SPEED              5.6
RESULTANT WIND SPEED/DIRECTION   1/266
HIGHEST WIND SPEED/DIRECTION    31/330    DATE  11/10
HIGHEST GUST SPEED/DIRECTION    46/280    DATE  11/16

SKY COVER
POSSIBLE SUNSHINE (PERCENT)   MM
AVERAGE SKY COVER           0.40
NUMBER OF DAYS FAIR           40
NUMBER OF DAYS PC             33
NUMBER OF DAYS CLOUDY         18

AVERAGE RH (PERCENT)     70

WEATHER CONDITIONS. NUMBER OF DAYS WITH
THUNDERSTORM              1     MIXED PRECIP               0
HEAVY RAIN                6     RAIN                      12
LIGHT RAIN               37     FREEZING RAIN              0
LT FREEZING RAIN          0     HAIL                       0
HEAVY SNOW                0     SNOW                       0
LIGHT SNOW                4     SLEET                      0
FOG                      40     FOG W/VIS <= 1/4 MILE      0
HAZE                      6

-  INDICATES NEGATIVE NUMBERS.
R  INDICATES RECORD WAS SET OR TIED.
MM INDICATES DATA IS MISSING.
T  INDICATES TRACE AMOUNT.

&&
CORRECTED MANY THINGS
5TH WARMEST SEPTEMBER TO NOVEMBER
13TH DRIEST SEPTEMBER TO NOVEMBER
$$

TAC
