000
CXUS53 KGRR 021329
CLSBIV

CLIMATE REPORT
NATIONAL WEATHER SERVICE GRAND RAPIDS, MI
625 PM EST TUE DEC 1 2015

...................................

...THE HOLLAND/TULIP CITY MI CLIMATE SUMMARY FOR THE SEASON, FROM
9/1/2015 TO 11/30/2015...

CLIMATE NORMAL PERIOD 1981 TO 2010
CLIMATE RECORD PERIOD 1996 TO 2015

WEATHER         OBSERVED          NORMAL  DEPART  LAST YEAR`S
                 VALUE   DATE(S)  VALUE   FROM    VALUE  DATE(S)
                                          NORMAL
................................................................
TEMPERATURE (F)
HIGHEST            90   09/06        MM      MM       84  09/04
LOWEST             21   11/29        MM      MM       18  11/21
                                                          11/18
                                                          11/19
AVG. MAXIMUM     64.4              61.3     3.1     58.7
AVG. MINIMUM     45.7              43.8     1.9     42.0
MEAN             55.1              52.5     2.6     50.4
DAYS MAX >= 90      1               0.3     0.7        0
DAYS MAX <= 32      1               1.1    -0.1       10
DAYS MIN <= 32     12              13.0    -1.0       22
DAYS MIN <= 0       0               0.0     0.0        0

PRECIPITATION (INCHES)
TOTALS           6.75             10.95   -4.20    11.14
DAILY AVG.       0.07              0.12   -0.05     0.12
DAYS >= .01        27                MM      MM       44
DAYS >= .10        16                MM      MM       25
DAYS >= .50         6                MM      MM        9
DAYS >= 1.00        0                MM      MM        0
GREATEST
 24 HR. TOTAL    0.89   MM                       11/23 TO 11/24
                                                          11/24 TO 11/24
                                                          11/24 TO 11/24

DEGREE_DAYS
HEATING TOTAL    1008              1207    -199     1355
 SINCE 7/1       1030              1223    -193     1391
COOLING TOTAL     125                74      51       53
 SINCE 1/1        601               693     -92      570

FREEZE DATES
EARLIEST                        MM
LATEST                          MM
.....................................................

WIND (MPH)
AVERAGE WIND SPEED              8.7
RESULTANT WIND SPEED/DIRECTION   3/209
HIGHEST WIND SPEED/DIRECTION    39/220    DATE  11/12
HIGHEST GUST SPEED/DIRECTION    52/240    DATE  11/12

SKY COVER
POSSIBLE SUNSHINE (PERCENT)   MM
AVERAGE SKY COVER           0.40
NUMBER OF DAYS FAIR           45
NUMBER OF DAYS PC             24
NUMBER OF DAYS CLOUDY         21

AVERAGE RH (PERCENT)     71

WEATHER CONDITIONS. NUMBER OF DAYS WITH
THUNDERSTORM              8     MIXED PRECIP               0
HEAVY RAIN                8     RAIN                      18
LIGHT RAIN               35     FREEZING RAIN              0
LT FREEZING RAIN          0     HAIL                       0
HEAVY SNOW                0     SNOW                       1
LIGHT SNOW                2     SLEET                      0
FOG                      47     FOG W/VIS <= 1/4 MILE      9
HAZE                     11

-  INDICATES NEGATIVE NUMBERS.
R  INDICATES RECORD WAS SET OR TIED.
MM INDICATES DATA IS MISSING.
T  INDICATES TRACE AMOUNT.

$$

JAM 63
