000
CXUS53 KDVN 011216 CCA
CLSBRL

CLIMATE REPORT
NATIONAL WEATHER SERVICE QUAD CITIES IA IL
544 AM CST SUN MAR 1 2015

...................................

...THE BURLINGTON IA CLIMATE SUMMARY FOR THE SEASON, FROM
12/1/2014 TO 2/28/2015...

CLIMATE NORMAL PERIOD 1981 TO 2010
CLIMATE RECORD PERIOD 1897 TO 2015

WEATHER         OBSERVED          NORMAL  DEPART
                 VALUE   DATE(S)  VALUE   FROM
                                          NORMAL
................................................
TEMPERATURE (F)
RECORD
 HIGH              76   02/24/1930
 LOW              -27   02/13/1905
HIGHEST            54   12/26        44      10
                        12/14
LOWEST            -15   02/27        17     -32
AVG. MAXIMUM     32.8              36.8    -4.0
AVG. MINIMUM     17.0              19.8    -2.8
MEAN             24.9              28.3    -3.4
DAYS MAX >= 90      0
DAYS MAX <= 32     33
DAYS MIN <= 32     81
DAYS MIN <= 0      13

PRECIPITATION (INCHES)
TOTALS           3.08              4.95   -1.87
DAILY AVG.       0.03              0.05   -0.02
DAYS >= .01        18
DAYS >= .10        12
DAYS >= .50         0
DAYS >= 1.00        0
GREATEST
 24 HR. TOTAL    0.85   01/31 TO 02/01

DEGREE_DAYS
HEATING TOTAL    3554              3305     249
 SINCE 7/1       4931              4378     553
COOLING TOTAL       0                 0       0
 SINCE 1/1          0                 0       0
.................................................

WIND (MPH)
AVERAGE WIND SPEED              8.8
HIGHEST WIND SPEED/DIRECTION    31/360    DATE  02/14
HIGHEST GUST SPEED/DIRECTION    42/360    DATE  02/14

SKY COVER
POSSIBLE SUNSHINE (PERCENT)   MM
AVERAGE SKY COVER           0.50
NUMBER OF DAYS FAIR           30
NUMBER OF DAYS PC             30
NUMBER OF DAYS CLOUDY         30

AVERAGE RH (PERCENT)     77

WEATHER CONDITIONS. NUMBER OF DAYS WITH
THUNDERSTORM              0     HAIL                       0
SLEET                     1     FOG                       50
FOG W/VIS <= 1/4 MILE     8     HAZE                      24

-  INDICATES NEGATIVE NUMBERS.
R  INDICATES RECORD WAS SET OR TIED.
MM INDICATES DATA IS MISSING.
T  INDICATES TRACE AMOUNT.

$$

===================================================================

NOTE: SUPPLEMENTAL CLIMATE DATA WAS USED FROM A NEARBY
CLIMATOLOGICALLY REPRESENTATIVE STATION.

===================================================================

PARAMETER   DATE
---------   ----
   WTR      02/25,02/26

OLSEN
