000
CXUS53 KDVN 011733
CLSDBQ


CLIMATE REPORT
NATIONAL WEATHER SERVICE QUAD CITIES IA IL
1133 AM CST THU DEC 1 2016

...................................

...THE DUBUQUE CLIMATE SUMMARY FOR THE SEASON, FROM
9/1/2016 TO 11/30/2016...

CLIMATE NORMAL PERIOD 1981 TO 2010
CLIMATE RECORD PERIOD 1873 TO 2016

WEATHER         OBSERVED          NORMAL  DEPART
                 VALUE   DATE(S)  VALUE   FROM
                                          NORMAL
................................................
TEMPERATURE (F)
RECORD
 HIGH              99   09/07/1939
                        09/06/1922
 LOW              -17   11/26/1977
HIGHEST            89   09/06        77      12
LOWEST             19   11/21        21      -2
AVG. MAXIMUM     64.4              59.1     5.3
AVG. MINIMUM     45.6              40.0     5.6
MEAN             55.0              49.6     5.4
DAYS MAX >= 90      0               0.2    -0.2
DAYS MAX <= 32      0               4.1    -4.1
DAYS MIN <= 32     13              25.6   -12.6
DAYS MIN <= 0       0               0.0     0.0

PRECIPITATION (INCHES)
TOTALS          10.27              8.47    1.80
DAILY AVG.       0.11              0.09    0.02
DAYS >= .01        28              27.6     0.4
DAYS >= .10        19
DAYS >= .50        10
DAYS >= 1.00        1               1.8    -0.8
GREATEST
 24 HR. TOTAL    2.09   09/07 TO 09/08

SNOWFALL (INCHES)
TOTALS              T               2.8    -2.8
SINCE 7/1           T               2.8    -2.8
SNOWDEPTH AVG.      0
DAYS >= TRACE       2               2.9    -0.9
DAYS >= 1.0         0               0.9    -0.9
GREATEST
 SNOW DEPTH         0   MM
 24 HR TOTAL        T   11/30 TO 11/30
                        11/18 TO 11/18

DEGREE_DAYS
HEATING TOTAL     985              1473    -488
 SINCE 7/1        992              1500    -508
COOLING TOTAL     101                67      34
 SINCE 1/1        781               643     138
.................................................

WIND (MPH)
AVERAGE WIND SPEED              9.8
HIGHEST WIND SPEED/DIRECTION    38/250    DATE  11/18
HIGHEST GUST SPEED/DIRECTION    50/250    DATE  11/18

SKY COVER
POSSIBLE SUNSHINE (PERCENT)   MM
AVERAGE SKY COVER           0.30
NUMBER OF DAYS FAIR           53
NUMBER OF DAYS PC             24
NUMBER OF DAYS CLOUDY         14

AVERAGE RH (PERCENT)     76

WEATHER CONDITIONS. NUMBER OF DAYS WITH
THUNDERSTORM             17     HAIL                       0
SLEET                     0     FOG                       43
FOG W/VIS <= 1/4 MILE    13     HAZE                       5

-  INDICATES NEGATIVE NUMBERS.
R  INDICATES RECORD WAS SET OR TIED.
MM INDICATES DATA IS MISSING.
T  INDICATES TRACE AMOUNT.

$$


NOTE: SUPPLEMENTAL CLIMATE DATA WAS USED FROM A NEARBY
CLIMATOLOGICALLY REPRESENTATIVE STATION.
