000
CXUS53 KDVN 011458
CLSDVN
CLIMATE REPORT
NATIONAL WEATHER SERVICE QUAD CITIES IA IL
858 AM CST FRI MAR 01 2024
...................................
...THE DAVENPORT IA CLIMATE SUMMARY FOR THE SEASON, FROM
12/1/2023 TO 2/29/2024...
CLIMATE NORMAL PERIOD 1991 TO 2020
CLIMATE RECORD PERIOD 9999 TO 9999
WEATHER OBSERVED NORMAL DEPART LAST YEAR`S
VALUE DATE(S) VALUE FROM VALUE
NORMAL
..............................................................
TEMPERATURE (F)
HIGHEST 77 02/27 40 37
LOWEST -15 01/14 12 -27
AVG. MAXIMUM 41.0 33.1 7.9
AVG. MINIMUM 25.1 17.4 7.7
MEAN 33.1 25.3 7.8
DAYS MAX >= 90 0
DAYS MAX <= 32 15
DAYS MIN <= 32 63
DAYS MIN <= 0 7
PRECIPITATION (INCHES)
TOTALS 6.02 4.22 1.80
DAILY AVG. 0.06
DAYS >= .01 29
DAYS >= .10 15
DAYS >= .50 3
DAYS >= 1.00 1
GREATEST
24 HR. TOTAL 1.50 01/12 TO 01/12
SNOWFALL (INCHES)
RECORDS
24 HR TOTAL 9.1 12/29/2020 TO 12/29/2020
TOTALS 33.6
SINCE 7/1 36.9
SNOWDEPTH AVG. 2
DAYS >= TRACE 27
DAYS >= 1.0 6
GREATEST
SNOW DEPTH 16 01/13
24 HR TOTAL 14.8 01/12 TO 01/12
DEGREE DAYS
HEATING TOTAL 2895 3578 -683
SINCE 7/1 3979 4938 -959
COOLING TOTAL 0 0 0
SINCE 1/1 0 0 0
..............................................................
WIND (MPH)
AVERAGE WIND SPEED 10.4
HIGHEST WIND SPEED/DIRECTION 35/310 DATE 12/18
35/290 02/27
HIGHEST GUST SPEED/DIRECTION 50/310 DATE 12/18
SKY COVER
AVERAGE SKY COVER 0.50
NUMBER OF DAYS FAIR 40
NUMBER OF DAYS PC 15
NUMBER OF DAYS CLOUDY 36
AVERAGE RH (PERCENT) 73
WEATHER CONDITIONS. NUMBER OF DAYS WITH
THUNDERSTORM 1 HAIL 1
SLEET 1 FOG 47
FOG W/VIS <= 1/4 MILE 12 HAZE 18
- INDICATES NEGATIVE NUMBERS.
R INDICATES RECORD WAS SET OR TIED.
MM INDICATES DATA IS MISSING.
T INDICATES TRACE AMOUNT.
$$
===================================================================
NOTE: SUPPLEMENTAL CLIMATE DATA WAS USED FROM A NEARBY
CLIMATOLOGICALLY REPRESENTATIVE STATION.
===================================================================
PARAMETER DATE
--------- ----
SNW ALL OBSERVED SNW ABOVE
WTR 12/2, 12/3, 12/28, 1/6, 1/8, 1/9, 1/11, 1/12, 1/13, 1/18, 1/22