000
CXUS51 KCLE 070336
CLSERI


CLIMATE REPORT
NATIONAL WEATHER SERVICE CLEVELAND OH
1132 PM EDT MON JUL 6 2015

...................................

...THE ERIE PA CLIMATE SUMMARY FOR THE SEASON, FROM
3/1/2015 TO 5/31/2015...

CLIMATE NORMAL PERIOD 1981 TO 2010
CLIMATE RECORD PERIOD 1873 TO 2015

WEATHER         OBSERVED          NORMAL  DEPART
                 VALUE   DATE(S)  VALUE   FROM
                                          NORMAL
................................................
TEMPERATURE (F)
RECORD
 HIGH              91   05/30/1879
 LOW               -9   03/02/1980
HIGHEST            87   05/09
LOWEST              0   03/06
AVG. MAXIMUM     56.4              55.5     0.9
AVG. MINIMUM     37.8              37.9    -0.1
MEAN             47.1              46.7     0.4
DAYS MAX >= 90      0               0.1
DAYS MAX <= 32      7               5.7
DAYS MIN <= 32     35              30.4
DAYS MIN <= 0       1               0.0

PRECIPITATION (INCHES)
RECORD
 MAXIMUM        19.76   2011
 MINIMUM         4.46   1962
TOTALS           8.43              9.72   -1.29
DAYS >= .01        45              41.0
DAYS >= .10        23              24.3
DAYS >= .50         2               6.0
DAYS >= 1.00        1               1.1

SNOWFALL (INCHES)
RECORDS
 TOTAL           34.9   2005
TOTALS           10.9              16.9
DAYS >= TRACE      11
DAYS >= 1.0         2               4.8

DEGREE_DAYS
HEATING TOTAL    1738              1721      17
COOLING TOTAL     112                39      73
.................................................

WIND (MPH)
HIGHEST GUST SPEED/DIRECTION    52/260    DATE  05/11

SKY COVER
POSSIBLE SUNSHINE (PERCENT)   MM
NUMBER OF DAYS FAIR           39
NUMBER OF DAYS PC             27
NUMBER OF DAYS CLOUDY         26


WEATHER CONDITIONS. NUMBER OF DAYS WITH
THUNDERSTORM              0     MIXED PRECIP               0
HEAVY RAIN                3     RAIN                      15
LIGHT RAIN               40     FREEZING RAIN              0
LT FREEZING RAIN          1     HAIL                       0
HEAVY SNOW                1     SNOW                       3
LIGHT SNOW               10     SLEET                      0
FOG                      42     FOG W/VIS <= 1/4 MILE      9
HAZE                     32

-  INDICATES NEGATIVE NUMBERS.
R  INDICATES RECORD WAS SET OR TIED.
MM INDICATES DATA IS MISSING.
T  INDICATES TRACE AMOUNT.

$$
