000
CXUS53 KDDC 020134
CLSGCK


CLIMATE REPORT
NATIONAL WEATHER SERVICE DODGE CITY KS
714 PM CST SUN MAR 1 2015

...................................

...THE GARDEN CITY REGIONAL ARPT KS CLIMATE SUMMARY FOR THE SEASON, FROM
12/1/2014 TO 2/28/2015...

CLIMATE NORMAL PERIOD 1981 TO 2010
CLIMATE RECORD PERIOD 1948 TO 2015

WEATHER         OBSERVED          NORMAL  DEPART  LAST YEAR`S
                 VALUE   DATE(S)  VALUE   FROM    VALUE  DATE(S)
                                          NORMAL
................................................................
TEMPERATURE (F)
RECORD
 HIGH              88   02/22/1982
 LOW              -19   01/14/1979
HIGHEST            79   02/07        MM      MM       73  02/18
                        01/27
LOWEST             -6   12/31        MM      MM      -13  01/06
AVG. MAXIMUM     45.6              45.5     0.1     43.2
AVG. MINIMUM     20.2              19.2     1.0     16.7
MEAN             32.9              32.4     0.5     29.9
DAYS MAX >= 90      0               0.0     0.0        0
DAYS MAX <= 32     19              16.1     2.9       29
DAYS MIN <= 32     82              85.0    -3.0       89
DAYS MIN <= 0       2               3.8    -1.8        3

PRECIPITATION (INCHES)
RECORD
 MAXIMUM         4.83   2007
 MINIMUM         0.12   2009
TOTALS           0.82              1.40   -0.58     0.17
DAILY AVG.       0.01              0.02   -0.01     0.00
DAYS >= .01        12              10.3     1.7        8
DAYS >= .10         3               4.1    -1.1        0
DAYS >= .50         0               0.5    -0.5        0
DAYS >= 1.00        0               0.0     0.0        0
GREATEST
 24 HR. TOTAL    0.23   01/30 TO 01/31           02/09 TO 02/10

DEGREE_DAYS
HEATING TOTAL    2869              2935     -66     3132
 SINCE 7/1       3908              4024    -116     4176
COOLING TOTAL       0                 0       0        0
 SINCE 1/1          0                 0       0        0
.................................................

WIND (MPH)
AVERAGE WIND SPEED              11.6
RESULTANT WIND SPEED/DIRECTION   2/334
HIGHEST WIND SPEED/DIRECTION    40/030    DATE  02/04
HIGHEST GUST SPEED/DIRECTION    49/040    DATE  02/04

AVERAGE RH (PERCENT)     68

WEATHER CONDITIONS. NUMBER OF DAYS WITH
THUNDERSTORM              1     MIXED PRECIP               0
HEAVY RAIN                1     RAIN                       2
LIGHT RAIN               10     FREEZING RAIN              1
LT FREEZING RAIN          2     HAIL                       0
HEAVY SNOW                0     SNOW                       8
LIGHT SNOW               21     SLEET                      0
FOG                      39     FOG W/VIS <= 1/4 MILE      8
HAZE                     15

-  INDICATES NEGATIVE NUMBERS.
R  INDICATES RECORD WAS SET OR TIED.
MM INDICATES DATA IS MISSING.
T  INDICATES TRACE AMOUNT.

$$
